NOAA-Style Climate Reports


Report for 2007 September
                  MONTHLY CLIMATOLOGICAL SUMMARY FOR 9/2007
                                        HEAT  COOL        
     MEAN                               DEG   DEG       WIND SPEED       DOM MEAN  MEAN
DAY  TEMP  HIGH   TIME     LOW   TIME   DAYS  DAYS RAIN AVG  HI  TIME    DIR BAROM HUM
---------------------------------------------------------------------------------------
1    78.5  91.4   4:41pm  70.9   5:24am    0   13  0.00   1  14   1:05pm ESE1014.1   76
2    77.7  88.6   5:23pm  71.5   7:41am    0   13  0.00   1  13  11:08am  NE1018.2   70
3    80.0  94.7   2:55pm  65.6   7:00am    0   15  0.00   0   7   2:11pm NNE1017.5   62
4    83.1  98.0   3:15pm  70.3   7:38am    0   18  0.00   0  11   3:52pm   N1013.5   57
5    80.5  96.8   2:39pm  65.6   7:27am    0   15  0.00   0  11   5:44pm SSW1014.6   60
6    80.2  90.7   1:22pm  69.9   7:28am    0   15  0.00   1  13  12:47pm ESE1018.9   67
7    81.4  93.6   4:33pm  72.0   7:36am    0   16  0.00   1  12   1:47pm ESE1018.7   65
8    80.6  96.6   3:09pm  67.4   7:21am    0   16  0.00   0  12   4:24pm   N1015.5   62
9    80.6  95.1   4:37pm  67.1   7:13am    0   16  0.00   1  12   2:09pm SSW1013.5   59
10   82.1  95.9   3:50pm  68.6   7:52am    0   17  0.00   2  17   4:20pm SSW1013.3   56
11   78.5  93.6   2:29pm  68.6   7:51am    0   14  0.05   1  29   4:32pm SSW1011.2   68
12   78.2  88.2   6:10pm  71.8   7:47am    0   12  0.10   0  10   1:30pm SSW1012.7   81
13   76.0  88.8   1:39pm  69.8   7:58am    0   11  0.02   1  14   3:56pm   E1014.9   86
14   73.6  84.0   3:22pm  70.4  11:59pm    0    9  0.35   0  17   3:51pm SSW1013.1   94
15   74.8  89.5   3:47pm  64.0   7:25am    0   10  0.01   2  12   4:34pm   N1014.0   70
16   69.8  79.8   5:02pm  63.2   7:08am    0    5  0.00   1  16   9:48am  NE1018.7   58
17   71.0  83.2   4:25pm  61.5   7:08am    0    7  0.00   1  12   9:01am ENE1021.1   63
18   69.2  81.8   4:41pm  58.9   7:43am    1    6  0.00   1  13  10:55am  NE1021.2   64
19   70.5  84.3   4:56pm  58.3   5:27am    2    7  0.00   2  17   2:41pm  NE1018.8   60
20   71.9  79.4   3:20pm  64.8   3:40am    0    7  0.00   2  20  10:04am  NE1015.5   74
21   72.4  79.6   3:44pm  68.4   5:44am    0    7  0.00   2  14  10:20am   E1014.7   87
22   78.3  91.6   2:48pm  69.6   5:42am    0   13  0.00   1  11   2:53pm   E1016.1   77
23   80.2  96.1   3:20pm  69.9   4:26am    0   15  0.00   0   9   1:13pm  SW1017.9   75
24   81.2  95.9   4:11pm  70.1   7:45am    0   16  0.07   0  11   7:13pm ENE1017.9   73
25   79.8  93.8   3:53pm  70.6   7:18am    0   15  0.00   1  10   2:17pm ESE1017.9   71
26   77.0  93.4   2:43pm  62.9   7:43am    0   12  0.00   1  11   3:08pm SSW1015.7   66
27   73.2  88.6   2:38pm  66.9   6:25am    0    8  0.15   1  16   5:56pm SSW1012.4   83
28   75.1  88.0   5:23pm  65.6   7:14am    0   10  0.01   1  14   1:16pm   N1014.0   64
29   71.5  85.5   4:10pm  61.0   7:56am    1    7  0.00   1  13  10:00am ENE1022.0   44
30   68.7  84.3   4:16pm  55.7   7:35am    2    6  0.00   1  13  12:37pm  NE1025.3   47
---------------------------------------------------------------------------------------
TOT  76.5  98.0   9/4/07  55.7  9/30/07    7  351  0.76   1  29  9/11/07  NE1016.4   68

HEAT BASE: 65.0
COOL BASE: 65.0