NOAA-Style Climate Reports


Report for 2007 August
                  MONTHLY CLIMATOLOGICAL SUMMARY FOR 8/2007
                                        HEAT  COOL        
     MEAN                               DEG   DEG       WIND SPEED       DOM MEAN  MEAN
DAY  TEMP  HIGH   TIME     LOW   TIME   DAYS  DAYS RAIN AVG  HI  TIME    DIR BAROM HUM
---------------------------------------------------------------------------------------
1    83.4  95.4   5:20pm  73.0   5:49am    0   18  0.00   0   7  12:34pm   E1011.5   67
2    83.7  95.9   4:30pm  72.7   6:53am    0   19  0.00   0  10   1:33pm ESE1013.4   64
3    83.7  96.1   4:13pm  72.1   7:01am    0   19  0.00   0  10  11:44am   E1013.8   64
4    84.2  98.2   3:19pm  71.3   6:47am    0   19  0.00   1  10   2:02pm   N1013.8   63
5    82.3  97.3   3:38pm  72.3   5:48am    0   17  0.01   1  16   4:03pm   N1012.9   69
6    85.9  98.7   3:09pm  74.9   6:45am    0   21  0.00   1  13   4:14pm   N1011.3   68
7    88.6 100.4   5:22pm  76.8   7:24am    0   24  0.00   1  12  12:25pm   N1010.5   61
8    88.9 101.2   4:43pm  79.4   6:53am    0   24  0.00   1  13   3:10pm   N1009.8   62
9    91.1 103.6   4:51pm  79.2   7:12am    0   26  0.00   1  13   6:15pm   N1009.5   54
10   90.6 103.8   2:40pm  77.0   5:37am    0   26  0.00   2  14   4:33pm   N1007.6   53
11   90.4 101.5   1:05pm  78.8   6:43am    0   25  0.00   1  13   3:38pm   N1008.6   52
12   83.9  95.9   5:34pm  76.5   7:26am    0   19  0.00   1  11   9:38am   E1013.3   72
13   87.3 101.5   4:33pm  75.8   7:14am    0   22  0.00   1  10   2:56pm   N1011.7   62
14   86.3 100.7   5:02pm  72.3   6:56am    0   21  0.00   0  12   4:31pm   N1010.7   51
15   87.3 106.0   5:47pm  70.8   7:22am    0   22  0.00   1  12  12:24pm   N1011.0   51
16   88.6 103.8   3:15pm  76.0   7:22am    0   23  0.00   1  22   5:06pm SSW1012.7   53
17   87.8 104.6   3:16pm  78.3   7:02am    0   23  0.00   2  16   3:48pm SSW1012.6   59
18   86.7 102.3   2:54pm  73.2   7:38am    0   22  0.00   1  14   1:09am   N1015.4   59
19   86.2  99.4   5:51pm  74.9   7:24am    0   21  0.00   1  13   1:54pm SSW1016.7   59
20   86.2  99.7   5:12pm  73.7   7:09am    0   21  0.00   1  21   5:50pm SSW1015.8   56
21   88.8 101.7   4:12pm  76.0   7:39am    0   24  0.00   1  16   1:35pm SSW1015.6   55
22   90.0 105.4   4:22pm  76.7   7:27am    0   25  0.00   1  14   3:32pm   N1014.8   54
23   86.1 101.5   4:07pm  76.0   6:51am    0   21  0.10   1  11   7:11pm SSW1014.8   64
24   80.9 101.0   4:02pm  73.7   6:36pm    0   16  0.15   1  20   5:13pm   N1014.4   80
25   81.6  96.8   5:36pm  72.0   7:14am    0   17  0.01   1  24   6:01pm SSW1012.1   74
26   79.1  99.0   2:43pm  72.5   7:40am    0   14  0.99   0  21   4:18pm SSW1011.2   80
27   79.1  91.6   3:11pm  72.1   4:03am    0   14  0.00   0   8   2:59pm ENE1014.9   83
28   81.5  93.8   3:56pm  73.5   6:55am    0   17  0.00   1  11   7:07pm SSW1016.4   78
29   80.9  94.9   4:05pm  73.5   6:06am    0   16  0.00   1  13   5:08pm SSW1015.9   77
30   78.4  93.2   1:34pm  74.0  11:35pm    0   13  0.18   1  12   2:36pm SSW1011.7   85
31   77.2  89.9   3:48pm  72.0   6:07am    0   12  0.00   0  12   4:26pm  NE1010.9   84
---------------------------------------------------------------------------------------
TOT  85.1 106.0  8/15/07  70.8  8/15/07    0  621  1.44   1  24  8/25/07   N1012.8   65

HEAT BASE: 65.0
COOL BASE: 65.0