NOAA-Style Climate Reports


Report for 2007 July
                  MONTHLY CLIMATOLOGICAL SUMMARY FOR 7/2007
                                        HEAT  COOL        
     MEAN                               DEG   DEG       WIND SPEED       DOM MEAN  MEAN
DAY  TEMP  HIGH   TIME     LOW   TIME   DAYS  DAYS RAIN AVG  HI  TIME    DIR BAROM HUM
---------------------------------------------------------------------------------------
1    82.1  97.8   2:56pm  71.3  11:27pm    0   17  0.86   1  34   3:21pm   N1012.7   68
2    71.7  79.2   1:32pm  68.1   9:26pm    0    7  0.05   1  13   3:27pm  NE1017.1   88
3    74.8  87.6   2:58pm  67.4   4:24am    0   10  0.00   1  10   2:50pm ENE1019.3   73
4    77.8  92.9   3:45pm  65.2   6:53am    0   13  0.00   0  12   1:13pm ESE1018.6   66
5    78.4  90.5   2:51pm  64.7   6:35am    0   13  0.00   1  11   1:19pm  SW1016.2   64
6    80.8  94.7   2:40pm  67.6   7:09am    0   16  0.00   1  13   3:17pm SSW1013.5   64
7    79.3  87.2   4:00pm  73.7   5:13am    0   14  0.00   1  16   4:02pm NNW1011.8   74
8    77.2  86.5   6:19pm  70.9   7:00am    0   12  0.22   0  12  12:01pm SSW1010.5   82
9    79.3  93.4   3:26pm  72.3   7:14am    0   14  0.06   0  22   7:07pm SSW1011.6   81
10   77.6  91.6   2:20pm  71.5   6:43am    0   13  0.31   2  21   3:30pm SSW1014.4   82
11   76.9  86.5   1:29pm  72.0   6:47am    0   12  0.07   1  24   1:35pm SSW1012.5   85
12   80.0  90.3   4:12pm  70.6   6:50am    0   14  0.00   3  14  11:35am NNW1012.9   60
13   77.9  89.5   4:45pm  67.6   7:04am    0   12  0.00   1   9  12:00am   N1013.9   59
14   76.1  86.7   4:21pm  70.3   8:25am    0   11  0.01   0   8   2:00pm ENE1013.0   70
15   75.4  83.8   4:30pm  70.1   6:46am    0   10  0.01   1  14   4:15pm  SW1012.0   83
16   79.2  91.2   5:16pm  70.1   6:13am    0   14  0.01   2  15  11:40am SSW1013.9   74
17   79.5  93.4   2:17pm  72.7   6:57am    0   15  0.07   1  17   5:01pm   N1015.2   78
18   79.0  90.5   3:10pm  72.0   7:10am    0   14  0.02   2  18   4:23pm NNW1015.3   80
19   81.6  93.8   3:59pm  72.5   6:58am    0   17  0.00   4  21  10:52am  SW1012.7   72
20   78.8  85.5   1:27pm  74.4  11:55pm    0   14  0.00   2  18   3:43pm NNW1010.9   75
21   79.1  90.3   5:03pm  69.9   6:48am    0   14  0.00   1  13  12:51pm  NE1013.2   63
22   70.8  76.5   7:49pm  66.6  11:58pm    0    6  0.05   0  12   9:50am  NE1016.3   78
23   75.0  88.0   1:54pm  63.5   6:56am    0   10  0.00   0  10   3:48pm NNW1016.2   70
24   80.3  93.8   3:43pm  67.1   7:28am    0   15  0.00   1  12   4:01pm SSW1015.1   54
25   79.6  92.9   3:32pm  67.8   7:21am    0   15  0.11   1  12   2:59pm SSW1015.3   61
26   78.0  90.1   2:32pm  69.8   6:58am    0   13  0.03   1  10  12:00am   N1016.2   79
27   80.6  92.5   4:24pm  70.1   6:53am    0   16  0.00   1  16   2:59pm   N1013.1   71
28   79.1  88.6   5:27pm  72.5  11:40pm    0   14  0.26   1  17   9:55pm  SW1008.8   76
29   77.5  86.3   4:50pm  72.1   1:49am    0   12  1.19   0  10  11:40pm SSW1008.0   89
30   79.8  91.0   2:59pm  71.3   6:51am    0   15  0.34   0  13   8:39pm   N1008.8   81
31   80.9  92.1   6:17pm  71.1   5:00am    0   16  0.00   0  10  10:51am  NE1010.5   74
---------------------------------------------------------------------------------------
TOT  78.2  97.8   7/1/07  63.5  7/23/07    0  408  3.67   1  34   7/1/07   N1013.5   73

HEAT BASE: 65.0
COOL BASE: 65.0