NOAA-Style Climate Reports


Report for 2007 June
                  MONTHLY CLIMATOLOGICAL SUMMARY FOR 6/2007
                                        HEAT  COOL        
     MEAN                               DEG   DEG       WIND SPEED       DOM MEAN  MEAN
DAY  TEMP  HIGH   TIME     LOW   TIME   DAYS  DAYS RAIN AVG  HI  TIME    DIR BAROM HUM
---------------------------------------------------------------------------------------
1    78.2  88.0   5:00pm  68.4   7:00am    0   13  0.00   0  10   3:00pm WSW1015.0   62
2    69.7  75.4  12:00am  65.1  10:00pm    0    5  0.19   1  12   7:00pm ENE1010.7   56
3    74.5  87.4   3:16pm  62.4   7:00am    1   10  0.24   3  16  12:46pm NNW1001.8   64
4    85.4  89.7   5:12pm  75.4  11:53pm    0   20  0.00   4  21   2:23pm NNW1002.1   43
5    75.2  87.4   2:13pm  68.1   6:58am    0   10  0.17   2  25   2:46pm WSW1005.5   63
6    78.6  92.5   5:32pm  64.0   6:54am    0   14  0.00   1  13  12:19pm WSW1010.4   63
7    81.0  94.3   4:39pm  69.1   6:49am    0   16  0.03   1  14   7:19pm WSW1013.2   65
8    81.8  93.2   3:55pm  71.6   6:08am    0   17  0.00   4  17   5:00pm  NW1014.6   68
9    85.4  87.8   8:19pm  85.1  12:00am    0   20  0.00   8   9   8:16pm  NW1012.5   55
10   88.1  92.3   2:52pm  78.1  11:57pm    0   23  0.00   4  13  12:16pm  NW1011.1   48
11   79.2  90.7   4:23pm  73.7  10:02pm    0   14  0.00   1  16   6:30pm NNW1012.7   72
12   78.0  87.2   4:53pm  67.9   8:19pm    0   13  0.35   1  20   8:30pm ENE1013.5   76
13   54.7  86.5   4:34pm  67.0  11:54pm   19    9  0.00   1  17   5:39pm ENE1012.3   53
14   72.5  87.2   4:14pm  62.5   6:38am    0    8  0.00   1  11   6:56pm   N1012.8   78
15   71.7  81.8   4:03pm  65.6   6:09am    0    7  0.17   0  10   4:13pm SSW1014.2   81
16   75.5  92.1   5:29pm  64.3   5:15am    0   11  0.00   2  12   3:48pm SSW1015.0   76
17   82.9  96.1   5:19pm  70.6   7:07am    0   18  0.02   1  14   3:11pm   N1014.8   58
18   81.1  95.4   3:39pm  71.8   6:49am    0   16  0.02   1  17   4:44pm   N1015.4   67
19   78.0  91.2   2:15pm  70.3   6:08am    0   13  0.13   2  31   4:47pm SSW1014.4   76
20   80.5  92.7   4:51pm  70.6   6:03am    0   15  0.00   2  12  12:17pm   N1012.5   67
21   80.1  93.8   3:41pm  65.2   6:49am    0   15  0.00   1  12  11:57am   N1015.2   49
22   81.1  95.9   5:13pm  64.2   7:03am    0   16  0.00   1  14   2:10pm NNW1012.9   49
23   83.7 100.2   5:53pm  67.9   6:22am    0   19  0.00   1  12   2:03pm   N1010.1   48
24   85.6 100.7   4:12pm  70.6   6:35am    0   21  0.00   0   0  12:00am   N1012.4   51
25   79.7  99.0   2:23pm  72.0   6:52am    0   15  0.09   1  22   2:52pm   N1018.7   66
26   81.1  96.8   4:38pm  69.1   5:48am    0   16  0.18   1  10   3:40pm   E1022.0   69
27   83.5  97.1   3:10pm  70.9   6:45am    0   19  0.00   0  12   6:37pm SSW1019.1   62
28   84.1  98.7   3:31pm  72.1   6:48am    0   19  0.00   1  16  11:41pm SSW1016.0   61
29   82.2  97.3   3:03pm  72.0   6:42am    0   17  0.00   1  18   4:06pm   N1014.9   66
30   84.9  98.0   4:27pm  72.5   5:52am    0   20  0.00   1  13   4:18pm   N1012.5   62
---------------------------------------------------------------------------------------
TOT  79.3 100.7  6/24/07  62.4   6/3/07   20  448  1.65   2  31  6/19/07  NW1012.9   62

HEAT BASE: 65.0
COOL BASE: 65.0