NOAA-Style Climate Reports


Report for 2007 May
                  MONTHLY CLIMATOLOGICAL SUMMARY FOR 5/2007
                                        HEAT  COOL        
     MEAN                               DEG   DEG       WIND SPEED       DOM MEAN  MEAN
DAY  TEMP  HIGH   TIME     LOW   TIME   DAYS  DAYS RAIN AVG  HI  TIME    DIR BAROM HUM
---------------------------------------------------------------------------------------
1    74.8  91.4   5:00pm  56.1   7:00am    2   12  0.00   1  13   3:00pm WSW1013.7   50
2    76.8  89.0   3:00pm  61.8   6:00am    0   12  0.00   1  14   4:00pm WSW1012.2   49
3    76.5  88.2   6:00pm  62.6   7:00am    0   12  0.01   1  13  11:00pm   N1012.9   53
4    64.2  71.2   4:00pm  59.3   8:00am    2    1  0.00   2  13  12:00am ENE1016.6   86
5    59.0  61.3   7:00pm  56.6   8:00am    6    0  0.59   1  14  12:00am ENE1017.1   95
6    63.8  68.9   2:00pm  58.5   7:00am    3    2  0.00   1  10  11:00am   N1018.1   58
7    62.8  72.2   7:00pm  49.5   7:00am    4    2  0.00   3  19  12:00am   E1022.9   31
8    70.7  78.9   6:00pm  54.0   8:00am    1    7  0.00   3  19   2:00pm ENE1016.6   31
9    72.3  80.6   6:00pm  64.5   7:00am    0    7  0.00   2  19  10:00am   E1012.8   63
10   74.5  86.0   5:00pm  62.2   8:00am    0   10  0.00   0  10  12:00pm ENE1011.7   65
11   77.4  91.1   5:00pm  66.7   7:00am    0   12  0.99   1  27   8:00pm WSW1010.3   66
12   71.4  88.1   4:00pm  66.5   7:00am    0    6  0.08   0  33   5:00pm WSW1011.1   84
13   64.7  74.0  11:00pm  64.0   5:00am    1    1  0.00   0   5  11:00pm NNW1013.7   27
14   70.6  78.3   6:00pm  63.4   8:00am    0    6  0.00   2  13  10:00am   E1021.7   59
15   70.2  84.0   5:00pm  55.9   8:00am    2    7  0.00   0  11   1:00pm WSW1020.4   60
16   69.9  78.5   2:00pm  63.3   7:00am    0    5  0.04   2  20   2:00pm WSW1014.0   74
17   66.8  78.2   5:00pm  54.5   7:00am    3    4  0.00   2  17   8:00pm   N1013.2   60
18   66.0  77.7   7:00pm  52.8   7:00am    3    4  0.00   2  13   4:00pm   N1015.5   47
19   64.0  78.1   6:00pm  49.0   7:00am    5    4  0.00   1  11  10:00am   N1020.1   44
20   69.0  85.5   6:00pm  50.3   7:00am    4    8  0.00   1  12   3:00pm NNW1017.3   47
21   72.4  88.6   6:00pm  53.7   7:00am    3   10  0.00   0  11   4:00pm   E1016.4   45
22   73.6  87.1   5:00pm  58.9   7:00am    1   10  0.00   1  13   4:00pm   E1019.1   53
23   73.7  83.8   5:00pm  60.4   7:00am    1    9  0.00   1  13   4:00pm   E1022.8   61
24   72.5  84.0   4:59pm  62.1   7:00am    0    8  0.00   1  14  12:00pm   E1025.4   60
25   73.6  85.3   6:04pm  59.6   6:57am    1    9  0.00   1   8   2:21pm   E1023.5   60
26   76.2  90.1   4:29pm  59.3   6:45am    1   12  0.00   1  11   4:32pm   E1020.5   55
27   88.0  88.0  12:00am  88.0  12:00am    0   23  0.00   2   2  12:00am   E1019.9   32
28   84.0  88.0  12:00am  69.9  11:56pm    0   18  0.00   1  11  12:44pm   E1020.6   39
29   76.0  88.8   6:00pm  62.7   7:05am    0   11  0.00   1  14   3:00pm   E1020.0   59
30   77.2  91.1   6:00pm  61.8   7:00am    0   13  0.00   1  12   2:00pm   E1018.9   51
31   78.4  90.9   5:00pm  65.8   7:00am    0   13  0.00   0  10   2:00pm   E1017.0   54
---------------------------------------------------------------------------------------
TOT  71.9  91.4   5/1/07  49.0  5/19/07   44  258  1.71   1  33  5/12/07   E1017.3   55

HEAT BASE: 65.0
COOL BASE: 65.0