NOAA-Style Climate Reports


Report for 2007 April
                  MONTHLY CLIMATOLOGICAL SUMMARY FOR 4/2007
                                        HEAT  COOL        
     MEAN                               DEG   DEG       WIND SPEED       DOM MEAN  MEAN
DAY  TEMP  HIGH   TIME     LOW   TIME   DAYS  DAYS RAIN AVG  HI  TIME    DIR BAROM HUM
---------------------------------------------------------------------------------------
1    66.0  70.4   1:00pm  62.8   8:00am    1    1  0.16   1  19   7:00pm  SW1016.8   87
2    68.9  78.4   5:00pm  61.2   7:00am    1    5  0.00   1  13   3:00pm WSW1016.8   70
3    72.2  83.9   4:00pm  63.8   8:00am    0    7  0.00   1  14   2:00pm WSW1015.0   78
4    66.4  76.0   4:00pm  59.2   8:00am    2    3  0.16   4  29   4:00am NNW1011.1   69
5    52.9  61.6   6:00pm  43.9   9:00am   12    0  0.00   4  22   6:00pm NNW1012.1   37
6    48.3  59.1   4:00pm  39.3   7:00am   17    0  0.00   3  26  11:00pm NNW1010.7   43
7    38.9  46.1  12:00am  30.5   8:00am   26    0  0.00   5  29   4:00pm NNW1015.0   38
8    41.3  54.3   6:00pm  29.7   8:00am   24    0  0.00   2  21   2:00pm NNW1018.7   40
9    45.2  54.0   7:00pm  37.0   4:00am   20    0  0.00   1  13   5:00pm WSW1017.9   46
10   56.3  67.7   5:00pm  40.1   9:00am    9    0  0.00   1  12   1:00pm   E1014.0   23
11   52.7  58.0  12:00am  49.4   7:00am   12    0  0.08   1  12   1:00pm   E1007.8   90
12   60.1  73.6   5:00pm  49.4   7:00am    7    2  0.07   3  29   6:00pm WSW1009.3   60
13   62.3  79.9   6:00pm  47.7   8:00am    6    4  0.00   1  12  12:00pm NNW1016.3   42
14   63.2  74.6   5:00pm  53.0   8:00am    5    3  0.39   1  13   8:00pm WSW1010.1   68
15   54.2  64.6   5:00am  44.0   9:00pm   11    0  0.65   5  34   7:00pm NNW 998.8   81
16   55.7  69.8   6:00pm  41.8   6:00am   10    1  0.00   6  38  12:00pm NNW1010.0   44
17   65.8  79.9   6:00pm  50.8   8:00am    4    5  0.00   3  22   5:00pm NNW1007.6   28
18   62.8  74.6   5:00pm  49.3   6:00am    5    3  0.00   1  12   4:00pm   E1004.7   47
19   62.5  76.4   3:00pm  46.7   8:00am    6    3  0.00   2  24   8:00pm NNW1007.1   56
20   58.9  69.3   6:00pm  48.9   8:00am    7    1  0.00   1  13  11:00am   E1017.2   68
21   63.7  78.0   5:00pm  48.4   8:00am    5    4  0.00   0  11   3:00pm   E1020.7   57
22   64.9  81.0   5:00pm  47.3   8:00am    6    5  0.00   1  12   1:00pm WSW1021.8   55
23   66.8  81.2   5:00pm  52.1   8:00am    4    6  0.00   1  14  11:00am WSW1022.0   58
24   71.8  82.6   7:00pm  59.4   7:00am    1    8  0.00   1  17  11:00am WSW1018.1   60
25   71.9  82.6   5:00pm  59.6   6:00am    1    8  0.00   2  20   2:00pm WSW1014.6   58
26   69.8  80.2   3:00pm  61.5   8:00am    0    5  0.00   1  20   4:00pm WSW1011.5   72
27   70.1  78.0   5:00pm  63.0   7:00am    0    5  0.00   3  19   7:00pm WSW1010.5   65
28   66.5  77.6   5:00pm  52.9   8:00am    3    5  0.00   3  20   7:00pm NNW1014.5   52
29   69.6  83.9   6:00pm  53.6   7:00am    3    8  0.00   2  17   5:00pm   N1015.9   49
30   72.3  89.1   6:00pm  53.7   8:00am    3   10  0.00   0   8   3:00pm ENE1015.6   46
---------------------------------------------------------------------------------------
TOT  61.4  89.1  4/30/07  29.7   4/8/07  210  102  1.51   2  38  4/16/07 NNW1013.4   56

HEAT BASE: 65.0
COOL BASE: 65.0