NOAA-Style Climate Reports


Report for 2007 March
                  MONTHLY CLIMATOLOGICAL SUMMARY FOR 3/2007
                                        HEAT  COOL        
     MEAN                               DEG   DEG       WIND SPEED       DOM MEAN  MEAN
DAY  TEMP  HIGH   TIME     LOW   TIME   DAYS  DAYS RAIN AVG  HI  TIME    DIR BAROM HUM
---------------------------------------------------------------------------------------
1    56.8  66.2  11:00pm  49.4   7:00am    8    0  0.21   1  20  12:00am   S1006.3   84
2    55.1  66.2  12:00am  44.7   9:00am   10    0  0.00   3  20  12:00am  NW1005.1   46
3    54.1  62.2   4:00pm  47.6   7:00am   11    0  0.00   3  28   3:00pm WSW1010.1   33
4    42.4  50.7  12:00am  34.5   8:00am   23    0  0.00   5  24   3:00am NNW1018.3   42
5    47.4  62.6   6:00pm  33.2   7:00am   18    0  0.00   3  20   4:00pm NNW1023.0   36
6    56.2  53.4  12:00am  53.4  12:00am   10    2  0.00   1   0  12:00am ---1020.3   49
7    56.2  72.1   3:00pm  39.3   8:00am   10    2  0.00   1  20   3:00pm  SW1020.3   49
8    58.9  58.9  11:00pm  53.4  12:00am   11    2  0.00   0   3  11:00pm   N1019.1   50
9    52.9  61.7   5:00pm  46.8   9:00am   12    0  0.00   2  13   9:00am ENE1022.6   71
10   57.6  71.2   5:00pm  49.1   5:00am    8    1  0.00   1  10   1:00pm ENE1022.2   70
11   62.2  75.8   4:00pm  48.9   5:00am    6    3  0.00   1  12   1:00pm NNW1021.8   62
12   59.4  73.2   6:00pm  47.5   6:00am    7    1  0.00   1  12   5:00pm   N1022.6   47
13   63.8  80.0   3:00pm  46.7   7:00am    6    5  0.00   1  14  12:00pm WSW1021.7   56
14   66.8  78.2   4:00pm  57.1   8:00am    2    4  0.00   1  18   3:00pm  SW1017.9   62
15   65.6  75.2   5:00pm  56.8   7:00am    2    3  0.02   1  17   1:00pm  SW1013.0   73
16   58.0  63.5  12:00am  42.9  11:00pm    7    0  0.18   4  29   5:00pm NNW1008.1   82
17   45.0  53.5   4:00pm  37.4   7:00am   20    0  0.00   4  25   4:00pm NNW1016.5   42
18   46.8  60.2   5:00pm  33.8   7:00am   18    0  0.00   1  17   3:00pm   N1022.3   40
19   56.0  70.4   4:00pm  42.3   8:00am   10    1  0.00   1  17   4:00pm  SW1025.6   45
20   65.0  79.4   5:00pm  51.2   7:00am    5    5  0.00   1  13  10:00am  SW1025.8   50
21   64.8  75.7   3:00pm  52.1   7:00am    4    4  0.00   1  13   4:00pm   E1027.5   62
22   64.5  75.9   5:00pm  52.1   7:00am    4    3  0.00   1  11  12:00pm  SW1025.8   70
23   66.8  81.1   5:00pm  52.4   7:00am    4    6  0.00   1  12   4:00pm WSW1022.7   67
24   69.8  84.7   4:00pm  55.1   7:00am    3    8  0.00   1  12   2:00pm WSW1023.3   62
25   72.7  89.3   4:00pm  56.4   7:00am    2   10  0.00   0  11  12:00pm   E1022.5   57
26   69.3  77.9   4:00pm  62.6   7:00am    0    5  0.00   1  11   3:00pm ENE1023.5   72
27   70.8  83.0   5:00pm  60.0   7:00am    1    7  0.00   0   8  11:00am WSW1020.7   71
28   71.2  85.1   5:00pm  56.8   7:00am    2    8  0.00   1  12   2:00pm  SW1018.1   64
29   62.3  67.9  10:00am  53.4  11:00pm    3    1  0.00   3  19  11:00am ENE1022.3   78
30   58.4  68.6   4:00pm  51.3   5:00am    7    0  0.00   1  13   2:00am ENE1025.3   69
31   66.1  78.4   4:00pm  55.4   7:00am    3    4  0.00   0  11   3:00pm WSW1018.7   74
---------------------------------------------------------------------------------------
TOT  60.3  89.3  3/25/07  33.2   3/5/07  238   83  0.20   1  29  3/16/07  SW1019.8   60

HEAT BASE: 65.0
COOL BASE: 65.0