NOAA-Style Climate Reports


Report for 2007 February
                  MONTHLY CLIMATOLOGICAL SUMMARY FOR 2/2007
                                        HEAT  COOL        
     MEAN                               DEG   DEG       WIND SPEED       DOM MEAN  MEAN
DAY  TEMP  HIGH   TIME     LOW   TIME   DAYS  DAYS RAIN AVG  HI  TIME    DIR BAROM HUM
---------------------------------------------------------------------------------------
1
2
3
4
5
6    44.4  44.4  10:00pm  43.5  12:00am    2    0  0.00   2  10  12:00am  SW1019.9   58
7    52.8  65.8   4:00pm  43.3   2:00am   12    0  0.00   3  26  12:00pm NNW1016.3   52
8    48.8  59.5   5:00pm  40.9   8:00am   16    0  0.00   2  14  10:00am NNW1018.0   41
9    41.1  47.1   1:00pm  35.2  12:00am   24    0  0.00   1  12  12:00am NNW1017.5   41
10   38.9  50.8   3:00pm  30.3   8:00am   26    0  0.00   2  16   1:00pm NNW1018.8   34
11   42.2  58.2   5:00pm  28.9   7:00am   23    0  0.00   1  10  12:00am   N1022.8   36
12   50.5  68.2   4:00pm  37.4   2:00am   15    0  0.00   1  11   2:00pm  SW1020.0   50
13   54.9  66.8   3:00pm  48.7   4:00am   10    0  0.00   1  21   4:00pm   S1008.4   81
14   43.2  52.2   5:00am  31.1  12:00am   22    0  0.00   4  24  10:00am  NW1005.8   75
15   34.8  46.4   5:00pm  25.6   8:00am   30    0  0.00   2  14  12:00am NNW1015.1   54
16   35.3  44.8   5:00pm  27.1   8:00am   30    0  0.00   3  18   3:00am NNW1016.6   37
17   36.1  47.6   5:00pm  25.9   8:00am   29    0  0.00   2  21  10:00pm  SW1014.0   50
18   37.0  44.6   5:00pm  28.6   8:00am   28    0  0.00   5  30   3:00pm NNW1018.0   52
19   43.9  58.5   5:00pm  29.6   8:00am   21    0  0.00   2  18   5:00pm  SW1022.4   47
20   51.6  62.9   6:00pm  42.2   5:00am   13    0  0.00   3  27  12:00am  SW1016.0   69
21   59.6  65.3   6:00pm  57.1   6:00am    5    0  0.00   2  27  12:00am  SW1011.7   92
22   61.4  71.3   5:00pm  53.6  12:00am    5    1  0.00   4  31   3:00pm NNW1014.0   55
23   53.8  67.6   5:00pm  42.0   8:00am   11    0  0.00   1  14   1:00am NNW1018.6   31
24   51.7  63.2   5:00pm  40.8   8:00am   13    0  0.00   1  14   1:00pm ESE1018.6   40
25   59.6  69.9   5:00pm  54.2   7:00am    6    1  0.00   2  22   4:00pm  SW1007.5   68
26   55.5  66.1   5:00pm  44.9   8:00am   10    0  0.00   2  19   2:00pm WSW1008.0   45
27   54.0  69.7   5:00pm  37.6   8:00am   12    1  0.00   1  17   4:00pm NNW1011.8   49
28   55.5  72.3   5:00pm  37.6   8:00am   11    1  0.00   1  11  10:00am ESE1015.5   46
---------------------------------------------------------------------------------------
TOT  48.3  72.3  2/28/07  25.6  2/15/07  374    5  0.00   2  31  2/22/07 NNW1015.3   52

HEAT BASE: 65.0
COOL BASE: 65.0