NOAA-Style Climate Reports


Report for 2006 November
                  MONTHLY CLIMATOLOGICAL SUMMARY FOR 11/2006
                                        HEAT  COOL        
     MEAN                               DEG   DEG       WIND SPEED       DOM MEAN  MEAN
DAY  TEMP  HIGH   TIME     LOW   TIME   DAYS  DAYS RAIN AVG  HI  TIME    DIR BAROM HUM
---------------------------------------------------------------------------------------
1    63.2  77.6   3:20pm  50.7   6:46am    5    3  0.00   0   8  12:55pm WSW1015.5   80
2    59.5  67.4   1:50pm  43.9  11:59pm    6    0  0.00   4  21   3:40pm NNW1016.4   66
3    44.8  57.6   4:09pm  33.4   7:08am   19    0  0.00   0   8  12:58pm   N1026.5   53
4    43.5  55.9   3:24pm  30.7   6:46am   22    0  0.00   1  16   9:47am ENE1030.6   55
5    46.7  59.6   3:05pm  32.7   5:48am   18    0  0.00   1  11  10:27am ENE1029.5   57
6    51.4  58.4   2:29pm  46.8   5:48am   14    0  0.00   2  13  11:14am ENE1024.6   54
7    52.0  54.2   3:07pm  48.5   2:49am   13    0  0.00   1  13  12:00am ENE1011.7   95
8    57.2  64.0   3:42pm  52.8   7:17am    8    0  0.00   4  24   1:15pm NNW1002.7   88
9    62.1  78.1   3:49pm  49.1   7:26am    6    3  0.00   1  16   8:15am WSW1007.6   70
10   64.5  81.8   3:21pm  50.1   7:18am    5    5  0.00   0  10   1:55pm WSW1012.9   77
11   58.8  69.9   1:31pm  46.5  11:56pm    7    1  0.00   2  29   5:25pm WSW1013.1   90
12   50.5  62.7   3:17pm  41.8   7:09am   14    0  0.00   3  20  12:36am NNW1016.9   66
13   52.5  73.9   2:52pm  34.4   7:40am   14    1  0.00   1  10  12:43pm WSW1013.7   62
14   56.0  71.8   2:17pm  42.2   7:35am   10    1  0.00   1  12  11:44am WSW1008.6   60
15   55.8  61.2  10:43pm  52.9   3:22am    9    0  0.00   1  17   8:41pm ENE1004.3   95
16   52.8  62.9   2:41am  45.8  11:28pm   12    0  0.03   4  27   4:30am WSW1001.8   81
17   49.2  58.4   2:15pm  43.8   7:41am   16    0  0.00   2  18  12:00am NNW1013.2   68
18   49.5  62.7   3:04pm  37.3   7:10am   15    0  0.00   1  10   2:43pm NNW1014.8   67
19   46.8  58.3   2:46pm  39.1  12:45am   18    0  0.00   3  21   5:00pm NNW1015.0   70
20   43.1  48.8   2:27pm  39.5   2:44am   22    0  0.00   2  14   4:49pm   N1018.9   68
21   45.0  53.1   2:42pm  38.0   7:19am   20    0  0.00   3  20   9:55am   N1021.2   52
22   50.9  65.2   4:32pm  42.2   7:19am   14    0  0.00   2  14   4:51am NNW1014.9   83
23   52.2  70.6   4:15pm  39.6   7:44am   13    1  0.01   0  10   3:17pm WSW1017.8   77
24   52.7  69.8   3:35pm  40.3   6:58am   13    1  0.00   0   8  12:19pm ENE1021.3   78
25   52.1  69.4   2:44pm  38.2   7:35am   14    1  0.00   1   7  12:00pm NNW1024.2   69
26   50.7  70.4   3:37pm  35.9   7:00am   15    1  0.00   0   7  12:53pm NNW1025.5   66
27   53.4  72.3   3:11pm  36.6   6:48am   12    1  0.00   0   6   8:15am   E1025.3   71
28   60.1  64.2   2:20pm  53.8   5:38am    5    0  0.00   0   7   2:26pm ENE1022.9   82
29   63.7  70.1  12:21pm  57.8   6:10am    2    1  0.13   0   7  10:35am ENE1022.7   92
30   68.2  76.3   3:51pm  63.5   3:31am    0    4  0.02   1  13   2:22pm SSW1018.0   89
---------------------------------------------------------------------------------------
TOT  53.6  81.8 11/10/06  30.7  11/4/06  362   23  0.19   1  24 11/11/06 ENE1017.1   73

HEAT BASE: 65.0
COOL BASE: 65.0