NOAA-Style Climate Reports


Report for 2006 October
                  MONTHLY CLIMATOLOGICAL SUMMARY FOR 10/2006
                                        HEAT  COOL        
     MEAN                               DEG   DEG       WIND SPEED       DOM MEAN  MEAN
DAY  TEMP  HIGH   TIME     LOW   TIME   DAYS  DAYS RAIN AVG  HI  TIME    DIR BAROM HUM
---------------------------------------------------------------------------------------
1    69.6  84.1   3:31pm  57.8   3:44am    2    7  0.00   1  14   3:42pm NNW1016.5   71
2    71.0  83.2   3:31pm  61.0   8:12am    1    7  0.00   1  11  11:16am ENE1020.6   68
3    71.9  85.5   4:38pm  60.7   7:30am    1    7  0.00   0   7  12:28pm ENE1021.6   73
4    71.8  85.5   3:58pm  59.8   7:30am    1    8  0.00   0  11   4:03pm   N1019.8   77
5    73.7  88.4   3:13pm  60.2   7:14am    1   10  0.00   1  11   1:12pm   N1016.3   73
6    73.0  83.4   3:31pm  62.3  11:57pm    0    8  0.00   1  19  10:46pm   N1014.5   70
7    62.0  72.7   3:35pm  50.2   8:02am    5    2  0.00   2  19  12:00am ENE1018.4   68
8    60.2  65.2   1:32pm  55.4   7:51am    5    0  0.25   1  11  12:21pm   N1018.5   90
9    67.5  77.9   4:19pm  60.1  12:00am    1    4  0.00   1  17   9:33am ENE1017.1   76
10   67.9  81.4   4:45pm  56.5   7:58am    2    5  0.00   0   8   2:45pm   N1013.9   75
11   70.0  81.1   4:26pm  61.6   3:25am    1    6  0.00   2  19   9:06pm WSW1006.7   77
12   65.5  73.2   3:23pm  57.3  11:31pm    2    2  0.00   2  24   3:45pm NNW1007.2   64
13   57.0  65.2   3:39pm  46.2  11:55pm    8    0  0.00   3  20   2:28pm NNW1011.6   50
14   53.6  69.4   4:00pm  38.3   7:27am   12    1  0.00   2  20   2:00pm NNW1015.8   56
15   54.3  72.3   4:48pm  37.9   7:36am   11    1  0.00   0  11   8:03am ENE1018.3   57
16   54.9  61.8   2:18pm  48.2   5:44am   10    0  0.13   1  13  11:31pm ENE1018.6   74
17   64.5  69.6   6:35pm  55.0  12:00am    2    2  0.00   1  12  12:00am ENE1010.0  100
18   70.2  82.8   4:19pm  64.0   2:40am    0    5  0.00   0   6  12:00am   N1009.4   92
19   69.3  75.6   4:31pm  64.7   8:12am    0    4  0.08   0  16  11:52pm WSW1007.2   96
20   63.9  72.0  12:21am  48.9  11:55pm    3    2  0.00   4  20   8:47am WSW1006.6   78
21   55.2  69.3   4:50pm  43.1   6:33am   10    1  0.00   1  16   9:45am ENE1014.0   76
22   59.8  68.6   3:47pm  54.2   5:44am    6    1  0.00   2  16   5:08pm NNW1013.0   82
23   47.2  54.4  12:00am  39.5  12:00am   18    0  0.00   5  25  12:19pm NNW1016.4   61
24   45.7  57.8   4:57pm  35.3   7:47am   18    0  0.00   2  19   1:31pm NNW1018.5   61
25   44.1  55.7   4:13pm  34.0   5:57am   21    0  0.00   0   7   4:22pm WSW1022.1   69
26   55.4  68.4   3:48pm  46.7   5:07am   10    0  0.00   0  10  10:45am WSW1020.4   62
27   59.0  66.4  10:55pm  51.1   5:07am    6    0  1.50   1  24  11:00pm   E1008.9   90
28   57.7  64.7  12:00am  51.1  11:57pm    7    0  0.00   3  25   4:54pm  NW1005.2   70
29   56.8  72.1   2:59pm  44.1   6:50am   10    1  0.00   2  19   3:02pm WSW1016.4   63
30   58.5  77.2   3:18pm  43.1   6:29am    9    3  0.00   0  11   2:32pm WSW1018.6   73
31   58.8  70.4  12:53pm  48.6   6:42am    7    1  0.00   1   7  12:28pm NNW1017.6   81
---------------------------------------------------------------------------------------
TOT  61.6  88.4  10/5/06  34.0 10/25/06  191   87  1.96   1  25 10/23/06 WSW1014.8   73

HEAT BASE: 65.0
COOL BASE: 65.0