NOAA-Style Climate Reports


Report for 2006 September
                  MONTHLY CLIMATOLOGICAL SUMMARY FOR 9/2006
                                        HEAT  COOL        
     MEAN                               DEG   DEG       WIND SPEED       DOM MEAN  MEAN
DAY  TEMP  HIGH   TIME     LOW   TIME   DAYS  DAYS RAIN AVG  HI  TIME    DIR BAROM HUM
---------------------------------------------------------------------------------------
1    75.7  86.3   5:10pm  70.3  12:00am    0   11  0.00   0  10   9:34am  NE1009.8   86
2    77.4  87.4   5:45pm  70.3  12:01am    0   12  0.00   0   8  10:22am ENE1011.5   80
3    78.8  88.2   2:43pm  73.7   7:32am    0   14  0.00   0  12   3:29pm ENE1012.9   83
4    80.0  91.0   4:04pm  73.2   5:00am    0   15  0.00   0  13  10:08pm ENE1013.2   80
5    76.2  84.9   1:09pm  69.4  11:49pm    0   11  0.00   1  16   1:59pm   N1012.6   85
6    75.1  86.1   4:40pm  67.8   7:05am    0   10  0.00   0   7   2:08pm ENE1013.3   80
7    73.4  80.5   1:38pm  67.1   7:37am    0    8  0.00   1  10   3:40pm   E1014.8   83
8    73.6  85.1   4:21pm  64.2   6:05am    0    9  0.00   0  11   1:10pm   E1015.6   80
9    74.3  84.0   4:58pm  65.2   7:02am    0    9  0.00   0   7   3:09pm ENE1015.7   79
10   75.7  87.4   3:03pm  64.8   7:16am    0   11  0.00   0   7  11:14am   E1015.8   76
11   75.3  83.8   3:56pm  67.6   7:16am    0   10  0.00   2  14   1:53pm ENE1017.8   73
12   71.0  77.9   2:12pm  66.0   5:58am    0    6  0.00   1  11   8:34am   E1018.0   81
13   65.5  67.4  12:00am  64.2  10:32am    0    1  0.00   1  10   9:39am ENE1011.2   99
14   69.9  81.8   5:29pm  63.5   5:59am    0    5  0.00   0   7   1:52pm   N1010.8   85
15   70.9  84.0   4:42pm  59.6   7:29am    1    7  0.00   0  10  10:14am ENE1014.4   78
16   72.2  86.3   4:00pm  60.7   7:29am    1    8  0.00   0   7   1:03pm   E1016.2   77
17   73.1  87.2   3:59pm  60.4   7:34am    1    9  0.00   0   8  12:53pm WSW1014.3   77
18   74.2  88.0   4:26pm  65.8   7:13am    0    9  0.00   1  12   7:25pm WSW1011.0   86
19   74.0  81.8   4:37pm  65.5  11:58pm    0    9  0.00   2  18   2:55pm WSW1008.8   82
20   66.5  77.2   4:21pm  56.7   7:59am    2    4  0.00   2  17   2:50pm NNW1011.2   64
21   64.0  76.8   4:30pm  53.9   7:46am    4    3  0.00   1  16   9:19am ENE1015.3   70
22   71.0  82.2   4:11pm  61.2   4:12am    1    7  0.00   1  13   3:14pm   E1016.0   82
23   77.5  87.8   5:05pm  69.4   7:36am    0   13  0.00   1  17  11:02am WSW1014.5   76
24   75.7  85.7   4:17pm  69.3   7:23am    0   11  0.00   1  19   5:47pm WSW1011.4   85
25   70.1  79.9   4:09pm  63.2  11:55pm    0    5  0.00   2  12  12:18am NNW1012.4   78
26   65.7  78.1   5:22pm  55.4   6:57am    3    3  0.00   1  11  10:39am   E1014.4   79
27   68.7  80.3   5:24pm  59.5   7:47am    1    5  0.00   0  10   4:49pm   N1012.8   73
28   66.5  83.0   2:54pm  56.7   7:21am    3    4  0.13   3  28   3:07pm WSW1009.3   78
29   60.0  71.3   4:34pm  48.9   7:30am    6    1  0.00   2  16  12:00am   W1014.0   70
30   61.3  76.7   5:01pm  47.9   7:35am    6    3  0.00   1  11   3:07pm WSW1016.5   74
---------------------------------------------------------------------------------------
TOT  71.8  91.0   9/4/06  47.9  9/30/06   29  232  0.13   1  25  9/28/06 WSW1013.5   79

HEAT BASE: 65.0
COOL BASE: 65.0