NOAA-Style Climate Reports


Report for 2006 August
                  MONTHLY CLIMATOLOGICAL SUMMARY FOR 8/2006
                                        HEAT  COOL        
     MEAN                               DEG   DEG       WIND SPEED       DOM MEAN  MEAN
DAY  TEMP  HIGH   TIME     LOW   TIME   DAYS  DAYS RAIN AVG  HI  TIME    DIR BAROM HUM
---------------------------------------------------------------------------------------
1    86.8  99.2   5:10pm  77.6   6:40am    0   22  0.00   1  19   6:56pm WSW1014.0   66
2    85.2  97.5   2:37pm  74.9   6:48am    0   20  0.00   1  14   2:50pm WSW1013.8   69
3    84.7  97.1   2:24pm  76.7   7:11am    0   20  0.00   1  14   2:39pm WSW1012.3   69
4    84.7 101.2   2:56pm  75.4   6:51pm    0   20  0.05   1  37   6:03pm   N1011.3   69
5    79.6  93.2   3:30pm  72.3   7:00pm    0   15  0.00   1  26   6:31pm   N1012.6   82
6    80.4  92.1   6:45pm  73.7   5:54am    0   15  0.01   0   8   2:13pm ENE1016.7   85
7    84.9  95.9   3:16pm  75.3   6:49am    0   19  0.00   0  11   4:30pm   N1017.9   76
8    87.2  98.5   5:43pm  76.5   7:05am    0   22  0.00   1  13   1:18pm   N1015.4   65
9    85.3  97.5   4:40pm  75.1   6:32am    0   19  0.00   1  11   6:07pm   N1013.4   69
10   82.9  97.5   2:55pm  75.6   6:51am    0   18  0.00   1  16   3:32pm WSW1010.6   74
11   80.4  86.7  12:48pm  74.9   6:55am    0   15  0.00   2  14   1:45pm NNW1008.1   75
12   73.0  79.4  12:00am  67.3  10:24pm    0    8  0.00   2  16   3:32pm  NE1011.2   90
13   73.8  84.3   3:54pm  67.3  12:00am    0    9  0.00   0  10  12:37am  NE1016.1   78
14   78.9  90.3   5:37pm  70.9   6:33am    0   14  0.00   1  12  11:10am WSW1015.0   76
15   78.5  90.5   3:57pm  71.1   6:35am    0   13  0.00   1  16   7:30pm WSW1012.7   83
16   79.3  89.9   4:39pm  73.5   6:46am    0   14  0.00   1  13   6:29pm ENE1013.8   83
17   80.2  89.0   4:16pm  72.0   8:47am    0   15  0.00   1  13  12:26pm ENE1016.2   74
18   79.5  89.9   3:57pm  69.3   7:28am    0   14  0.00   2  13  12:02pm ENE1016.2   64
19   80.5  92.5   5:23pm  68.9   6:52am    0   16  0.00   0  10  10:58am   N1013.9   65
20   79.5  94.5   2:52pm  72.3   5:14pm    0   14  0.00   0  19   4:17pm   N1012.8   83
21   80.0  93.2   4:24pm  72.7   5:36am    0   15  0.00   1  16   5:26pm WSW1014.5   84
22   78.6  90.3   4:26pm  73.5   7:16am    0   13  0.00   1  25   5:18pm WSW1015.1   89
23   78.0  87.0   3:36pm  72.7   7:04am    0   13  0.00   0  13   4:19pm WSW1012.7   89
24   78.3  86.1   5:41pm  74.7   6:00am    0   13  0.00   1  12   7:04pm ENE1011.3   88
25   78.9  88.4   5:21pm  73.2   7:30am    0   14  0.00   0   7   1:24pm   E1013.0   81
26   79.7  91.0   4:43pm  72.1   4:55am    0   14  0.00   0   8  12:39pm ENE1014.3   75
27   80.4  91.4   5:12pm  70.1   6:48am    0   15  0.00   0   8  12:11pm   E1014.5   72
28   80.8  92.9   3:30pm  69.1   7:16am    0   16  0.00   1  14   8:19pm WSW1012.0   76
29   82.9  93.8   2:38pm  75.1   7:30am    0   18  0.00   1  13  11:14am WSW1008.7   77
30   80.1  92.9   3:23pm  73.5   7:07am    0   14  0.00   1  10   5:25pm WSW1007.7   83
31   74.7  85.1   4:07pm  70.3  11:30pm    0    9  0.00   1  13   5:18pm ENE1008.0   94
---------------------------------------------------------------------------------------
TOT  80.6 101.2   8/4/06  67.3  8/12/06    0  478  0.06   1  37   8/4/06 ENE1013.1   78

HEAT BASE: 65.0
COOL BASE: 65.0