NOAA-Style Climate Reports


Report for 2006 July
                  MONTHLY CLIMATOLOGICAL SUMMARY FOR 7/2006
                                        HEAT  COOL        
     MEAN                               DEG   DEG       WIND SPEED       DOM MEAN  MEAN
DAY  TEMP  HIGH   TIME     LOW   TIME   DAYS  DAYS RAIN AVG  HI  TIME    DIR BAROM HUM
---------------------------------------------------------------------------------------
1    82.1  95.4   4:27pm  69.9   6:52am    0   17  0.00   1  13   7:11pm   N1018.7   60
2    83.0  96.3   4:59pm  69.1   6:31am    0   18  0.00   0   8   2:51pm   N1020.2   60
3    84.6  94.9   2:32pm  72.5   6:49am    0   20  0.00   0  12   4:54pm WSW1018.9   60
4    81.9  94.5   1:06pm  74.2   7:15am    0   17  0.29   1  19   3:27pm WSW1016.3   72
5    78.1  93.2   1:50pm  73.3   7:10am    0   13  0.00   1  16   1:53pm WSW1013.8   78
6    74.9  80.5   5:10pm  71.1  11:55pm    0   10  0.10   1  10   2:03pm WSW1014.5   90
7    74.2  82.8   4:37pm  67.3   6:13am    0    9  0.00   2  16  10:23am ENE1019.9   73
8    75.4  85.3   5:25pm  66.0   7:27am    0   10  0.00   0   7  12:21pm ENE1019.8   62
9    76.0  87.6   3:09pm  63.7   7:27am    0   11  0.00   1  12  12:50pm WSW1017.1   65
10   77.8  92.3   4:11pm  70.9   6:36am    0   13  0.21   1  13   5:47pm WSW1016.2   70
11   81.1  93.5   6:00pm  71.5   2:58am    0   15  0.00   0   8   1:09pm WSW1017.9   72
12   82.9  94.5   5:28pm  72.7   6:37am    0   18  0.00   0   0  12:00am   N1018.0   67
13   82.1  92.1   5:57pm  76.0   8:26am    0   17  0.00   0   0  12:00am   N1016.5   74
14   83.5  95.4   4:08pm  74.9   8:26am    0   18  0.01   0   0  12:00am   N1015.4   75
15   84.7  94.7   3:49pm  76.1   6:56am    0   19  0.00   0   0  12:00am   N1014.8   70
16   85.3  95.9   3:51pm  74.0   6:54am    0   20  0.00   0   0  12:00am   N1013.6   64
17   85.2  96.6   4:08pm  72.7   7:00am    0   20  0.00   0   0  12:00am   N1014.1   54
18   85.3  97.8   5:04pm  71.6   7:14am    0   20  0.00   0   0  12:00am   N1013.4   56
19   85.5  99.0   5:44pm  73.0   6:58am    0   21  0.00   0   0  12:00am   N1013.6   58
20   82.4  95.9   5:06pm  73.0  11:41pm    0   17  0.01   0   0  12:00am   N1016.0   66
21   83.0  99.2   4:52pm  71.5   1:51am    0   18  0.00   0   0  12:00am   N1013.6   67
22   79.8  92.9   4:13pm  71.3   8:51pm    0   15  0.00   0   1   7:10pm SSW1010.1   77
23   76.3  85.1   3:01pm  72.0   6:34am    0   11  0.21   0   0  12:00am   N1009.8   89
24   76.3  83.0  12:44pm  72.3   6:34am    0   11  0.01   0   0  12:00am   N1013.1   91
25   79.5  89.0   2:08pm  73.3   7:08am    0   15  0.00   0  11   3:57pm WSW1014.4   82
26   82.9  93.8   5:36pm  72.5   6:34am    0   18  0.00   2  16   2:32pm WSW1013.9   68
27   85.1  96.3   5:18pm  72.5   6:48am    0   20  0.00   1  11   9:50am WSW1015.6   63
28   87.1  98.2   5:23pm  74.7   7:12am    0   21  0.00   1  14   9:13pm WSW1016.9   58
29   79.4  88.0  12:31pm  73.2  11:44pm    0   14  0.00   1  13  12:37pm WSW1016.7   78
30   81.1  91.8   5:14pm  72.1   4:47am    0   16  0.00   2  13   3:06pm WSW1012.2   76
31   85.2  98.0   4:59pm  74.9   6:40am    0   20  0.00   1  13   6:23pm WSW1011.9   70
---------------------------------------------------------------------------------------
TOT  81.3  99.2  7/21/06  63.7   7/9/06    0  504  0.84   1  19   7/4/06 WSW1015.4   70

HEAT BASE: 65.0
COOL BASE: 65.0