NOAA-Style Climate Reports


Report for 2006 June
                  MONTHLY CLIMATOLOGICAL SUMMARY FOR 6/2006
                                        HEAT  COOL        
     MEAN                               DEG   DEG       WIND SPEED       DOM MEAN  MEAN
DAY  TEMP  HIGH   TIME     LOW   TIME   DAYS  DAYS RAIN AVG  HI  TIME    DIR BAROM HUM
---------------------------------------------------------------------------------------
1    80.6  93.2   6:12pm  69.9   6:48am    0   15  0.00   1  11   8:58pm   E1014.9   63
2    76.1  87.2   1:02pm  67.8   8:55pm    0   11  0.50   1  22   7:45pm WSW1011.0   77
3    75.1  87.6   4:55pm  65.8   6:26am    0   10  0.00   1  17   7:20pm NNW1008.0   69
4    73.7  87.4   4:01pm  60.7   6:57am    0    9  0.00   1  25   7:47pm   N1009.1   56
5    70.5  82.4   5:40pm  58.4   6:48am    1    7  0.00   2  13   1:17pm   N1009.7   59
6    70.0  82.6   6:30pm  56.3   6:37am    2    7  0.00   1  14   1:18pm   N1011.7   52
7    74.3  87.4   5:22pm  59.0   6:39am    1   10  0.15   1  18   4:10pm NNW1011.1   53
8    78.1  88.8   2:57pm  66.4   6:39am    0   13  0.00   3  22   2:37pm NNW1008.8   51
9    78.2  89.5   5:24pm  64.0   6:41am    0   13  0.00   1  11   2:44pm NNW1009.5   52
10   82.0  94.7   4:53pm  67.1   5:55am    0   17  0.00   2  18   6:05pm WSW1008.6   54
11   84.7  94.9   5:17pm  70.8   6:37am    0   20  0.00   2  17   1:54pm WSW1008.2   50
12   79.2  89.9   2:19pm  73.9   6:52am    0   14  0.03   2  17   2:56pm WSW1009.4   69
13   70.2  74.0  12:00am  66.1  11:55pm    0    5  0.08   2  19   5:35pm ENE1011.1   88
14   77.5  90.5   5:23pm  65.6   1:44am    0   13  0.01   3  21   2:41pm   N1009.7   66
15   78.5  89.5   5:28pm  64.2   6:45am    0   13  0.00   1  12  10:10am NNW1014.8   53
16   78.1  89.0   4:42pm  65.8   6:51am    0   13  0.00   1  11   6:03pm   E1017.9   57
17   77.3  88.8   3:42pm  64.7   6:40am    0   12  0.00   1  11  11:14am   E1019.5   58
18   76.8  88.2   4:09pm  64.5   6:38am    0   12  0.00   1  10   1:56pm   E1018.4   58
19   78.5  90.1   4:53pm  66.6   6:39am    0   13  0.00   2  13   1:20pm WSW1016.1   61
20   84.5  95.9   5:54pm  71.3   6:39am    0   19  0.00   2  19   4:25pm NNW1014.4   55
21   85.0  98.5   6:07pm  69.3   6:56am    0   20  0.00   1  14   1:45pm   N1015.7   50
22   84.8  99.9   4:40pm  73.0   6:55am    0   20  0.00   1  13   7:34pm   E1017.0   58
23   80.9  97.1   3:49pm  71.5  11:59pm    0   15  0.00   1  18   8:51pm   N1015.2   72
24   79.4  90.7   6:08pm  70.6   6:07am    0   14  0.03   0   7  12:00am   E1014.4   76
25   79.0  89.7   2:39pm  71.1   6:07am    0   14  0.01   2  25   3:17pm   N1011.8   74
26   74.4  76.8   3:05pm  71.3  11:05am    0    9  1.27   1  13  10:38am   E1009.8   93
27   79.1  89.3   5:17pm  72.7   1:14am    0   14  0.00   0  16   2:53pm NNW1012.2   74
28   79.5  89.7   5:17pm  68.4   6:07am    0   15  0.00   1  14   4:19pm NNW1016.1   65
29   79.7  91.0   5:47pm  67.1   6:48am    0   15  0.00   1  20   1:38pm   N1016.8   60
30   80.0  90.7   4:24pm  66.6   6:46am    0   15  0.00   1  13   2:20pm   N1016.2   60
---------------------------------------------------------------------------------------
TOT  78.2  99.9  6/22/06  56.3   6/6/06    5  398  2.08   1  25   6/4/06   N1012.9   63

HEAT BASE: 65.0
COOL BASE: 65.0