NOAA-Style Climate Reports


Report for 2006 May
                  MONTHLY CLIMATOLOGICAL SUMMARY FOR 5/2006
                                        HEAT  COOL        
     MEAN                               DEG   DEG       WIND SPEED       DOM MEAN  MEAN
DAY  TEMP  HIGH   TIME     LOW   TIME   DAYS  DAYS RAIN AVG  HI  TIME    DIR BAROM HUM
---------------------------------------------------------------------------------------
1    62.1  75.3   5:19pm  52.9   4:19am    5    2  0.00   1  12  10:53am   N1021.4   56
2    66.5  81.1   5:47pm  49.5   7:03am    5    6  0.00   2  14   4:00pm WSW1017.3   62
3    73.5  84.7   5:40pm  62.0   6:50am    0    9  0.00   2  21   2:44pm  NW1013.9   68
4    70.8  85.7   2:07pm  62.4   6:50am    0    6  0.50   1  17   3:27pm NNW1012.6   80
5    69.4  80.1   1:44pm  65.3   5:42am    0    4  0.56   2  24   2:25pm WSW1008.8   84
6    70.6  82.6   4:05pm  58.6   6:58am    1    7  0.00   2  12   1:57pm NNW1009.0   67
7    62.7  68.6  12:00am  55.3  11:54pm    3    0  0.61   1  13   8:29pm ENE1011.1   86
8    58.7  66.4   5:11pm  53.8   6:58am    6    0  0.00   1  10  12:00am ENE1013.8   85
9    62.5  70.6   5:41pm  56.0   6:06am    4    1  0.00   1  12  10:51am ENE1014.0   79
10   64.5  71.5   1:28pm  59.8   8:03am    2    1  0.13   2  18   7:59pm  SW1010.5   86
11   66.1  73.2   4:00pm  59.0  11:53pm    1    2  0.00   4  25  12:02pm WSW1005.1   70
12   61.3  72.1   4:48pm  50.5   6:35am    5    1  0.00   4  26   1:44am WSW1007.5   58
13   63.4  73.7   6:19pm  51.0   6:43am    4    3  0.00   2  24   1:18pm WSW1009.2   64
14   66.0  74.7   5:01pm  58.3   4:13am    2    3  0.00   3  24   4:15pm NNW1008.3   68
15   61.1  69.9   2:58pm  51.4   4:13am    5    1  0.00   3  20   5:52pm NNW1010.4   60
16   59.7  69.6   3:25pm  50.1   6:17am    6    1  0.00   2  19   2:41pm WSW1009.7   70
17   62.1  74.2   4:33pm  50.7   6:44am    5    2  0.00   2  18   5:16pm  NW1006.0   69
18   66.6  81.2   3:39pm  53.8   6:49am    3    5  0.03   4  26   2:46pm WSW1004.4   67
19   68.2  80.1   6:40pm  51.7   6:10am    3    6  0.00   2  27   3:06pm  NW1008.6   49
20   77.5  90.7   4:10pm  65.0   2:27am    0   12  0.00   3  20   2:17pm WSW1008.0   55
21   77.7  88.2   4:46pm  67.3   4:53am    0   13  0.01   3  25   2:31pm WSW1010.4   67
22   76.9  85.1   3:02pm  69.8   6:45am    0   11  0.00   2  14   3:33pm   N1012.9   64
23   74.9  87.2   4:41pm  63.1   6:45am    0   10  0.00   1  11   9:35am   N1015.0   61
24   75.1  90.1   5:39pm  59.2   6:51am    1   11  0.00   1  11  12:03pm NNW1014.9   55
25   75.4  91.8   3:39pm  60.7   6:39am    1   11  0.00   1  17   4:16pm WSW1011.5   65
26   77.3  90.3   4:05pm  69.1   2:06am    0   12  0.00   4  21  12:25pm WSW1008.5   72
27   82.3  92.9   5:33pm  73.5   6:30am    0   17  0.00   3  19   2:28pm WSW1009.9   65
28   81.8  94.3   4:44pm  69.9   4:52am    0   17  0.00   1  10  11:06am ENE1014.9   59
29   81.7  94.0   4:03pm  68.4   6:27am    0   17  0.00   1  10   4:22pm   E1016.6   59
30   82.1  96.6   5:18pm  67.3   6:36am    0   17  0.00   1  11   1:31pm ENE1015.3   59
31   81.4  92.9   2:29pm  68.9   6:48am    0   16  0.00   1  12   4:31pm ENE1015.9   58
---------------------------------------------------------------------------------------
TOT  70.3  96.6  5/30/06  49.5   5/2/06   62  226  1.84   2  27  5/19/06   N1011.5   67

HEAT BASE: 65.0
COOL BASE: 65.0