NOAA-Style Climate Reports


Report for 2006 April
                  MONTHLY CLIMATOLOGICAL SUMMARY FOR 4/2006
                                        HEAT  COOL        
     MEAN                               DEG   DEG       WIND SPEED       DOM MEAN  MEAN
DAY  TEMP  HIGH   TIME     LOW   TIME   DAYS  DAYS RAIN AVG  HI  TIME    DIR BAROM HUM
---------------------------------------------------------------------------------------
1    70.7  82.2   4:44pm  61.5   6:43am    1    6  0.00   2  19   1:51pm   W1016.2   70
2    72.3  85.5   5:10pm  57.0   6:44am    2    9  0.00   1  12   5:03pm  SW1014.1   68
3    71.9  81.2   5:43pm  58.0  11:57pm    0    7  0.00   4  30   7:13pm  SW1010.2   61
4    59.0  72.7   5:32pm  46.7   7:36am    7    1  0.00   5  20  12:19am NNW1014.9   43
5    61.1  75.4   5:10pm  47.9   7:44am    6    2  0.00   4  22   3:08pm WNW1013.1   32
6    64.1  80.9   5:07pm  44.3   7:26am    6    6  0.00   0  13   3:04pm  SW1011.8   42
7    69.7  80.9   5:51pm  58.4   7:26am    2    6  0.00   2  22   5:15pm  SW1008.2   51
8    64.5  71.6   6:00pm  58.4  11:58pm    2    2  0.00   3  21   5:20am  SW1005.5   77
9    56.7  68.9   6:00pm  46.2   7:47am    9    0  0.00   2  20   9:07am   N1016.5   53
10   57.4  72.0   5:09pm  41.5   7:10am    9    1  0.00   0  12  12:30pm ENE1021.7   57
11   60.7  78.3   5:22pm  43.5   7:27am    7    3  0.00   0  12  12:16pm ENE1024.2   53
12   62.5  75.8   5:54pm  49.6   7:06am    6    3  0.00   1  10   2:01pm  SW1025.0   66
13   68.4  85.9   4:12pm  51.3   6:40am    4    8  0.00   1  12   1:16pm WSW1020.8   63
14   75.4  88.2   4:33pm  61.8   6:42am    0   10  0.00   3  17  11:20am WSW1013.2   52
15   76.1  89.5   5:25pm  62.7   7:40am    0   11  0.00   3  24   3:01pm WSW1008.3   50
16   74.1  85.3   3:24pm  62.6   7:25am    0    9  0.00   4  18  10:27am WSW1007.1   56
17   76.7  89.5   4:01pm  65.3   6:01am    0   12  0.00   3  26   4:13pm WSW1003.1   62
18   69.0  77.7   5:41pm  59.8   7:41am    1    5  0.00   1  14   4:29am   E1009.5   62
19   64.5  69.6   5:48pm  62.0   7:40am    1    1  0.11   1  25   3:34pm   E1010.3   88
20   70.0  87.4   5:04pm  60.2   5:23am    1    6  0.00   1  25  10:13pm ENE1013.2   79
21   71.7  84.1   4:53pm  62.1   7:30am    0    7  0.00   1  12   3:07pm  SW1013.9   80
22   68.2  76.7   6:28pm  62.9   3:03am    0    4  0.00   1  16   1:15am WSW1011.9   85
23   70.3  84.3   4:11pm  55.3   6:50am    3    8  0.00   2  21   3:22pm  NW1013.6   61
24   73.8  87.2   4:47pm  58.3   7:30am    1   10  0.00   2  17  11:40am WSW1011.2   55
25   75.1  85.1   4:01pm  64.2   6:47am    0   10  0.00   2  19   1:05pm WSW1008.6   61
26   68.9  78.5  11:38am  64.0  11:49pm    0    4  0.00   2  21   1:51pm WSW1008.0   82
27   66.2  75.4   4:12pm  56.7   7:27am    2    3  0.00   3  19   9:19am NNW1009.9   67
28   65.0  78.1   4:15pm  51.3   5:47am    4    4  0.00   0  10  12:02pm   E1017.4   59
29   60.3  67.1   2:06pm  53.2   6:43am    5    0  0.00   3  19  10:59am ENE1022.2   68
30   59.1  62.0   3:51pm  56.0  11:52pm    6    0  0.00   1  13  11:02am   E1022.5   57
---------------------------------------------------------------------------------------
TOT  67.4  89.5  4/15/06  41.5  4/10/06   87  159  0.11   2  30   4/3/06 WSW1013.5   62

HEAT BASE: 65.0
COOL BASE: 65.0