NOAA-Style Climate Reports


Report for 2006 March
                  MONTHLY CLIMATOLOGICAL SUMMARY FOR 3/2006
                                        HEAT  COOL        
     MEAN                               DEG   DEG       WIND SPEED       DOM MEAN  MEAN
DAY  TEMP  HIGH   TIME     LOW   TIME   DAYS  DAYS RAIN AVG  HI  TIME    DIR BAROM HUM
---------------------------------------------------------------------------------------
1    64.2  75.4   2:36pm  53.3   7:18am    4    3  0.00   3  20   2:49pm  SW1012.8   58
2    62.5  70.9   4:29pm  55.7   6:39am    3    1  0.00   3  21   4:08pm WSW1009.6   73
3    55.2  63.7   2:59pm  43.5  11:56pm   10    0  0.00   4  20   5:39pm NNW1014.5   44
4    48.4  64.2   4:53pm  32.5   6:33am   17    0  0.00   1  13  12:00am NNW1022.1   46
5    51.8  66.1   3:21pm  34.9   7:07am   13    0  0.00   1  11  12:12am  SW1022.0   38
6    58.5  70.3   3:07pm  50.7   4:01am    7    1  0.05   4  30   4:39pm NNW1014.1   53
7    51.6  62.9   4:44pm  40.5   7:19am   13    0  0.00   2  17   2:07am NNW1019.3   47
8    54.1  67.9   2:37pm  38.3   7:03am   11    0  0.00   2  17   1:44pm  SW1018.5   52
9    58.2  69.6   5:26pm  43.5   7:04am    8    1  0.00   3  25   9:43pm   S1011.1   63
10   64.4  74.6   4:05pm  56.2   6:52am    3    2  0.06   2  24  12:06am  SW1011.9   78
11   69.6  81.1   2:19pm  62.1   6:04am    1    6  0.00   2  18   3:14pm  SW1018.7   74
12   71.6  82.8   3:45pm  60.4   7:15am    1    7  0.00   2  19  12:58pm  SW1018.1   65
13   68.1  77.2   4:31pm  60.9   6:25am    1    4  0.00   3  21   9:25am  SW1012.7   75
14   61.1  70.3  12:51am  47.4   6:25am    5    1  0.00   6  30  12:40pm NNW1012.2   47
15   52.6  64.8   3:30pm  39.3   6:50am   12    0  0.00   2  18  12:18pm  NW1021.9   34
16   55.0  67.9   4:54pm  41.8   4:08am   10    0  0.00   2  14   4:16pm  SW1018.7   46
17   61.1  72.0   3:36pm  51.4  11:57pm    5    1  0.00   6  21   4:58pm NNW1014.7   50
18   52.7  64.3   4:21pm  42.5   6:46am   12    0  0.00   1  10  12:00am NNW1018.4   55
19   52.1  61.0   2:48pm  45.1   5:46am   13    0  0.00   2  13   6:55pm  SW1018.2   46
20   47.1  49.9   1:22pm  40.3  11:42pm   18    0  0.00   3  17   2:44pm ENE1015.2   72
21   47.4  56.9   5:41pm  40.5  12:00am   18    0  0.00   3  22   9:41pm ENE1008.1   88
22   49.3  62.3   5:00pm  38.3   6:52am   15    0  0.00   4  22  12:00am  NW1016.5   54
23   46.9  53.6   2:50pm  39.8   6:44am   18    0  0.00   2  13  11:59am ENE1019.0   56
24   46.1  52.6   2:33pm  41.2  11:22pm   19    0  0.00   5  26   3:58pm NNW1015.6   62
25   43.6  53.6   3:32pm  35.3   6:50am   21    0  0.00   5  26   1:12pm NNW1017.6   51
26   45.5  59.0   4:31pm  33.5   6:43am   19    0  0.00   3  17   3:21pm NNW1020.5   48
27   48.6  63.2   3:58pm  31.9   6:48am   16    0  0.00   1  12   5:26pm NNW1024.5   51
28   50.7  58.6   5:30pm  43.9   6:48am   14    0  0.00   1  16   5:28pm  SW1021.7   80
29   58.5  74.0   5:16pm  48.5   3:57am    8    2  0.00   1  13   3:28pm ENE1020.4   76
30   63.4  76.1   3:03pm  51.7   5:04am    5    3  0.01   2  12   3:07pm ENE1021.8   65
31   67.6  78.6   3:10pm  57.6   4:26am    2    5  0.00   3  17  11:58am  SW1021.0   70
---------------------------------------------------------------------------------------
TOT  55.7  82.8  3/12/06  31.9  3/27/06  324   37  0.12   3  30   3/6/06  SW1017.2   59

HEAT BASE: 65.0
COOL BASE: 65.0