NOAA-Style Climate Reports


Report for 2006 February
                  MONTHLY CLIMATOLOGICAL SUMMARY FOR 2/2006
                                        HEAT  COOL        
     MEAN                               DEG   DEG       WIND SPEED       DOM MEAN  MEAN
DAY  TEMP  HIGH   TIME     LOW   TIME   DAYS  DAYS RAIN AVG  HI  TIME    DIR BAROM HUM
---------------------------------------------------------------------------------------
1    44.7  57.8   4:04pm  31.9   7:02am   20    0  0.00   1   7   1:03pm NNW1015.3   64
2    46.7  53.3   4:26pm  40.3   3:26am   18    0  0.15   1  16   1:59pm ENE1008.3   85
3    57.9  70.8   3:10pm  48.2   8:08am    8    1  0.00   1  11  10:14pm WSW1005.2   80
4    50.4  60.9   6:19am  36.2   1:34am   15    0  0.05   4  28  11:23am  NW1002.5   77
5    38.2  46.2   2:31pm  31.0   7:40am   27    0  0.00   4  25   9:45am WNW1012.2   53
6    38.5  41.3  10:26pm  34.3   2:25am   25    0  1.28   1  12   5:20am WNW1017.9   79
7    45.0  56.6   4:26pm  38.5   7:50am   20    0  0.00   3  19   4:43pm NNW1017.0   63
8    41.9  51.0   3:53pm  32.1   7:43am   23    0  0.00   3  21   2:17pm NNW1018.7   43
9    42.1  49.6   3:00pm  34.0  11:59pm   23    0  0.00   3  19  10:34am NNW1019.7   53
10   40.6  53.6   2:09pm  27.2   6:39am   24    0  0.00   1  14  12:26pm  SW1020.9   58
11   41.1  45.1  12:00am  34.0  11:58pm   24    0  0.00   3  25   4:41pm NNW1010.3   89
12   35.4  41.8   3:18pm  30.7  11:41pm   30    0  0.00   5  24   3:00pm  NW1014.9   66
13   34.2  42.5   4:32pm  27.3   7:22am   30    0  0.00   3  22   9:23am WSW1021.2   60
14   43.7  59.5   4:09pm  30.4   4:59am   21    0  0.00   2  16   2:26pm WSW1023.3   44
15   49.6  66.8   3:11pm  34.9   6:56am   15    0  0.00   1  12   3:15pm  SW1024.4   55
16   57.0  72.7   3:05pm  44.3   4:13am    9    1  0.00   1  16   2:49pm SSE1022.9   58
17   57.4  65.5   3:35pm  49.5  11:57pm    8    0  0.00   3  17   8:09am  SW1021.2   69
18   45.7  50.8  11:49am  38.0  11:37pm   19    0  0.12   2  13   1:16pm NNW1021.5   81
19   38.4  41.3   4:50pm  36.6   8:22am   27    0  0.00   2  11  10:10am ENE1026.3   77
20   41.6  46.5  11:43pm  36.6   6:32am   23    0  0.17   1  11  11:44am  SW1020.6   88
21   50.7  59.8   4:25pm  44.8   3:49am   14    0  0.00   2  16   1:10pm   W1016.6   78
22   53.9  59.3   2:25pm  46.1  12:47am   11    0  1.17   1  12   8:56am NNW1013.1   94
23   54.9  58.6   3:18pm  46.7  11:54pm   10    0  0.34   3  18   3:59pm NNW1015.7   73
24   53.2  66.8   4:17pm  40.5   7:17am   12    0  0.00   1  13  12:08pm NNW1024.2   42
25   49.2  53.5  12:00am  46.2  11:14am   16    0  0.00   0   8   5:29pm  NE1020.3   78
26   48.0  56.5   3:54pm  36.5  11:59pm   17    0  0.00   4  19   5:22pm NNW1020.0   55
27   43.7  59.2   4:29pm  27.9   6:53am   21    0  0.00   3  18   4:53pm  SW1022.7   42
28   56.2  69.6   3:45pm  43.1   4:15am    9    1  0.00   3  21  11:20am WSW1015.7   49
---------------------------------------------------------------------------------------
TOT  46.5  72.7  2/16/06  27.2  2/10/06  520    3  3.28   2  28   2/4/06 NNW1017.6   66

HEAT BASE: 65.0
COOL BASE: 65.0