NOAA-Style Climate Reports


Report for 2006 January
                  MONTHLY CLIMATOLOGICAL SUMMARY FOR 1/2006
                                        HEAT  COOL        
     MEAN                               DEG   DEG       WIND SPEED       DOM MEAN  MEAN
DAY  TEMP  HIGH   TIME     LOW   TIME   DAYS  DAYS RAIN AVG  HI  TIME    DIR BAROM HUM
---------------------------------------------------------------------------------------
1    49.1  66.4   2:54pm  33.2   7:43am   16    0  0.21   1  10   6:52pm ENE1015.8   76
2    55.5  60.9  12:30pm  52.2  11:16pm   10    0  0.00   1  13   1:00pm  NE1010.0  100
3    51.8  58.6   1:30pm  44.5  11:59pm   13    0  0.01   3  25   1:31pm NNW1010.7   81
4    50.1  65.5   3:36pm  37.0   7:56am   15    0  0.00   0  10   2:25pm  SW1014.3   78
5    51.4  64.0  12:55pm  40.8  11:41pm   14    0  0.00   4  25   6:25pm  NW1007.2   69
6    40.5  47.0  12:03pm  32.9  11:54pm   23    0  0.00   5  21   5:03pm NNW1012.1   61
7    38.4  50.5   3:17pm  28.7   6:35am   27    0  0.00   2  16   3:04pm  NW1017.8   54
8    47.4  65.5   3:41pm  31.5   6:46am   18    0  0.00   2  21   4:14pm  SW1018.7   60
9    58.6  71.5   4:24pm  47.4   3:06am    8    1  0.00   2  18  11:59am  SW1022.4   77
10   56.9  70.8   4:04pm  44.5   8:03am    9    1  0.00   0  11   3:42pm ESE1024.9   79
11   59.0  64.8   3:53pm  51.3  11:59pm    6    0  0.35   1  16  10:03am  SW1018.7   88
12   56.5  70.1   3:40pm  47.3   8:00am    9    1  0.01   1  16   2:53pm  SW1016.9   81
13   53.8  64.7  12:30pm  42.2  11:58pm   11    0  0.73   3  32   6:28pm   S1008.5   87
14   39.1  42.6   1:29pm  34.6  11:56pm   26    0  0.00   9  39  11:32am NNW1009.0   62
15   44.3  58.1   2:50pm  32.4   3:40am   21    0  0.00   2  22  12:00am   W1014.8   46
16   52.5  61.6   4:16pm  42.3   7:50am   12    0  0.03   1  13  10:50am  SW1012.5   64
17   56.2  66.4   5:12pm  51.9   6:15am    9    0  0.00   2  29  11:53pm   S1006.2   85
18   43.3  52.2  12:00am  33.7   7:51am   22    0  0.00   4  29  12:00am WNW1018.8   59
19   46.0  64.0   3:04pm  31.3   7:52am   19    0  0.00   1  14   1:58pm  SW1026.9   61
20   48.0  63.5   3:27pm  32.8   7:38am   17    0  0.00   1  10  12:35pm  SW1025.5   73
21   57.2  64.2   3:58pm  52.0  12:00am    8    0  0.11   0   7   9:14am  NW1022.6   94
22   52.3  59.8  12:00am  43.1  11:37pm   13    0  0.00   2  16   2:52pm ENE1026.4   97
23   46.0  51.4  11:59pm  41.1   7:04am   18    0  0.00   2  14   6:59am   N1019.2  100
24   52.9  60.7   3:38pm  47.7   8:08am   12    0  0.00   3  26   3:57pm WNW1015.2   69
25   48.4  55.3   1:50pm  39.2  11:49pm   17    0  0.00   5  31   3:38pm NNW1019.7   37
26   44.1  60.1   3:43pm  32.4   8:00am   21    0  0.00   1  13   9:28am NNW1027.7   44
27   43.6  54.7   3:31pm  35.6   7:59am   21    0  0.00   1   8   9:45am ENE1033.8   48
28   48.5  64.7   4:07pm  32.7   7:59am   17    0  0.00   0  13   2:43pm  NE1028.1   63
29   57.4  64.5   5:11pm  51.7   1:35am    8    0  0.00   3  18  10:02am  SW1012.7   88
30   54.5  67.4   2:32pm  44.1   8:03am   11    0  0.00   2  30   3:27pm  SW1007.5   83
31   47.5  57.5   3:45pm  40.5   7:53am   18    0  0.00   2  21  12:51am  NW1012.6   57
---------------------------------------------------------------------------------------
TOT  50.0  71.5   1/9/06  28.7   1/7/06  465    3  1.45   2  39  1/14/06  NW1017.3   72

HEAT BASE: 65.0
COOL BASE: 65.0