NOAA-Style Climate Reports


Report for 2005 December
                  MONTHLY CLIMATOLOGICAL SUMMARY FOR 12/2005
                                        HEAT  COOL        
     MEAN                               DEG   DEG       WIND SPEED       DOM MEAN  MEAN
DAY  TEMP  HIGH   TIME     LOW   TIME   DAYS  DAYS RAIN AVG  HI  TIME    DIR BAROM HUM
---------------------------------------------------------------------------------------
1    44.4  56.7  12:59pm  34.0   7:51am   21    0  0.00   2  21   4:11pm NNW1014.1   62
2    42.2  53.3   3:29pm  32.8   7:31am   23    0  0.00   2  18  12:00am  NW1018.4   51
3    37.8  43.3  12:50pm  30.6   7:17am   27    0  0.00   1   8   3:28pm ENE1019.3   80
4    54.8  70.6   3:42pm  40.9  12:00am   11    1  0.59   2  21   5:57am NNW1013.3   93
5    53.5  59.6   8:54am  38.0   2:40am   11    0  0.00   2  19  10:31pm NNW1011.2   99
6    39.8  51.9   3:21pm  31.2   7:35am   25    0  0.00   2  14  12:01pm NNW1022.1   66
7    40.5  52.9   1:59pm  29.3   5:28am   24    0  0.00   1   7   9:52am ENE1029.1   62
8    40.4  43.8   5:08am  36.0   9:49pm   25    0  0.19   3  18  10:52am ENE1029.2   81
9    41.1  49.9   2:28pm  32.7  11:57pm   24    0  0.00   3  17   8:48am  NW1022.9   73
10   40.0  55.3   3:28pm  27.3   6:41am   25    0  0.00   1  12   1:35pm  SW1018.5   70
11   42.7  52.6   3:31pm  34.3   7:39am   22    0  0.00   3  24  11:27am  NW1012.0   68
12   44.9  57.0   2:37pm  34.9   7:23am   41    0  0.00   4  26   3:29pm NNW1012.1   64
13   42.3  53.8   3:30pm  33.8   7:46am   23    0  0.00   1  15  12:04am NNW1019.7   63
14   35.2  37.5  12:00am  31.5  11:57pm   30    0  0.00   2  13  10:26am ENE1023.9   67
15   34.2  38.8   9:53pm  30.9  12:59am   31    0  0.01   1  13   9:12pm NNW1012.1   99
16   39.7  48.6   3:08pm  33.2   6:51am   25    0  0.01   2  16   1:26pm NNW1017.3   78
17   42.2  45.4   3:23pm  39.5  11:56pm   22    0  0.00   3  13  12:23pm ENE1027.2   66
18   43.8  54.8   3:25pm  38.0  11:58pm   21    0  0.03   2  16   9:33am ENE1027.5   66
19   42.5  57.0   1:43pm  30.9   7:54am   22    0  0.00   1  22   2:08pm  NW1024.9   67
20   39.1  50.5   4:14pm  30.4   5:55am   26    0  0.00   2  12   6:54pm NNW1022.6   61
21   37.8  50.7   3:58pm  28.4   7:24am   27    0  0.00   1  10   7:21pm NNW1022.6   52
22   37.1  54.2   2:59pm  24.2   8:01am   28    0  0.00   1  10   3:02pm   N1024.5   55
23   38.8  59.2   3:28pm  23.9   8:05am   26    0  0.00   1  13  11:55am  SW1020.5   61
24   41.7  57.6   3:24pm  25.6   7:14am   23    0  0.06   1  12  12:26pm  SW1013.5   71
25   48.9  54.8  12:19pm  45.7  11:58pm   16    0  0.00   4  24  12:30pm WSW1002.4   86
26   44.1  50.5   2:34pm  38.0  11:56pm   21    0  0.00   5  22  11:50am  NW1011.9   72
27   47.5  66.1   3:17pm  32.5   5:05am   18    0  0.00   2  17  11:39am  NW1015.1   67
28   50.4  58.3   3:19pm  41.6   4:29am   15    0  0.14   1  14  10:29am  SW1005.5   92
29   47.6  53.5  12:00am  40.3  11:42pm   17    0  0.00   3  22  12:02pm  NW1003.7   76
30   46.2  62.3   3:15pm  34.9   7:31am   19    0  0.00   1  19   2:17pm  NW1011.0   75
31   52.5  61.0   2:37pm  41.8  10:57pm   12    0  0.02   2  19  11:39am  SW1011.3   65
---------------------------------------------------------------------------------------
TOT  43.0  70.6  12/4/05  23.9 12/23/05  701    1  1.05   2  26 12/12/05 NNW1017.4   71

HEAT BASE: 65.0
COOL BASE: 65.0