NOAA-Style Climate Reports


Report for 2005 November
                  MONTHLY CLIMATOLOGICAL SUMMARY FOR 11/2005
                                        HEAT  COOL        
     MEAN                               DEG   DEG       WIND SPEED       DOM MEAN  MEAN
DAY  TEMP  HIGH   TIME     LOW   TIME   DAYS  DAYS RAIN AVG  HI  TIME    DIR BAROM HUM
---------------------------------------------------------------------------------------
1    60.6  75.6   2:28pm  48.2  12:00am    7    2  0.00   0   8  12:36pm WSW1017.1   71
2    60.3  74.0   3:01pm  47.6  11:56pm    7    2  0.00   1  11   1:18am NNW1018.9   68
3    54.9  74.0   3:29pm  39.9   6:54am   11    2  0.00   1  11  12:40pm NNW1024.3   71
4    59.1  76.7   3:05pm  44.2   6:12am    9    3  0.00   1  17   1:02pm WSW1019.9   77
5    61.0  75.1   1:49pm  50.7   6:56am    6    2  0.00   0  11  12:51pm  SW1018.4   84
6    62.8  77.4   3:04pm  53.1   3:01am    5    3  0.00   1  14   1:11pm WSW1018.0   89
7    64.5  80.9   3:49pm  53.8  11:53pm    4    4  0.01   0   8   2:43pm  NW1021.2   77
8    63.3  82.8   3:06pm  47.3   5:44am    6    5  0.00   1   8  12:11pm WSW1020.7   79
9    69.5  81.1   2:54pm  57.0  12:00am    1    6  0.00   1  17   1:52pm  SW1016.9   71
10   63.0  69.4   2:49pm  47.4  11:59pm    3    1  0.00   4  20   2:05pm NNW1014.6   40
11   50.1  66.8   2:59pm  36.5   7:21am   15    0  0.00   1  11   2:27pm   N1021.5   53
12   52.1  70.3   4:00pm  35.6   7:05am   14    1  0.00   1   8  11:10am   E1023.1   59
13   60.5  72.7   3:11pm  48.6   1:39am    6    2  0.00   1  10  11:48am ENE1023.5   73
14   67.0  79.2   1:38pm  58.9   2:10am    2    4  0.00   1  12   1:39pm WSW1021.7   78
15   68.0  78.3   2:48pm  60.4   2:10am    1    4  0.00   1  13  11:36am  SW1018.6   85
16   60.0  68.9  12:00am  43.2  11:56pm    6    1  0.00   4  21   3:36pm  NW1017.0   77
17   44.1  56.3   3:27pm  35.6   7:26am   20    0  0.00   4  21  12:00am NNW1023.5   52
18   39.6  54.2   3:19pm  28.2   7:18am   25    0  0.00   1  10   9:42am NNW1026.6   56
19   43.1  58.7   3:26pm  29.0   6:05am   22    0  0.00   1  13  11:22am NNW1025.3   54
20   52.5  58.9   3:56pm  48.9   6:05am   12    0  0.00   1  11  10:53am ENE1021.8   59
21   51.4  55.4   2:52pm  42.1  11:10pm   14    0  1.72   3  34  10:51pm ENE1004.0   99
22   43.8  50.4  11:49am  38.0  11:53pm   21    0  0.00   6  32   1:46pm  NW1005.2   73
23   44.3  53.1   7:44pm  33.7   7:20am   21    0  0.00   2  16   1:08pm  SW1008.3   61
24   55.9  67.9   2:52pm  45.4   1:54am    9    0  0.00   4  26   2:07pm  SW1004.3   56
25   46.7  57.0   4:07pm  38.8  10:20pm   18    0  0.00   2  16   1:14am NNW1018.5   43
26   46.8  57.8   1:43pm  37.2   5:37am   18    0  0.00   1   8   9:07am ENE1023.3   70
27   48.3  51.4   3:51pm  44.5   5:12am   17    0  0.00   3  16   2:30pm ENE1018.5   79
28   55.4  66.4  11:47pm  48.6  12:00am   10    0  0.00   2  13   8:23pm ENE1012.7  100
29   58.3  66.8   3:16pm  45.8  11:55pm    7    0  0.48   3  19  10:31pm  NW1009.8   75
30   47.0  60.2   3:38pm  38.2   7:38am   18    0  0.00   3  17  12:00am  NW1014.5   58
---------------------------------------------------------------------------------------
TOT  55.1  82.8  11/8/05  28.2 11/18/05  337   43  2.21   2  32 11/22/05  NW1017.7   70

HEAT BASE: 65.0
COOL BASE: 65.0