NOAA-Style Climate Reports


Report for 2005 October
                  MONTHLY CLIMATOLOGICAL SUMMARY FOR 10/2005
                                        HEAT  COOL        
     MEAN                               DEG   DEG       WIND SPEED       DOM MEAN  MEAN
DAY  TEMP  HIGH   TIME     LOW   TIME   DAYS  DAYS RAIN AVG  HI  TIME    DIR BAROM HUM
---------------------------------------------------------------------------------------
1    72.7  84.5   3:34pm  63.4   3:06am    0    8  0.00   2  11  10:01am ENE1020.6   69
2    74.3  82.2   4:19pm  67.8   7:32am    0    9  0.00   2  13  11:53am ENE1022.2   78
3    75.5  84.7   4:37pm  67.6   8:06am    0   11  0.00   3  18   2:17pm ENE1021.8   64
4    75.4  84.5   4:14pm  66.9   7:32am    0   10  0.00   3  16   5:40pm ENE1020.1   66
5    72.7  77.9   1:55pm  67.4   7:40am    0    8  0.00   4  19  12:13pm ENE1016.6   79
6    69.9  71.8  12:00am  68.1   8:58am    0    5  0.51   5  25   4:47am ENE1009.3   98
7    71.0  72.8  12:16pm  69.9  12:00am    0    6  0.94   1  10   1:29am  NE1004.8  100
8    73.4  83.2   3:26pm  66.9  11:52pm    0    8  0.00   2  11   4:51pm NNW1002.6   87
9    69.1  72.5   4:21pm  66.0   2:06am    0    4  0.01   1  11  11:25pm ENE1007.0   92
10   69.8  72.0   5:30pm  68.3   6:16am    0    5  0.00   2  11  12:00am ENE1010.6   93
11   70.1  76.0   3:31pm  66.8   7:47am    0    5  0.00   1  11   3:30pm  NE1012.2   88
12   70.0  77.4   5:07pm  65.5  11:50pm    0    5  0.00   1  12   9:15am ENE1013.3   86
13   67.6  78.3   5:25pm  63.9   9:22am    0    3  0.00   1   8   9:35am  NE1014.3   89
14   68.9  81.8   4:41pm  58.4   7:46am    2    6  0.00   2  13   2:39pm NNW1013.5   80
15   67.3  81.4   5:20pm  54.2   7:41am    3    5  0.00   2  13   2:30pm NNW1012.3   70
16   65.5  77.7   5:06pm  52.3   8:12am    3    4  0.00   1  11   8:49pm NNW1012.3   62
17   60.4  75.6   4:38pm  46.5   7:41am    7    2  0.00   1   8   2:07pm NNW1013.6   64
18   65.2  84.0   3:14pm  47.7   7:18am    6    6  0.00   1  11  12:47pm  NW1012.6   70
19   69.4  85.1   4:47pm  55.7   7:19am    3    7  0.00   1  14   2:24pm  NW1013.4   78
20   70.6  84.7   3:17pm  59.2   7:45am    1    7  0.00   1  14   3:41pm WSW1012.6   77
21   70.2  82.2   4:31pm  59.2   7:39am    2    7  0.00   1  13   3:30pm WSW1009.7   76
22   64.4  71.3   2:54pm  52.5  11:59pm    2    2  0.00   4  19   2:35pm  NW1006.7   78
23   56.5  71.8   4:49pm  43.5   7:45am   10    1  0.00   1   8   1:13am NNW1009.8   75
24   51.6  58.3   3:12pm  45.4   8:23am   13    0  0.00   6  26  12:09pm NNW1007.9   64
25   48.8  55.9   4:01pm  43.2   6:21am   16    0  0.00   4  26   1:05pm NNW1010.0   67
26   49.8  63.2   4:17pm  38.3   8:13am   15    0  0.00   1  11   4:02pm NNW1016.6   70
27   49.3  62.4   5:22pm  37.6   5:46am   15    0  0.00   1   8  12:10pm ENE1020.1   77
28   50.3  65.0   3:50pm  38.5   8:09am   15    0  0.00   1  10  10:36am NNW1022.2   76
29   51.9  65.0   4:28pm  41.3   8:09am   13    0  0.00   1   8   9:59am ENE1026.2   73
30   53.0  73.2   3:19pm  37.0   8:01am   13    1  0.01   0   7  12:58pm WSW1027.5   75
31   54.3  73.7   3:35pm  39.3   6:50am   12    2  0.00   0  10  12:49pm  NW1024.3   71
---------------------------------------------------------------------------------------
TOT  65.9  85.1 10/19/05  37.0 10/30/05  151  136  1.47   2  26 10/24/05 NNW1015.2   77

HEAT BASE: 65.0
COOL BASE: 65.0