NOAA-Style Climate Reports


Report for 2005 September
                  MONTHLY CLIMATOLOGICAL SUMMARY FOR 9/2005
                                        HEAT  COOL        
     MEAN                               DEG   DEG       WIND SPEED       DOM MEAN  MEAN
DAY  TEMP  HIGH   TIME     LOW   TIME   DAYS  DAYS RAIN AVG  HI  TIME    DIR BAROM HUM
---------------------------------------------------------------------------------------
1    77.6  90.1   4:33pm  65.6   7:05am    0   13  0.00   2  10  10:59am NNW1012.2   69
2    78.0  89.5   3:50pm  66.4   7:04am    0   13  0.00   1  12   3:37pm NNW1015.0   70
3    78.3  87.6   4:44pm  69.4   6:39am    0   13  0.00   1  14  11:12am   N1015.7   70
4    76.9  88.8   4:09pm  66.8   6:28am    0   12  0.00   2  11   9:52am  NE1017.0   66
5    74.5  82.0   2:22pm  67.3   7:16am    0   10  0.00   3  16   2:24pm ENE1020.7   65
6    72.5  81.8   3:52pm  63.9   7:16am    0    7  0.00   4  20  11:55am ENE1021.8   67
7    74.3  84.5   4:30pm  64.5   7:27am    0    9  0.00   2  19   5:01pm ENE1019.8   65
8    75.2  86.3   5:10pm  63.9   7:27am    0   10  0.00   2  11   3:45pm   N1016.5   68
9    75.0  87.6   4:39pm  63.1   7:21am    0   10  0.00   2  16   2:08pm NNW1014.7   67
10   74.7  87.8   5:17pm  61.8   7:29am    0   10  0.00   2  14   3:04pm NNW1017.0   67
11   75.0  85.3   4:22pm  66.4   7:24am    0   10  0.00   2  17   3:28pm  NE1019.7   65
12   72.3  87.0   5:46pm  61.8   7:32am    0    7  0.00   2  13  11:25am ESE1018.2   72
13   76.7  90.3   5:02pm  64.7   7:21am    0   12  0.00   2  14   2:57pm   N1013.1   65
14   77.8  90.5   4:23pm  65.5   7:20am    0   13  0.00   2  16   1:40pm NNW1011.3   65
15   80.8  93.4   4:38pm  68.4   7:36am    0   16  0.00   1  14   2:57pm NNW1013.2   67
16   81.4  92.1   3:59pm  72.7   6:33am    0   16  0.00   2  24  11:53am NNW1014.2   68
17   81.5  90.1   4:36pm  78.5  12:00am    0   17  0.00   3  14   3:29pm WSW1013.4   69
18   79.3  90.3   3:46pm  69.6   7:02am    0   14  0.00   2  17   2:49pm NNW1015.0   61
19   76.9  93.6   5:34pm  61.3   6:33am    1   12  0.00   1   8   2:32pm   N1018.4   62
20   78.4  93.4   4:36pm  66.8   7:41am    0   13  0.00   1   8   1:29am NNW1018.1   71
21   79.7  92.5   4:58pm  68.9   8:12am    0   15  0.00   1  11   5:48pm NNW1016.0   73
22   78.1  88.6   4:41pm  69.4   8:12am    0   13  0.00   1  11  12:43pm   E1015.5   77
23   77.0  88.2   4:20pm  67.9   6:47am    0   12  0.12   1  10  12:31pm ENE1015.7   79
24   76.8  88.0   2:13pm  66.9   7:45am    0   12  0.10   1  12   2:22pm   E1016.9   78
25   76.7  88.4   4:03pm  68.3   5:55am    0   12  0.01   1  16   3:03pm   E1017.2   74
26   75.1  79.6   4:29pm  71.1   6:02am    0   10  0.00   1  13  12:35pm  SW1012.5   82
27   77.1  86.7   3:11pm  68.1   7:47am    0   12  0.00   1  12   3:11pm ENE1012.4   79
28   73.5  79.6   2:09pm  68.9   6:30am    0    8  0.00   1  14   1:38pm ENE1014.6   87
29   76.8  87.2   3:16pm  70.3  11:57pm    0   12  0.00   2  19   3:31pm  NW1012.5   80
30   70.6  79.4   5:09pm  65.3   7:27am    0    5  0.00   2  13   9:33am ENE1016.0   66
---------------------------------------------------------------------------------------
TOT  76.6  93.6  9/19/05  61.3  9/19/05    2  349  0.23   2  21  9/16/05 ENE1015.8   70

HEAT BASE: 65.0
COOL BASE: 65.0