NOAA-Style Climate Reports


Report for 2005 August
                  MONTHLY CLIMATOLOGICAL SUMMARY FOR 8/2005
                                        HEAT  COOL        
     MEAN                               DEG   DEG       WIND SPEED       DOM MEAN  MEAN
DAY  TEMP  HIGH   TIME     LOW   TIME   DAYS  DAYS RAIN AVG  HI  TIME    DIR BAROM HUM
---------------------------------------------------------------------------------------
1    76.8  84.7   6:29pm  70.9   5:15am    0   12  0.02   2  10   4:38pm ENE1017.1   85
2    78.7  87.6   4:54pm  69.3   6:52am    0   14  0.00   1  10  11:00am ENE1015.8   77
3    80.7  91.2   3:21pm  69.6   6:53am    0   16  0.00   1  10   2:20pm NNW1014.5   73
4    81.0  93.8   3:11pm  72.7   7:03am    0   16  0.05   1  12   8:01pm NNW1015.9   78
5    78.2  91.6   2:49pm  72.0   4:14am    0   13  0.00   1  20   6:30pm NNW1017.1   78
6    77.5  90.3   4:40pm  69.8   5:22am    0   13  0.00   1  13   5:57pm   E1016.3   79
7    73.2  78.5  11:42am  71.5   3:47am    0    8  0.46   1  11  11:46am ENE1015.6   95
8    73.8  84.1   2:53pm  70.6   5:56am    0    9  0.40   2  13   6:05pm  NE1015.2   96
9    76.5  85.9   6:28pm  71.8   2:49am    0   11  0.22   1   8   9:22am ENE1014.8   92
10   77.1  84.9  12:37pm  72.5  10:40pm    0   12  0.01   1  16  10:10pm ENE1014.1   92
11   78.8  91.2   4:18pm  69.4   7:08am    0   14  0.02   0  16   6:26pm NNW1014.6   85
12   82.0  92.9   5:51pm  72.3   6:42am    0   17  0.00   0  11  10:13pm   E1014.3   78
13   81.0  92.7   5:09pm  72.5   6:58am    0   16  0.01   1  16   6:30pm NNW1012.6   79
14    0.0  83.0   9:55am  83.0   9:55am    0    0  0.00   0   0   9:55am ---   0.0    0
15   89.7  95.1   4:10pm  72.5   6:42am    0   14  0.00   1   8   1:47pm ENE1015.7   64
16   82.8  92.9  12:20pm  76.3   6:52am    0   18  0.01   0  13   6:06pm NNW1014.9   80
17   82.2  95.1   4:40pm  73.3   7:06am    0   17  0.01   1  17   6:38pm WSW1012.5   78
18   79.8  91.0   4:51pm  72.0   5:31am    0   15  0.01   1  19   9:46pm WSW1013.4   84
19   79.2  93.2   2:59pm  71.5   6:27am    0   14  0.05   1  14   3:56pm WSW1015.2   84
20   84.8  97.1   3:32pm  73.7   6:27am    0   20  0.00   1  10   1:41pm  NW1015.3   76
21   87.1  98.2   4:47pm  78.3   6:41am    0   22  0.00   1  12  12:02pm NNW1012.7   72
22   81.4  95.4   4:27pm  70.9  11:33pm    0   15  0.00   2  25   8:06pm   E1010.5   78
23   78.4  89.9   2:57pm  70.8   6:36am    0   13  0.00   1   8   2:41pm WSW1011.1   85
24   77.9  86.7   5:26pm  72.8   5:15am    0   13  0.00   1  11   6:13pm ENE1013.8   88
25   77.9  84.9   1:54pm  73.2   6:46am    0   13  0.00   2  12   2:13pm ENE1017.9   82
26   76.4  84.5   3:25pm  68.3   7:20am    0   11  0.00   1  12   1:11pm ENE1015.3   75
27   77.6  88.0   4:06pm  66.8   6:58am    0   13  0.00   1  10  11:45am ENE1010.9   77
28   80.6  90.7   4:17pm  71.8   7:10am    0   16  0.00   1  11   2:35pm   E1010.2   78
29   79.2  89.9   3:28pm  74.2   7:02am    0   14  0.15   1  17   6:04pm ENE1008.7   85
30   81.3  89.7   3:37pm  76.5   2:40am    0   16  0.04   4  26   2:05pm  SW1004.4   81
31   80.1  89.5   4:11pm  72.3   7:05am    0   15  0.00   3  17   1:01pm  NW1007.9   70
---------------------------------------------------------------------------------------
TOT  79.6  98.2  8/21/05  66.8  8/27/05    0  430  1.46   1  26  8/30/05 WSW1013.6   81

HEAT BASE: 65.0
COOL BASE: 65.0