NOAA-Style Climate Reports


Report for 2005 July
                  MONTHLY CLIMATOLOGICAL SUMMARY FOR 7/2005
                                        HEAT  COOL        
     MEAN                               DEG   DEG       WIND SPEED       DOM MEAN  MEAN
DAY  TEMP  HIGH   TIME     LOW   TIME   DAYS  DAYS RAIN AVG  HI  TIME    DIR BAROM HUM
---------------------------------------------------------------------------------------
1    78.1  93.8   3:53pm  71.5   6:05am    0   13  0.53   2  28   4:58pm   N1008.4   87
2    79.8  93.4   5:08pm  69.8   6:36am    0   15  0.00   1  12   1:27pm WSW1008.0   78
3    78.4  85.5   6:16pm  72.5   7:16am    0   13  0.02   2  13   3:16pm ENE1011.6   82
4    77.2  85.7   6:46pm  72.1  11:45pm    0   12  0.29   1  20  10:09pm   E1016.2   89
5    78.9  90.7   4:16pm  69.6   6:31am    0   14  0.00   2  17   6:01pm WSW1015.4   83
6    77.9  86.5   4:10pm  70.4   6:47am    0   13  0.02   2  14  11:52pm NNW1013.3   81
7    72.8  77.7   3:02pm  69.1   1:48am    0    8  3.29   3  21   3:58am  SW1010.3   92
8    76.8  89.7   5:31pm  65.2   6:51am    0   11  0.01   1   8  12:45pm   E1014.1   75
9    77.6  89.7   2:47pm  68.6   6:51am    0   13  0.00   1  16   5:42pm ENE1016.0   81
10   75.7  80.9   1:43pm  70.6   9:44pm    0   11  0.36   2  16   4:49pm ENE1015.7   89
11   80.0  89.3   4:47pm  72.8  12:00am    0   15  0.00   3  22   3:58am   E1013.0   87
12   78.7  89.5   3:12pm  72.5  11:49pm    0   14  0.00   2  21   6:09pm  SW1015.9   87
13   77.2  87.0   2:04pm  70.8   6:22am    0   12  0.00   2  20   7:44pm  SW1013.1   87
14   77.0  87.6   4:15pm  72.5   4:54am    0   11  0.00   2  18   7:23pm  SW1011.2   86
15   76.8  88.0   3:40pm  71.6   2:19am    0   12  0.21   1  13   5:24pm  SW1013.8   87
16   78.2  88.4   5:14pm  71.5   4:52am    0   13  0.00   2  12  12:51pm WSW1017.2   85
17   81.6  89.7   1:48pm  74.2   6:47am    0   17  0.00   1  13   3:55pm NNW1017.4   80
18   84.0  94.3   4:53pm  74.4   6:41am    0   19  0.00   1  13  10:27pm WSW1016.4   76
19   81.3  92.3   3:20pm  73.9   6:41am    0   16  0.02   2  19   4:54pm WSW1016.2   80
20   80.8  93.2   5:09pm  73.5   6:27am    0   16  0.01   1  20   6:14pm WSW1016.6   82
21   81.0  94.7   4:03pm  74.4   6:21am    0   16  0.00   1  13   6:40pm WSW1015.8   82
22   81.6  94.5   4:00pm  73.7   3:01am    0   17  0.00   2  14  12:54pm NNW1013.4   81
23   83.4  93.4   5:02pm  73.5   6:32am    0   18  0.00   2  10  12:04pm   N1014.3   73
24   83.5  92.3   3:57pm  74.9   6:13am    0   18  0.00   1   6   8:36am NNW1015.7   76
25   85.3  96.3   5:37pm  75.3   6:47am    0   20  0.00   1   8  11:10am WSW1014.3   75
26   88.0  99.4   4:57pm  76.8   6:48am    0   23  0.00   1   8   1:49pm  SW1012.1   70
27   87.3  96.3   4:11pm  78.1   6:59am    0   22  0.00   2  11  12:07pm NNW1011.0   72
28   84.1  95.6   4:39pm  74.0  10:45pm    0   19  0.00   2  24   7:34pm WSW1012.2   72
29   74.5  79.0   3:17pm  72.3  11:48pm    0   10  0.00   1  11   2:33pm ENE1015.8   94
30   74.2  79.0   6:38pm  71.5   3:18am    0    9  0.27   1  11  11:57am   N1018.0   94
31   76.0  85.3   6:03pm  72.0   5:28am    0   11  0.12   1   8  10:30am ENE1017.3   90
---------------------------------------------------------------------------------------
TOT  79.6  99.4  7/26/05  65.2   7/8/05    0  451  5.15   1  24   7/1/05 ENE1014.2   82

HEAT BASE: 65.0
COOL BASE: 65.0