NOAA-Style Climate Reports


Report for 2005 June
                  MONTHLY CLIMATOLOGICAL SUMMARY FOR 6/2005
                                        HEAT  COOL        
     MEAN                               DEG   DEG       WIND SPEED       DOM MEAN  MEAN
DAY  TEMP  HIGH   TIME     LOW   TIME   DAYS  DAYS RAIN AVG  HI  TIME    DIR BAROM HUM
---------------------------------------------------------------------------------------
1    61.9  65.5  12:07am  59.8   8:24pm    3    0  1.25   4  21   5:14pm ENE1011.5   97
2    62.5  65.8   2:49pm  59.9  12:00am    3    0  0.88   2  17   9:21pm  NE1011.2   97
3    65.5  70.1   5:53pm  62.1  12:00am    1    2  0.02   2   8   9:19am ENE1012.4   96
4    75.0  86.1   4:43pm  65.8  12:00am    0   10  0.00   1  10   4:05pm   E1012.5   82
5    77.7  91.0   2:26pm  67.1   7:13am    0   13  0.00   1  13   5:36pm   N1013.4   81
6    79.7  94.0   4:49pm  68.4   6:33am    0   14  0.00   1  20   8:09pm   N1013.3   76
7    78.4  91.8   5:23pm  66.4   6:27am    0   13  0.00   1  10   1:09pm  NW1011.7   73
8    77.1  87.8   5:59pm  69.3   2:32am    0   12  0.87   1  11  12:46am ENE1012.0   82
9    79.9  89.7   4:36pm  70.4   4:41am    0   15  0.00   2  12   9:32pm  SW1013.8   73
10   77.6  86.7   2:23pm  72.1   5:24am    0   13  0.00   1  11  12:57pm   E1015.3   81
11   74.8  80.5   2:06pm  71.5   6:23am    0   10  0.05   4  18  12:02pm   E1013.3   86
12   76.6  84.9   3:34pm  72.5   2:06am    0   12  0.39   2  13   5:05am   E1010.7   93
13   81.1  89.7   6:01pm  74.0   4:45am    0   16  0.00   2  12  12:46pm  NW1010.9   78
14   83.0  92.9   5:00pm  71.8   6:39am    0   18  0.00   2  13   1:56pm  NW1009.6   71
15   83.1  92.1   3:58pm  74.4   5:52am    0   18  0.00   3  22  12:25pm WSW1007.8   64
16   78.8  88.2   5:40pm  67.8   6:44am    0   14  0.00   3  18   1:09pm  NW1006.6   60
17   76.9  86.3   6:04pm  68.3   6:16am    0   12  0.00   1   8   9:42am NNW1006.5   62
18   73.9  86.1   2:26pm  64.0  11:59pm    0    9  2.54   2  27   7:34pm   E1008.0   71
19   71.0  82.6   6:37pm  63.2   3:57am    1    7  0.00   2  13   3:04pm ENE1013.8   80
20   70.5  81.8   4:39pm  63.2   6:25am    0    6  0.20   2  14   7:05pm ENE1018.2   78
21   70.1  84.3   3:54pm  61.8   6:38am    1    6  0.32   2  20   5:58pm  SW1018.8   83
22   75.7  87.6   4:30pm  64.2   4:22am    0   11  0.00   1  13   2:03pm NNW1016.3   73
23   79.1  89.9   3:56pm  67.3   6:51am    0   14  0.00   2  10   2:34pm ENE1015.9   69
24   79.1  89.0   2:44pm  69.3   6:36am    0   14  0.00   1  11   1:30pm   E1017.0   69
25   76.8  85.3   3:26pm  68.1  11:59pm    0   12  0.00   2  17  11:09pm ENE1016.3   70
26   72.1  78.6   2:41pm  66.4   2:57am    0    7  0.27   2  13  12:00am ENE1015.7   92
27   78.6  91.6   5:24pm  73.0   4:52am    0   14  0.78   2  12   7:48pm   E1017.3   84
28   77.1  83.8   2:16pm  72.3   6:19am    0   12  0.00   1  11   9:22pm   E1016.9   87
29   78.3  88.4   6:00pm  72.5  12:20pm    0   13  1.00   1  11  11:46am  SW1014.6   85
30   80.7  92.9   3:37pm  71.1   6:59am    0   16  0.84   1  21   9:49pm WSW1011.9   80
---------------------------------------------------------------------------------------
TOT  75.7  94.0   6/6/05  59.8   6/1/05    8  330  9.41   2  27  6/18/05   E1013.1   79

HEAT BASE: 65.0
COOL BASE: 65.0