NOAA-Style Climate Reports


Report for 2005 May
                  MONTHLY CLIMATOLOGICAL SUMMARY FOR 5/2005
                                        HEAT  COOL        
     MEAN                               DEG   DEG       WIND SPEED       DOM MEAN  MEAN
DAY  TEMP  HIGH   TIME     LOW   TIME   DAYS  DAYS RAIN AVG  HI  TIME    DIR BAROM HUM
---------------------------------------------------------------------------------------
1    61.7  73.0   4:30pm  49.6   7:11am    5    2  0.03   4  18   4:06pm NNW1014.0   60
2    60.2  72.0   3:52pm  44.6   7:02am    6    2  0.00   3  25   3:09pm NNW1016.0   49
3    59.7  70.8   3:35pm  48.2   4:33am    6    1  0.00   2  13   3:00pm   N1017.8   53
4    60.8  74.4   5:41pm  44.9   7:02am    7    2  0.00   3  16   9:16am   N1020.7   53
5    59.8  62.9   4:35pm  55.6  11:49pm    5    0  0.00   4  20   3:41pm ENE1022.1   73
6    62.9  76.1   4:37pm  49.8   6:59am    5    3  0.00   2  12   2:04pm NNW1018.9   63
7    67.0  79.6   6:17pm  51.7   7:06am    3    5  0.00   2  17   4:07pm NNW1016.8   54
8    71.6  86.1   5:41pm  54.2   7:00am    2    9  0.00   1  12   4:50pm  SW1014.8   52
9    73.4  86.5   4:18pm  58.7   7:04am    1    9  0.00   1  12   2:43pm WSW1013.4   58
10   71.2  81.4   2:22pm  64.2   7:00am    0    6  0.00   3  21   3:02pm  NW1013.5   66
11   71.1  83.4   5:59pm  57.2   7:00am    2    8  0.00   1  12  12:34pm   E1015.4   67
12   75.2  89.9   5:21pm  59.2   7:04am    1   11  0.00   1  10   2:33pm NNW1017.8   62
13   75.2  87.8   5:52pm  62.0   6:26am    0   11  0.00   1  11   3:22pm   E1018.1   67
14   69.9  84.3   2:52pm  62.0   6:53am    0    5  0.78   2  25   5:35pm  SW1014.9   82
15   65.2  70.8   4:59pm  62.0  12:43am    1    1  0.70   1  14   6:11pm  SW1010.9   94
16   67.2  80.1   5:40pm  53.3   7:00am    3    5  0.00   2  10   3:16pm NNW1011.7   67
17   70.8  84.7   5:23pm  56.3   6:54am    2    8  0.00   1  12  12:46pm NNW1012.8   63
18   71.1  82.8   5:55pm  62.7   6:54am    0    6  0.00   1  10   1:24pm   E1014.5   78
19   73.3  85.5   4:46pm  64.7   5:16am    0    8  0.00   1  13   2:49pm  SW1012.9   77
20   70.1  79.8  11:41am  65.6   6:35am    0    5  0.33   1  24  12:31pm WSW1007.0   85
21   66.9  74.4   6:43pm  59.6   9:26am    1    3  0.00   2  14   9:59am  NE1010.2   79
22   70.1  80.1   6:13pm  59.2   6:03am    1    6  0.00   2  16   3:59pm WSW1010.4   76
23   76.3  86.3   4:36pm  68.1   6:44am    0   11  0.00   4  25   2:49pm  NW1004.4   65
24   72.4  82.0   2:28pm  62.4   6:00am    0    8  0.00   4  26  12:43pm NNW1003.1   50
25   65.0  76.1   5:50pm  51.0   6:52am    3    3  0.00   1  10   2:33pm   N1008.5   55
26   69.0  82.4   5:20pm  53.3   6:57am    3    7  0.00   1  12   3:06pm WSW1011.2   58
27   73.1  86.3   5:25pm  56.7   6:53am    1   10  0.00   2  16   2:36pm  NW1011.9   58
28   72.6  82.0   4:22pm  59.8   6:38am    1    8  0.00   3  17  12:08pm  NW1011.7   66
29   64.6  76.8  12:13pm  56.2   6:05am    3    2  0.22   1  20  11:57pm   N1014.3   79
30   62.3  65.2   7:21pm  59.3   5:49am    3    0  0.67   2  27  12:00am  NE1013.1   94
31   66.0  73.3   3:11pm  61.2   6:32am    1    2  0.16   3  14   2:26pm ENE1013.0   90
---------------------------------------------------------------------------------------
TOT  68.2  89.9  5/12/05  44.6   5/2/05   69  169  2.89   2  26  5/24/05 NNW1013.4   68

HEAT BASE: 65.0
COOL BASE: 65.0