NOAA-Style Climate Reports


Report for 2005 April
                  MONTHLY CLIMATOLOGICAL SUMMARY FOR 4/2005
                                        HEAT  COOL        
     MEAN                               DEG   DEG       WIND SPEED       DOM MEAN  MEAN
DAY  TEMP  HIGH   TIME     LOW   TIME   DAYS  DAYS RAIN AVG  HI  TIME    DIR BAROM HUM
---------------------------------------------------------------------------------------
1    60.3  64.2   4:56pm  57.0   4:16am    5    0  0.24   1  16   8:03pm ESE1010.0   95
2    51.1  60.5  12:22am  42.6  11:02am   14    0  0.00   9  42  12:42pm  NW1006.3   67
3    57.4  69.4   5:47pm  44.5   6:48am    8    1  0.00   4  29   4:44pm  NW1014.2   44
4    64.3  79.6   3:26pm  46.4   7:24am    5    5  0.00   2  14   2:29pm WNW1017.0   43
5    65.7  82.0   4:53pm  50.4   5:29am    5    6  0.00   2  18   2:58pm  SW1018.5   53
6    65.7  78.1   3:31pm  52.6   6:39am    4    4  0.00   1  14   3:38pm SSE1018.1   59
7    63.4  71.6   5:08pm  57.5   9:43pm    2    1  2.34   2  14   7:57pm ESE1008.9   87
8    60.7  69.9   2:44pm  56.9   7:13am    4    0  0.18   2  14   5:13pm   N1005.2   93
9    65.0  74.9   6:07pm  58.7   1:04am    2    2  0.00   2  14   7:08am   N1011.9   75
10   66.3  81.4   6:01pm  52.3   7:32am    4    5  0.00   1  10   1:21pm   E1015.9   70
11   67.4  79.9   3:39pm  56.0   6:53am    3    5  0.00   1  11  12:47pm  SW1014.1   64
12   67.2  77.2   3:41pm  59.8   5:54am    1    3  0.52   2  22  11:41pm  SW1007.2   70
13   56.6  66.8   3:01pm  48.8  11:47pm    8    0  0.52   2  20  12:00am   N1005.1   93
14   54.8  67.4   6:07pm  45.7   6:02am   10    0  0.00   3  18  12:10pm ENE1014.0   62
15   58.7  73.0   4:49pm  43.2   7:04am    8    2  0.00   2  16   3:35pm   E1020.0   57
16   57.6  70.3   5:06pm  46.2   6:33am    8    1  0.00   3  16   9:04am ENE1027.1   36
17   58.9  77.2   4:11pm  40.5   6:52am    9    3  0.00   1  10   4:15pm NNW1025.6   50
18   65.9  83.2   5:13pm  47.1   7:18am    5    6  0.00   1  11   5:40pm   N1020.7   54
19   68.7  84.1   3:55pm  51.7   7:25am    4    7  0.00   2  14   1:34pm  SW1018.3   54
20   69.4  81.4   4:32pm  53.8   7:07am    2    6  0.00   2  18   3:21pm  SW1016.7   49
21   69.0  83.2   3:17pm  53.6   7:07am    2    6  0.00   2  19   4:36pm  NW1012.7   60
22   64.7  79.8   1:41pm  59.0   7:01am    3    2  0.75   2  34   2:35pm WSW1007.2   86
23   57.2  61.5  10:54am  49.8  10:37pm    7    0  0.00   6  30  12:00pm NNW1004.2   71
24   48.3  57.5   5:21pm  38.2   7:04am   17    0  0.00   6  29  10:59am NNW1007.4   50
25   53.8  67.8   4:33pm  39.1   7:08am   11    0  0.00   4  20  11:39am WSW1010.1   45
26   53.8  56.6   6:44pm  50.2  10:33am   11    0  0.34   1   8  12:18am ENE1008.3   82
27   58.0  68.6   3:52pm  46.4   7:21am    7    0  0.01   4  25   1:33pm  NW1011.0   70
28   59.3  73.9   4:12pm  42.1   7:09am    8    2  0.06   1  11   1:54pm WSW1017.4   60
29   67.3  78.8   4:38pm  58.1   7:27am    2    4  0.00   2  16  11:32am  SW1012.6   61
30   64.0  66.4   3:55pm  61.0  11:57pm    1    0  0.00   2  19  12:20pm  SW1009.1   89
---------------------------------------------------------------------------------------
TOT  61.4  84.1  4/19/05  38.2  4/24/05  182   74  4.96   3  38   4/2/05  SW1013.2   65

HEAT BASE: 65.0
COOL BASE: 65.0