NOAA-Style Climate Reports


Report for 2005 March
                  MONTHLY CLIMATOLOGICAL SUMMARY FOR 3/2005
                                        HEAT  COOL        
     MEAN                               DEG   DEG       WIND SPEED       DOM MEAN  MEAN
DAY  TEMP  HIGH   TIME     LOW   TIME   DAYS  DAYS RAIN AVG  HI  TIME    DIR BAROM HUM
---------------------------------------------------------------------------------------
1    37.0  42.9  12:00am  30.4  11:59pm   28    0  0.00   4  32   1:45pm  NW1013.0   63
2    38.1  50.4   4:14pm  27.5   6:52am   26    0  0.00   3  20   1:21pm  NE1019.2   48
3    44.8  57.5   3:38pm  32.9   5:23am   20    0  0.00   1  16   4:21pm  NE1019.1   42
4    48.0  63.4   4:11pm  30.1   7:17am   16    0  0.00   1  18   3:53pm  NW1018.5   51
5    55.6  67.3   2:58pm  46.2   7:13am   10    0  0.00   6  31   4:20pm  NE1015.3   52
6    51.1  65.2   2:40pm  36.6   7:23am   14    0  0.00   2  17   1:59pm   N1019.8   50
7    54.2  71.5   1:53pm  36.8   6:59am   12    1  0.00   2  24   3:39pm  NW1009.8   62
8    47.2  55.4  12:00am  37.8  11:51pm   18    0  0.07   7  36   5:59am  NE1003.5   63
9    41.5  49.8   4:45pm  33.2   9:39am   23    0  0.00   2  18  10:13pm  NE1013.0   52
10   45.4  55.7   3:39pm  35.2   6:55am   20    0  0.00   3  20   1:23pm   N1010.2   61
11   48.7  61.3   1:58pm  41.2   7:29am   16    0  0.00   6  39   4:18pm  NE1006.2   51
12   58.3  76.5   4:57pm  39.3   3:00am   10    3  0.00   6  25  10:50am  NW1004.5   38
13   66.9  79.2   3:41pm  54.1   7:22am    3    4  0.00   5  21   4:56pm  SW1004.6   50
14   54.9  65.8  12:00am  47.9  10:58pm   10    0  0.13   2  17  12:48am   N1010.6   89
15   51.8  59.9   3:16pm  42.6   7:22am   13    0  0.00   2  14  10:38am ENE1018.2   72
16   43.5  51.7  12:00am  40.1  11:54pm   22    0  0.00   4  21   1:22pm  NE1013.0   93
17   38.8  40.1  12:00am  37.3   9:32am   26    0  0.03   4  21  11:10am  NE1013.2   91
18   45.5  58.9   4:48pm  32.5   5:49am   20    0  0.00   2  14  12:44pm ENE1016.3   66
19   49.1  62.7   2:26pm  33.7   6:18am   16    0  0.00   1  13   3:12pm WSW1017.3   65
20   56.9 164.0   2:27pm  40.5   6:18am   10    2  0.00   2  17   1:36pm  NW1015.3   58
21   68.0 164.0   7:50am  50.1   5:49am    7   10  0.02   1   8   1:26pm ENE1013.7   57
22   51.3  55.3  10:45am  47.7   6:12pm   14    0  0.73   3  17  12:53pm  NE1013.4   86
23   57.3  71.8   3:02pm  48.3   2:53am    9    1  0.00   4  25   1:17pm  NW1006.8   78
24   59.3  72.1   4:25pm  46.7   7:18am    7    1  0.00   2  16   3:15pm WSW1012.8   61
25   64.2  80.1   4:31pm  47.9   6:39am    6    5  0.00   2  11   3:17pm  SW1010.8   59
26   65.8  79.4   3:10pm  53.2   5:33am    3    4  0.00   2  14   7:36pm ENE1011.6   70
27   59.2  64.2  12:00am  56.0   8:12am    6    0  2.32   4  20   9:40pm ENE1006.6   98
28   51.4  63.2   1:39am  47.3   5:22pm   14    0  0.00   5  27   3:01pm WSW1000.3   84
29   62.5  79.0   4:48pm  47.9   6:18am    6    4  0.00   4  18   7:27am   N1009.0   54
30   65.4  82.6   3:32pm  47.6   5:58am    5    6  0.00   1  12  11:49am  SW1012.4   55
31   62.2  65.2   4:22pm  59.6  11:44pm    3    0  1.79   1  13   1:02pm ESE1013.7   90
---------------------------------------------------------------------------------------
TOT  53.0 160.0  3/20/05  27.5   3/2/05  410   41  5.09   3  39  3/11/05  SW1012.0   65

HEAT BASE: 65.0
COOL BASE: 65.0