NOAA-Style Climate Reports


Report for 2005 February
                  MONTHLY CLIMATOLOGICAL SUMMARY FOR 2/2005
                                        HEAT  COOL        
     MEAN                               DEG   DEG       WIND SPEED       DOM MEAN  MEAN
DAY  TEMP  HIGH   TIME     LOW   TIME   DAYS  DAYS RAIN AVG  HI  TIME    DIR BAROM HUM
---------------------------------------------------------------------------------------
1    43.5 158.7   4:35pm  38.7   8:28am   22    0  0.00   2  12  12:00am ESE1026.9   68
2    35.2  85.9   5:00pm-100.0   4:00pm   28    0  0.00   3  16   5:47am   N1028.3   76
3    38.8  44.7   5:27pm  34.1  11:57pm   26    0  0.00   3  16   6:00am ESE1026.6   87
4    43.4  60.9   3:58pm  29.4   7:29am   21    0  6.39   1  11   2:00pm   N1024.6   76
5    46.1  62.9   3:38pm  31.9   6:44am   19    0  0.00   1  11   2:45pm ENE1028.2   68
6    48.4  62.4   3:41pm  35.2   7:27am   17    0  0.00   2  17  10:03am ENE1030.3   54
7    52.1  65.0   3:45pm  42.8   7:07am   13    0  0.00   1  10   1:19pm ENE1026.3   45
8    54.3  66.4   2:20pm  46.2   5:42am   11    0  0.02   1  13   4:06pm  SW1020.8   73
9    56.8 152.0   4:49pm  54.4  11:59pm    8    0  0.46   1  13  11:05pm  SW1014.6   98
10   42.8  54.4  12:00am  32.2  11:50pm   22    0  0.00   6  30   1:41pm   N1017.0   59
11   39.2  53.1   2:42pm  27.3   7:37am   26    0  0.00   4  32   4:05pm   N1022.0   53
12   47.9  63.2   3:24pm  35.5   7:08am   17    0  0.00   3  18  12:52pm WNW1019.6   49
13   48.3  56.0   2:19pm  41.5   5:54am   17    0  0.00   1   8   7:20pm   E1020.3   71
14   48.6  50.8   4:09pm  46.0   8:49am   16    0  0.46   1   8   6:02pm   N1018.8   92
15   52.9  57.6   4:33pm  48.9   7:23am   12    0  0.00   1   6   1:04am  SE1021.2   98
16   61.4  71.5   3:28pm  52.2  11:57pm    5    1  0.00   4  21   3:33pm WSW1014.2   84
17   48.4  55.4   3:34pm  40.2  11:56pm   17    0  0.00   5  25   1:48pm   N1018.1   47
18   44.8  56.3   3:40pm  33.7   7:25am   20    0  0.00   4  25   2:40pm   N1024.5   36
19   48.2  60.1   3:34pm  34.7   4:37am   17    0  0.00   1  18   1:19pm   N1027.7   48
20   47.1  52.3   3:36pm  44.2   7:56am   18    0  0.25   1  11   9:59pm   E1026.3   84
21   51.7  59.9   5:33pm  46.1  12:05am   13    0  1.54   2  18   7:51pm   N1017.8   99
22   60.5  76.7   3:29pm  46.7  12:05am    7    2  0.00   1  14  10:22am NNW1018.4   70
23   60.3  74.9   2:52pm  43.8   7:31am    7    2  0.25   1  12  11:15pm   N1017.8   58
24   52.0  54.4  12:00am  50.1   1:23pm   13    0  0.00   1  11   9:43am   N1013.2   96
25   51.1  60.4   5:08pm  44.8  11:57pm   14    0  0.00   2  11   9:43am   N1018.2   72
26   48.0  59.5   3:00pm  36.5   7:38am   17    0  0.00   1  10   3:44pm   E1022.0   75
27   44.7  48.9  12:00am  41.1  11:46pm   20    0  0.29   3  22   5:34pm   E1016.6   81
28   42.3  48.5   5:45pm  38.2   7:19am   23    0  0.00   3  19   8:03pm WSW1006.6   94
---------------------------------------------------------------------------------------
TOT  48.5 158.7   2/1/05-100.0   2/2/05  464    6  9.66   2  32  2/11/05   E1021.0   72

HEAT BASE: 65.0
COOL BASE: 65.0