NOAA-Style Climate Reports


Report for 2005 January
                  MONTHLY CLIMATOLOGICAL SUMMARY FOR 1/2005
                                        HEAT  COOL        
     MEAN                               DEG   DEG       WIND SPEED       DOM MEAN  MEAN
DAY  TEMP  HIGH   TIME     LOW   TIME   DAYS  DAYS RAIN AVG  HI  TIME    DIR BAROM HUM
---------------------------------------------------------------------------------------
1    53.6  69.3   2:57pm  43.0   6:57am   12    1  0.00   0   6  12:55pm  NE1030.7  100
2    55.5  69.2   2:09pm  43.9   8:31am   10    0  0.00   0   6   2:31pm   W1031.8  100
3    55.2  68.3   2:43pm  45.8   7:38am   10    0  0.00   0   7   2:59pm   W1030.2  100
4    58.1  72.7   2:46pm  46.2   7:31am    8    1  0.00   0  11   2:56pm WNW1026.4  100
5    59.0  69.3   2:59pm  49.2   7:49am    7    1  0.00   1  17  12:20pm WNW1020.5  100
6    58.4  65.2  12:45pm  52.1  11:54pm    7    0  0.00   3  17  10:40am WNW1016.2  100
7    56.6  65.9   2:24pm  48.3   6:16am    8    0  0.00   1   7   2:16pm WNW1022.0  100
8    60.9  71.2   1:44pm  50.5  11:54pm    5    0  0.00   1  14   2:33pm WNW1023.0  100
9    51.0  67.0   4:35pm  21.6   6:38pm   14    0  0.00   1  10  12:01pm NNW1026.4   99
10   54.0  67.0   2:40pm  40.1   4:36am   11    0  0.00   2  15  11:15am  NW1023.2   82
11   54.9  67.7   3:43pm  46.1   8:00am   10    0  0.00   1  15  11:30am   N1022.3   85
12   56.3  66.2   3:43pm  46.3   5:30am    8    0  0.00   0  10  12:00am  SW1021.4   95
13   60.8  68.5   4:12pm  54.1  11:51pm    5    1  0.00   2  21   7:18pm  SW1015.5   98
14   51.9  60.1   2:52pm  42.0  11:58pm   13    0  0.00   4  17  10:48am NNE1021.4   75
15   45.7  59.7   3:00pm  36.4   3:31am   19    0  0.00   3  23  11:10am   N1029.8   66
16   42.5  58.0   3:10pm  31.2  11:42pm   23    0  0.00   4  24   5:24pm  SE1029.3   61
17   32.1  42.3   3:21pm  24.0   8:04am   34    0  0.00   5  16   1:41am NNE1031.9   44
18   30.1  40.0   4:06pm  20.4   8:02am   34    0  0.00   1  11  12:14am  SE1036.1   39
19   32.4  43.1   4:55pm  21.3   6:49am   33    0  0.00   2  16   1:09pm WNW1027.1   56
20   45.4  59.7   3:47pm  32.5   7:45am   20    0  0.00   2  14  12:29pm  NW1016.9   55
21   52.7  68.8   2:31pm  40.4   8:16am   13    0  0.00   1  15  10:33pm  SE1014.6   65
22   39.2  43.0  12:00am  29.3  11:59pm   26    0  0.00   3  30  10:14pm  SE1013.3   91
23   27.2  36.3   3:19pm  20.9   7:33am   38    0  0.00   6  29  12:43am NNE1022.4   46
24   26.9  50.8   4:14pm  17.0   6:44am   37    0  0.00   2  18   1:30pm NNE1026.7   47
25   38.0  60.9   3:32pm  17.3   7:00am   27    0  0.00   1  17  12:00am  NW1021.5   46
26   57.2  69.5   3:16pm  46.9   2:08am    8    1  0.00   3  16   3:52pm  NW1010.9   62
27   53.5  68.8   3:30pm  38.4   8:00am   11    1  0.00   3  17  11:16pm   N1015.4   68
28   41.2  55.1  12:00am  31.4   8:53am   24    0  0.00   4  23   7:31am SSE1025.4   55
29   29.4  32.6  12:01am  26.1   8:25am   36    0  0.00   3  20   2:16am  SE1027.5   87
30   35.0  42.9   4:24pm  31.3  12:00am   30    0  0.00   1   9  12:26pm  SW1018.7   99
31   36.4  47.6   3:21pm  32.8  11:00pm   27    0  0.00   1  12  10:48am NNW1020.6   99
---------------------------------------------------------------------------------------
TOT  46.8  72.7   1/4/05  17.0  1/24/05  566    6  0.00   2  30  1/22/05 WNW1023.2   78

HEAT BASE: 65.0
COOL BASE: 65.0