NOAA-Style Climate Reports


Report for 2004 December
                  MONTHLY CLIMATOLOGICAL SUMMARY FOR 12/2004
                                        HEAT  COOL        
     MEAN                               DEG   DEG       WIND SPEED       DOM MEAN  MEAN
DAY  TEMP  HIGH   TIME     LOW   TIME   DAYS  DAYS RAIN AVG  HI  TIME    DIR BAROM HUM
---------------------------------------------------------------------------------------
1    57.3  63.6  12:00am  40.5  11:56pm    8    0  0.00   3  26   3:20am NNE1017.8   83
2    52.7  61.4  12:30am  32.5   7:29am   13    0  0.00   4  26   1:00am   N1019.1   68
3    47.3  58.9   3:18pm  36.3   7:46am   17    0  0.00   2  12   2:45pm WNW1019.2   62
4    47.5  60.5   3:31pm  38.4   3:10am   18    0  0.00   1  11   3:51pm   W1020.3   69
5    47.6  58.9   1:06pm  36.3   7:55am   17    0  0.00   0   7   2:12pm   W1023.2   80
6    50.1  52.4   2:30pm  47.8   5:55am   15    0  0.00   1   8   7:07pm ESE1021.7  100
7    61.9  70.3   4:37pm  50.8  12:01am    5    1  0.00   2  16  11:07am   W1015.7   98
8    57.7  70.8   3:11pm  48.3   7:57am    8    1  0.00   1   8   2:49am   N1019.8   78
9    57.4  68.9  11:57pm  47.2   2:51am    8    0  0.00   2  15  10:42pm WSW1013.2   98
10   65.0  69.0  12:03am  45.8  11:29pm    1    1  0.00   3  23   4:54pm NNE1006.1   96
11   53.1  66.3  12:00am  41.3  11:58pm   12    0  0.00   4  23  12:00am   N1008.1   82
12   45.1  55.8   4:15pm  36.0   8:02am   20    0  0.00   2  14  10:31am WNW1014.8   72
13   47.9  54.9   2:56pm  35.2  11:53pm   16    0  0.00   3  24   3:53pm NNE1013.7   70
14   41.8  53.9   2:36pm  28.9  11:52pm   24    0  0.00   5  25   4:07pm NNE1021.6   60
15   33.6  47.7   3:22pm  23.6   7:58am   31    0  0.00   1   9   2:54am NNE1033.2   61
16   31.7  54.0   3:56pm  22.7   7:39am   32    0  0.00   0   8   2:52pm   N1033.5   73
17   39.6  58.2   2:45pm  22.9   5:30am   25    0  0.00   1  10   3:47pm  NW1028.2   64
18   43.0  57.1   2:35pm  30.0   7:04am   22    0  0.00   2  14   1:39pm   N1019.1   66
19   39.2  49.2  12:02pm  24.2  11:55pm   25    0  0.00   5  26  12:36pm NNE1014.4   64
20   27.6  39.7   3:14pm  17.8   7:56am   38    0  0.00   3  20  12:10am WNW1022.8   43
21   39.2  58.6   3:44pm  22.5   6:58am   25    0  0.00   2  14   2:59pm WNW1024.2   61
22   45.2  57.7   2:09pm  30.3   6:43am   20    0  0.00   1  12   1:04pm  SE1020.1   85
23   48.5  61.4   8:15am  32.4  11:59pm   16    0  0.00   4  18   1:37pm WNW1012.4   87
24   35.4  41.7   2:50pm  30.1   6:30am   29    0  0.00   0   9  12:40pm NNE1020.8   73
25   34.9  39.7   2:19pm  31.1   6:15am   30    0  0.00   0  13  12:26pm  SE1020.9   70
26   40.5  54.2   3:40pm  31.7   8:36am   24    0  0.00   2  16   4:32pm NNE1020.6   50
27   40.1  54.0   1:30pm  28.9   8:00am   25    0  0.00   2  16   2:00pm   N1026.6   56
28   39.5  52.7   4:38pm  25.2   8:10am   26    0  0.00   0  11   8:30am SSE1032.3   56
29   42.8  62.4   3:39pm  27.0   7:46am   22    0  0.00   0  12   3:16pm  NW1030.6   93
30   47.7  67.3   2:27pm  40.6  12:45am   16    0  0.00   0  12   1:00pm   N1029.7  100
31   52.7  65.0  12:48pm  38.7   6:17am   12    0  0.00   0   8   2:51pm NNE1030.3  100
---------------------------------------------------------------------------------------
TOT  45.6  70.8  12/8/04  17.8 12/20/04  603    4  0.00   2  26  12/1/04 NNE1021.1   75

HEAT BASE: 65.0
COOL BASE: 65.0