NOAA-Style Climate Reports


Report for 2004 November
                  MONTHLY CLIMATOLOGICAL SUMMARY FOR 11/2004
                                        HEAT  COOL        
     MEAN                               DEG   DEG       WIND SPEED       DOM MEAN  MEAN
DAY  TEMP  HIGH   TIME     LOW   TIME   DAYS  DAYS RAIN AVG  HI  TIME    DIR BAROM HUM
---------------------------------------------------------------------------------------
1    69.9  81.2   3:08pm  60.4   5:52am    1    6  0.00   1  11  12:00am SSW1020.0   90
2    69.8  74.4   3:44pm  65.7   3:10am    0    5  0.40   1  11  11:42pm SSW1019.6   99
3    73.1 154.4  10:44pm  21.0  10:21pm    2   10  1.03   0  11  12:00am SSW1019.2   96
4    59.5 142.7   2:36am -22.4   2:37am    7    2  0.00   2  25  12:39am   W1013.5   89
5    56.5  68.3   4:03pm  48.2   7:07am    9    0  0.00   4  18   4:26am WNW1017.6   60
6    53.8  70.6   2:59pm  39.4   7:19am   12    1  0.00   1   8   1:41pm SSW1019.2   63
7    58.6  74.4   3:29pm  45.4   7:06am    8    2  0.00   1  12   4:15pm SSW1016.8   73
8    60.8  75.6   3:29pm  48.6   6:01am    6    2  0.00   1  13   9:13pm   W1020.4   69
9    52.2  61.9   4:12pm  43.0  11:55pm   13    0  0.00   2  12   8:43am NNE1029.8   56
10   49.2  61.1   2:28pm  38.7   7:23am   16    0  0.00   2  13  10:48am  NE1032.0   66
11   49.0  51.4   1:08am  46.8   2:32pm   16    0  0.00   2   9   3:29pm   N1025.8   86
12   55.1  62.0   3:51pm  48.4  12:04am   10    0  0.00   1  22   3:42am NNE1017.3  100
13   56.7  63.3  12:42pm  48.7  11:57pm    8    0  0.00   3  20  11:14am NNE1025.5   85
14   46.7  56.5   3:49pm  38.9   7:19am   18    0  0.00   3  19  11:23am NNE1037.3   61
15   44.6  60.8   3:02pm  32.5   5:32am   20    0  0.00   1  11  10:49am NNW1036.8   69
16   42.5  67.3   3:37pm  32.8   6:48am   22    0  0.00   1   7   1:40pm NNE1033.5   81
17   52.4  70.6   2:42pm  33.0   4:30am   14    1  0.00   1   7  12:00am   N1029.7   71
18   56.5  70.5   2:17pm  44.0   7:06am    9    1  0.00   1  10  12:34pm SSW1025.2   80
19   60.4  70.6   2:11pm  50.8   8:17am    6    1  0.00   1  12   1:14pm SSW1021.3   85
20   63.0  69.0   1:14pm  59.7   4:26am    3    1  0.00   1  14   2:09pm SSW1020.8   91
21   59.4  63.6  10:51am  56.9   8:02am    6    0  0.00   0   7   1:35pm WNW1023.7   95
22   58.1  62.2   1:27pm  57.1  12:00am    7    0  0.00   0   6  10:44am   N1022.6  100
23   60.5  63.0   2:33pm  57.5  12:30am    4    0  0.00   0   8   6:19pm   S1016.9  100
24   61.9  65.2  11:13am  58.7  12:41pm    3    0  0.00   2  28  11:54am   S1007.4  100
25   49.4  61.9  12:09am  37.1  11:59pm   16    0  0.00   4  31   3:17pm  NW1011.6   70
26   43.0  55.8   3:29pm  32.3   7:24am   22    0  0.00   1   9   1:15am   N1022.3   64
27   40.3  47.1   3:30pm  34.1   5:24am   24    0  0.00   1  15  12:29pm ENE1018.1   84
28   49.2  61.7   2:39pm  41.0  12:30am   16    0  0.00   2  15   9:33am   N1017.2   77
29   48.1  60.1   3:12pm  38.4   7:19am   17    0  0.00   1  12   9:49am ESE1024.5   74
30   53.5  65.2   3:27pm  41.3   1:55am   12    0  0.00   1  12  11:49pm  SE1021.5   86
---------------------------------------------------------------------------------------
TOT  55.1 154.4  11/3/04 -22.4  11/4/04  326   30  1.43   1  31 11/25/04   N1022.2   81

HEAT BASE: 65.0
COOL BASE: 65.0