NOAA-Style Climate Reports


Report for 2004 October
                  MONTHLY CLIMATOLOGICAL SUMMARY FOR 10/2004
                                        HEAT  COOL        
     MEAN                               DEG   DEG       WIND SPEED       DOM MEAN  MEAN
DAY  TEMP  HIGH   TIME     LOW   TIME   DAYS  DAYS RAIN AVG  HI  TIME    DIR BAROM HUM
---------------------------------------------------------------------------------------
1    70.5  83.6   3:52pm  60.0   6:33am    1    7  0.01   4 199  10:30am SSW1020.4   86
2    72.6  82.8   2:10pm  63.9   6:03am    0    8  0.00   2  12   1:26pm  NW1022.0   86
3    71.1  82.2   3:08pm  64.3  11:57pm    0    6  0.05   2  16   4:59pm WNW1021.0   82
4    67.6  82.2   3:47pm  54.3   7:51am    3    5  0.00   1   8   4:08pm WNW1020.9   73
5    48.1  82.2   3:53pm-100.0   3:30pm   20    4  0.00   1   9  12:11pm NNE1021.5   70
6    64.1  77.2  12:08pm  56.5   8:00am    3    2  1.26   1  11   7:20am NNE1025.8   84
7    64.6  73.7   3:41pm  59.7  11:19pm    2    2  0.00   1   9   3:51pm   N1029.7   87
8    62.9  74.1   2:48pm  52.8   8:01am    4    2  0.01   2  13   6:44pm   N1026.1   81
9    67.4  74.4   3:24pm  62.8   6:58am    1    3  0.01   1  13   3:21pm   N1021.0   85
10   62.5  71.6   3:03pm -43.8   4:37pm    5    2  0.00   1   7   8:14am   N1018.1   88
11   56.5  78.8   3:05pm-100.0   5:00pm   10    2  0.00   1   9   9:25am   N1017.5   90
12   69.0  76.8   5:44pm  63.9   8:00am    0    4  0.37   1   9   9:30am NNE1013.5   93
13   64.5  70.0   2:00pm  58.9  11:57pm    1    1  0.02   3  19   5:40pm SSW1006.0   91
14   59.6  63.6   1:26pm  56.5   7:12am    6    0  0.04   2  14  10:26am SSW1006.1   86
15   53.9  61.1   4:44pm  46.8   7:52am   11    0  0.06   4  21  12:14pm   W1006.0   74
16   57.6  70.3   3:26pm  45.2   6:01am    8    1  0.00   3  25   3:09pm  SW1012.2   71
17   61.4  74.8   5:11pm  49.3   8:17am    6    2  0.00   1   9   2:07pm   W1017.4   73
18   65.6  75.3   3:40pm  58.4   7:54am    2    3  0.00   1  12   1:37pm SSW1017.4   89
19   67.4  74.5   4:00pm  61.9  11:49pm    0    3  0.69   1  12   3:00pm   N1016.1   93
20   68.2  79.4   4:15pm  59.4   3:43am    0    3  0.48   2  12  12:00am  SW1015.2   94
21   69.2  78.7   4:00pm  62.8  11:14pm    0    4  0.00   2  10   4:00pm   N1015.2   92
22   64.9  72.5   5:11pm  59.5  11:06pm    1    1  0.01   1   9  12:00am  NE1018.0   95
23   61.2  68.9   4:04pm  57.2   7:53am    4    0  0.00   1   8   3:44pm  NE1020.0   90
24   61.1  67.8   5:36pm  58.0   8:25am    4    0  0.09   1   7   9:31pm SSW1015.7   96
25   64.4  78.7   4:16pm  56.2   6:57am    4    3  0.01   0   7   3:28pm  SW1018.0   91
26   62.8  77.6   3:10pm  52.2   6:06am    5    3  0.01   1   7   1:11pm WSW1021.1   92
27   66.7  80.3   5:13pm  58.4   2:06am    3    4  0.00   1   9   2:09pm SSW1022.3   92
28   66.3  69.6   3:15pm  63.1   6:50am    0    2  0.01   1  10  11:23am ENE1022.3   97
29   67.4  74.7   3:36pm  64.2   4:33am    0    3  0.02   1   9   3:18pm SSE1020.3   98
30   71.3  81.0   3:06pm  65.5  12:27am    0    6  0.01   3  16  12:38pm SSW1017.6   86
31   71.2  83.7   2:26pm  62.6   5:58am    0    6  0.00   2  16   1:00pm   S1017.4   85
---------------------------------------------------------------------------------------
TOT  64.6  83.7 10/31/04-100.0  10/5/04  104   92  3.16   1 199  10/1/04 WNW1018.1   87

HEAT BASE: 65.0
COOL BASE: 65.0