NOAA-Style Climate Reports


Report for 2004 September
                  MONTHLY CLIMATOLOGICAL SUMMARY FOR 9/2004
                                        HEAT  COOL        
     MEAN                               DEG   DEG       WIND SPEED       DOM MEAN  MEAN
DAY  TEMP  HIGH   TIME     LOW   TIME   DAYS  DAYS RAIN AVG  HI  TIME    DIR BAROM HUM
---------------------------------------------------------------------------------------
1    76.2  84.3   1:39pm  73.3  12:00am    0   11  0.00   1  11  12:03pm  NW1019.6   67
2    76.3  79.9   3:28pm  74.2   9:34am    0   11  0.00   1  14   3:18pm  NE1020.0   82
3    76.0  82.6   3:53pm  71.5  11:55pm    0   11  0.00   1  13   4:57pm  NE1020.2   74
4    75.1  85.1   2:32pm  68.1   4:34am    0   10  0.00   2  16   6:05pm  NE1019.0   68
5    76.7  85.9   4:23pm  70.1   5:22am    0   12  0.00   4  21   5:05pm  NE1016.8   66
6    76.1  80.9   3:57pm  73.3   5:31am    0   11  0.00   8  24   6:04pm ENE1012.4   73
7    72.0  75.4   2:37pm  70.6   7:00am    0    3 17.01   0  13   4:03pm   N1007.8  100
8    72.3  75.1   2:05pm  69.1  11:46pm    0    7 15.43   2  19   5:33pm ENE1008.1   98
9    74.9  85.5   6:07pm  66.1   7:26am    0   10  0.00   1  11  12:52am SSE1015.2   84
10   75.8  84.8   3:59pm  68.0   7:36am    0   11  0.01   1  12   2:48pm WSW1020.9   84
11   63.4  84.6   4:17pm -13.7   2:14pm   10    8  0.96   0  12  12:34pm   N1021.5   90
12   43.0  84.3   4:30pm-100.0   2:30pm   28    6  0.00   0  11   2:11pm   N1021.6   84
13   60.0  79.9   1:45pm-100.0  10:30am   10    5  0.00   1  11  12:00am   N1021.9   89
14   71.1  80.1   2:05pm  62.1   5:47am    0    7  1.21   1  12   4:45pm   N1021.5   87
15   46.3  79.3   5:00pm-100.0   6:00pm   21    3  0.00   1  12   5:00pm   N1021.3   87
16   70.2  76.7   2:11pm  64.7   8:30am    0    5  2.23   2  33   7:26pm   N1016.3   95
17   72.7  78.9   3:50pm  68.8  11:56pm    0    8  0.86   5  26   4:01pm SSE1006.0   91
18   72.3  84.7   4:01pm  55.4   8:16pm    0    8  0.00   2  14  12:42am WSW1014.3   76
19   66.3  77.6   3:39pm  54.7   7:32am    2    4  0.61   0  13  11:59am   N1021.2   75
20   30.7  75.1   2:30pm-100.0   3:00pm   35    1  0.00   1  17   9:11am   N1023.3   68
21   64.1  76.0   4:10pm  54.0   7:30am    4    3  0.00   2  17   9:30am   N1024.7   72
22   68.1  81.8   5:06pm  -1.0  10:34am    3    6  0.01   1  10   1:16pm WNW1025.2   77
23   72.1  87.6   3:44pm  37.6   5:01am    2    9  0.02   1   8  11:43am WNW1023.0   79
24   72.1  82.4   2:42pm  56.1   8:11pm    0    7  0.00   1  15   1:18pm   N1021.3   83
25   71.0  80.9   4:27pm  63.0   7:36am    0    6  1.28   1 227   9:28am   N1019.5   77
26   70.0  79.4   4:33pm  59.7   6:21am    1    6  0.00   2  18  11:18am   N1016.3   78
27   72.6  78.6   4:30pm  66.3   7:54am    0    7  3.22   4  28   3:24pm   N1013.8   79
28   69.8  81.8   3:25pm  66.4   8:30am    0    5  3.32   5  28  12:00am NNE1007.9   92
29   71.8  81.2   2:30pm  62.0   7:17am    0    7  0.24   3  20  10:00am   W1009.7   89
30   68.5  80.7   4:16pm  57.7   7:16am    2    5  0.00   0   9   1:58pm  SW1017.0   85
---------------------------------------------------------------------------------------
TOT  68.5  87.6  9/23/04-100.0  9/12/04  118  214 46.41   2 227  9/25/04   W1017.7   81

HEAT BASE: 65.0
COOL BASE: 65.0