NOAA-Style Climate Reports


Report for 2004 August
                  MONTHLY CLIMATOLOGICAL SUMMARY FOR 8/2004
                                        HEAT  COOL        
     MEAN                               DEG   DEG       WIND SPEED       DOM MEAN  MEAN
DAY  TEMP  HIGH   TIME     LOW   TIME   DAYS  DAYS RAIN AVG  HI  TIME    DIR BAROM HUM
---------------------------------------------------------------------------------------
1    81.5  92.7   2:08pm  75.8   3:46am    0   17  0.05   1  17   2:53pm  NW1014.7   76
2    81.0  91.2   4:29pm  74.0  11:55pm    0   16  0.03   1  14   9:46pm  NE1011.8   78
3    81.0  94.0   5:06pm  71.8   3:45am    0   16  0.00   1  11   3:20pm  NW1010.6   70
4    83.7  94.7   2:58pm  74.9   6:16am    0   19  0.00   1  13   4:07pm  NW1010.7   67
5    78.5  90.1   2:20pm  71.8   3:06pm    0   13  0.78   1  44   2:58pm  NW1008.7   79
6    77.4  85.3   4:33pm  70.6   7:24am    0   12  0.00   1  21  10:30am   N1011.3   62
7    71.1  81.8   4:52pm  60.9   6:58am    0    7  0.00   1  14   9:53am   N1017.1   56
8    72.3  86.5   3:02pm  59.6   7:02am    1    8  0.00   0  10   2:04pm NNE1020.4   62
9    74.2  84.9   3:09pm  62.6   7:20am    0    9  0.00   0   7   5:45pm  NE1020.8   66
10   73.0  80.7  10:38am  66.8   7:03am    0    8  0.00   1  14   2:15pm   S1017.9   79
11   74.7  84.7   5:07pm  69.3   2:25am    0   10  0.00   1  12   2:32pm   S1014.8   77
12   74.6  79.4   5:02pm  72.0   2:25am    0   10  0.00   1   8   5:14pm SSW1011.6   85
13   75.1  80.9   4:43pm  66.3   9:23am    0   10  0.00   2  11   2:58pm WNW1014.2   72
14   71.8  82.2   4:23pm  63.1   3:32am    0    7  0.00   1  13  10:20am  NW1017.4   77
15   73.3  79.0   4:04pm  70.8   1:21am    0    8  0.00   1  12   5:05pm  NE1021.0   83
16   76.0  85.7   3:55pm  69.8   7:52am    0   11  0.00   1  10  10:40am ENE1021.6   74
17   76.8  89.0   3:13pm  69.8   5:15am    0   11  0.00   0  12   4:12pm  SW1018.7   74
18   78.7  88.4   4:58pm  73.3   5:00am    0   14  0.00   0  10   5:45pm  SW1016.5   68
19   80.1  91.8   2:47pm  70.3   6:26am    0   15  0.00   1  11   5:27pm  SW1018.4   65
20   79.8  89.5   4:06pm  72.0   6:42am    0   15  0.56   1  25   9:40pm  SW1018.3   67
21   78.5  85.1   5:31pm  74.7   9:22am    0   13  0.00   1  14   3:36pm  SW1015.2   71
22   76.4  85.5   2:07pm  72.7  11:03pm    0   11  0.00   1  12   5:39pm  NE1015.6   74
23   75.3  86.5   4:42pm   0.0  10:30am    1   11  0.00   0   7   2:30pm ENE1016.3   71
24   78.5  89.7   3:14pm  72.0  12:39am    0   13  0.73   0  17   5:27pm  NE1017.8   72
25   78.4  87.6   3:43pm  73.9   2:04am    0   13  0.00   1  11   5:53pm ENE1020.4   70
26   77.3  87.6   4:20pm  68.4   7:06am    0   12  0.00   1  10   2:02pm  NE1021.1   66
27   78.7  90.1   3:53pm  70.6   7:08am    0   13  0.00   1  10   2:31pm  NE1020.2   68
28   81.0  91.6   3:50pm  73.9   7:12am    0   16  0.00   1   8   5:51pm ENE1015.9   65
29   77.6  89.3   3:15pm  72.7   6:06am    0   13  0.00   1  14   6:53pm  NW1012.8   74
30   78.3  90.1   2:15pm  73.6  10:00pm    0   13  0.01   1  24   2:47pm  SW1013.8   76
31   78.6  87.2   4:30pm  73.5   3:00am    0   14  0.00   0  11   3:30pm  SW1017.3   52
---------------------------------------------------------------------------------------
TOT  77.2  94.7   8/4/04   0.0  8/23/04    3  380  2.16   1  42   8/5/04   S1016.2   71

HEAT BASE: 65.0
COOL BASE: 65.0