NOAA-Style Climate Reports


Report for 2004 July
                  MONTHLY CLIMATOLOGICAL SUMMARY FOR 7/2004
                                        HEAT  COOL        
     MEAN                               DEG   DEG       WIND SPEED       DOM MEAN  MEAN
DAY  TEMP  HIGH   TIME     LOW   TIME   DAYS  DAYS RAIN AVG  HI  TIME    DIR BAROM HUM
---------------------------------------------------------------------------------------
1    75.3  82.4   2:27pm  71.3  12:00am    0   10  0.00   1  13   2:55pm WNW1020.2   81
2    77.5  83.8   4:37pm  72.8   6:48am    0   13  0.00   2  13  12:20pm WNW1017.5   79
3    77.8  87.4   5:13pm  74.4  12:38pm    0   13  0.00   2  18   3:28pm  SW1014.4   80
4    78.3  88.8   2:29pm  73.3   3:29pm    0   13  0.00   2  28   3:10pm  SW1014.5   78
5    81.7  91.6   3:43pm  73.9  12:04am    0   17  0.00   2  17  12:13pm WNW1016.6   70
6    80.9  92.5   3:03pm  69.9   5:39am    0   15  0.00   2  13   2:35pm WNW1016.9   64
7    80.7  90.3   4:14pm  71.1   6:12am    0   16  0.00   2  18   1:06am WNW1014.3   65
8    80.2  90.3   5:01pm  70.1   4:50am    0   15  0.00   2  16  12:31am  SW1014.4   63
9    81.7  92.7   4:51pm  73.7   6:31am    0   17  0.00   1  12   6:09pm  SW1017.7   66
10   83.0  93.4   4:01pm  75.4   6:41am    0   18  0.00   2  17   5:16pm  NW1019.2   68
11   83.1  93.4   5:48pm  74.0   6:41am    0   18  0.00   2  14   5:05pm  NW1018.3   64
12   81.6  93.2   1:44pm  74.6   4:37am    0   17  0.00   1  19   4:06pm  NW1016.1   69
13   84.0  93.8   3:07pm  75.6   6:56am    0   19  0.00   3  16   5:38pm  NW1012.9   65
14   82.4  94.3   3:25pm  74.4   8:44pm    0   17  0.00   4  28   6:51pm WNW1009.9   62
15   78.6  87.8   4:43pm  72.1   5:11am    0   14  0.00   4  19   3:48pm  SW1010.2   64
16   76.8  87.0   4:02pm  65.2   6:33am    0   12  0.00   1  13   2:42pm  NW1012.3   59
17   77.9  86.3  12:43pm  72.7   6:43am    0   13  0.01   1  19   6:23pm  SW1009.5   73
18   78.9  89.3   4:35pm  71.5   7:16am    0   14  0.00   1  12   1:27pm  SW1008.1   71
19   77.7  89.7   4:24pm  67.8   6:05am    0   13  0.00   2  16   4:03pm WNW1010.0   64
20   79.1  90.7   2:16pm  68.3   6:47am    0   14  0.00   1  12   3:25pm  NW1013.5   65
21   80.9  91.6   2:41pm  69.9   7:08am    0   16  0.00   1   8  12:32pm  NW1015.4   65
22   82.0  92.5   4:35pm  74.0   4:06am    0   17  0.00   2  17   1:41pm  NW1013.9   65
23   85.0  97.3   4:28pm  76.3   5:31am    0   20  0.00   2  17   4:54pm  SW1012.2   63
24   84.9  96.6   4:43pm  76.3   4:50am    0   19  0.00   2  12   3:16pm  NE1015.7   64
25   80.1  90.5   5:02pm  75.8   4:20am    0   15  0.01   1  11  12:55pm ENE1018.6   75
26   79.2  89.9   4:28pm  73.3  12:43am    0   14  0.00   1  24  12:54am  SW1017.1   78
27   78.6  85.7   4:03pm  75.1  12:43am    0   14  0.00   1  12   2:22pm  NW1014.7   79
28   81.4  90.3   4:14pm  77.2  12:00am    0   16  0.00   1   8   2:55pm  SW1013.9   75
29   79.6  88.8   4:30pm  76.8   9:40pm    0   15  0.00   0  14   6:22pm ENE1014.7   81
30   79.5  88.6   1:26pm  75.1   6:37am    0   14  0.00   1  14   3:56pm ENE1016.1   80
31   81.4  90.7   3:30pm  76.7   1:40am    0   16  0.00   0  10   3:13pm  NE1015.7   73
---------------------------------------------------------------------------------------
TOT  80.3  97.3  7/23/04  65.2  7/16/04    0  473  0.02   2  24   7/4/04 ENE1014.7   70

HEAT BASE: 65.0
COOL BASE: 65.0