NOAA-Style Climate Reports


Report for 2004 June
                  MONTHLY CLIMATOLOGICAL SUMMARY FOR 6/2004
                                        HEAT  COOL        
     MEAN                               DEG   DEG       WIND SPEED       DOM MEAN  MEAN
DAY  TEMP  HIGH   TIME     LOW   TIME   DAYS  DAYS RAIN AVG  HI  TIME    DIR BAROM HUM
---------------------------------------------------------------------------------------
1    71.9  79.8   3:31pm  67.3  12:51am    0    7  0.00   3  13   3:21pm WSW1012.8   74
2    73.9  85.9   2:56pm  66.4   1:21am    0    9  0.00   1  14   1:54pm  SW1015.9   69
3    74.9  88.2   2:37pm  66.9   1:21am    0   10  0.00   1  13   4:19pm SSW1018.0   68
4    77.0  85.5   5:03pm  69.8  11:59pm    0   12  0.00   2  20   5:28pm WNW1015.8   64
5    73.2  84.9   4:19pm  61.3   1:48am    0    9  0.00   1  13  12:51pm  NW1015.8   62
6    76.6  87.8   4:00pm  65.5   7:12am    0   12  0.00   1  11   3:50pm  NW1015.7   57
7    74.1  87.4   2:29pm  68.9   5:56am    0    9  0.00   1  14   3:52pm   W1018.4   76
8    73.9  83.6   5:08pm  70.1   4:13am    0    9  0.12   1  12   2:32pm   W1021.9   79
9    74.7  82.0   1:01pm  72.5   6:49am    0    9  0.48   1  10   3:43pm  NW1021.1   80
10   79.1  88.0   3:16pm  73.5   1:36am    0   14  0.04   1  11   3:43pm  SW1016.6   71
11   82.0  91.2   5:21pm  74.7   2:18am    0   17  0.01   1  17   1:12pm  NW1013.9   68
12   83.8  94.5   3:20pm  75.1   4:32am    0   19  0.00   1  16   3:54pm  NW1014.9   65
13   79.4  87.6   5:16pm  75.6   2:09am    0   14  0.02   1  11   3:20pm ENE1018.4   76
14   77.8  85.5   3:37pm  74.6   3:10am    0   13  0.06   0  10   9:13pm ENE1017.4   80
15   79.0  88.6   3:47pm  73.9   7:17pm    0   14  0.04   1  18   6:01pm SSW1018.0   78
16   80.4  89.0   5:11pm  75.8  12:00am    0   15  0.00   1  14  11:36pm SSW1020.3   75
17   81.5  92.9   3:20pm  74.6   2:49am    0   16  0.00   2  16  12:01am  SW1019.8   74
18   81.2  89.7  12:52pm  77.0   1:16pm    0   16  0.00   2  29   1:06pm WSW1018.1   78
19   82.9  92.1   3:09pm  76.5   4:08am    0   18  0.00   4  21   3:21pm  NW1015.6   69
20   80.6  90.1   3:42pm  71.6   6:21am    0   16  0.00   1  10   9:11am  NW1015.0   64
21   76.9  80.9   1:59pm  73.0  12:04pm    0   12  0.17   1  14   1:17pm NNW1013.4   79
22   78.0  89.5   3:26pm  73.9   4:37pm    0   13  0.12   1  28   3:55pm  NW1013.8   78
23   75.7  85.1   5:25pm  71.1   7:09pm    0   10  0.00   2  36   6:52pm  SW1016.9   77
24   77.0  83.4   2:50pm  73.0  12:05am    0   12  0.01   2  14  11:53am  SW1018.8   76
25   77.4  86.1   2:08pm  73.2   2:23am    0   12  0.28   3  20  11:02am SSW1016.8   78
26   77.3  85.1   4:56pm  74.2   2:15am    0   12  0.00   3  14  10:09am   S1016.1   74
27   75.9  84.9   3:04pm  73.0   5:15am    0   11  0.00   1  17   4:56pm  SW1018.9   79
28   75.6  80.9   4:33pm  72.3   8:41am    0   10  0.01   2  19   4:33pm  SW1019.4   76
29   77.1  84.9   2:05pm  72.8   1:06am    0   12  0.00   1  10   2:29pm SSW1020.3   71
30   75.5  81.2   5:14pm  71.1   9:30pm    0   11  0.00   0  12   5:24pm  SW1020.6   82
---------------------------------------------------------------------------------------
TOT  77.5  94.5  6/12/04  61.3   6/5/04    0  373  1.36   1  36  6/23/04  SW1017.3   73

HEAT BASE: 65.0
COOL BASE: 65.0