NOAA-Style Climate Reports


Report for 2004 May
                  MONTHLY CLIMATOLOGICAL SUMMARY FOR 5/2004
                                        HEAT  COOL        
     MEAN                               DEG   DEG       WIND SPEED       DOM MEAN  MEAN
DAY  TEMP  HIGH   TIME     LOW   TIME   DAYS  DAYS RAIN AVG  HI  TIME    DIR BAROM HUM
---------------------------------------------------------------------------------------
1    71.0  78.5   6:32pm  67.4  12:00am    0    6  0.10   0   7   2:41pm  NE1016.6   83
2    69.2  74.6   4:13pm  61.6   8:55pm    1    5  0.02   3  21  12:49pm SSW1012.8   81
3    58.6  65.0  11:47am  46.5   6:59am    6    0  0.01   5  26  12:59pm SSW1016.9   59
4    56.4  71.3   4:43pm  42.1   6:43am    9    1  0.00   2  12  12:40pm  SW1021.7   56
5    67.0  82.6   5:59pm  49.5   6:22am    5    7  0.01   2  18   4:23pm  SW1019.3   58
6    74.4  87.4   3:55pm  60.2   5:13am    1   10  0.00   1  14   4:32pm  NW1020.6   53
7    76.1  90.3   3:16pm  60.5   5:47am    1   12  0.00   2  16  10:24am  NW1021.7   52
8    76.8  91.4   3:08pm  60.7   5:53am    1   12  0.00   1  12   2:02pm ENE1020.7   55
9    72.7  84.7   3:39pm  65.8  12:05am    0    8  0.02   1  14   4:00pm  NE1020.7   69
10   72.8  86.5   5:00pm  61.6   6:45am    0    8  0.00   1  12   8:04pm  SW1021.9   67
11   72.9  83.8   2:50pm  65.2   6:46am    0    8  0.03   0  16   2:47pm  SW1022.3   71
12   72.7  81.8   4:36pm  67.4   2:59am    0    8  0.12   1  14   4:45pm ESE1022.6   80
13   74.2  83.2   4:26pm  70.3   1:51am    0    9  0.01   1  11   4:23pm ENE1022.3   77
14   74.2  85.1   3:38pm  67.4   3:33am    0    9  0.00   1  17   9:51am  SW1022.6   70
15   73.5  85.1   3:22pm  65.6   5:22am    0    8  0.00   1  13   2:51pm ENE1022.9   67
16   72.0  81.1  12:11pm  67.1   3:58am    0    7  0.10   1  10   2:23pm  NW1024.1   80
17   75.5  86.7   3:13pm  67.1   6:40am    0   10  0.00   0  12   2:22pm ENE1025.3   68
18   73.2  80.3   5:11pm  67.9   5:35am    0    8  0.07   0  16   1:09pm  NW1024.3   77
19   74.3  82.8   4:46pm  70.8   9:19am    0    9  0.00   1  11   1:05pm  SW1022.1   77
20   78.6  89.5   4:16pm  71.5  12:05am    0   14  0.00   1  14  10:31am  NW1022.0   67
21   80.2  91.6   3:53pm  71.3   5:37am    0   15  0.00   1  12   2:01pm  NW1020.1   64
22   76.1  88.0  12:44pm  70.6   2:11pm    0   11  0.00   0  21   1:48pm  SW1017.1   77
23   78.9  88.4   4:53pm  71.1   6:30am    0   14  0.00   3  17   3:00pm  SW1015.8   65
24   77.5  87.0   3:30pm  66.3   4:52am    0   13  0.00   1  17  12:30pm  SW1016.1   65
25   80.8  89.7   4:04pm  73.7   6:23am    0   16  0.00   2  17   2:19pm  SW1014.6   65
26   80.7  89.5   4:06pm  74.6   4:43am    0   16  0.00   3  18   4:41pm WSW1012.8   61
27   79.4  88.2   5:20pm  71.5   6:52am    0   14  0.00   3  19   3:47pm  SW1011.4   61
28   78.2  88.0   4:22pm  72.5   6:52am    0   13  0.00   4  20   4:28pm  SW1010.9   66
29   75.8  81.8   5:36pm  70.3   5:52am    0   11  0.00   2  11   1:46pm  SW1014.4   73
30   80.5  90.5   6:15pm  72.1   7:10am    0   16  0.00   2  18   6:05pm  SW1013.0   70
31   75.9  81.2   3:56pm  68.1  11:50pm    0   11  0.00   3  22   4:32pm  SW1009.6   74
---------------------------------------------------------------------------------------
TOT  74.2  91.6  5/21/04  42.1   5/4/04   23  307  0.49   2  26   5/3/04  SW1018.7   68

HEAT BASE: 65.0
COOL BASE: 65.0