NOAA-Style Climate Reports


Report for 2004 April
                  MONTHLY CLIMATOLOGICAL SUMMARY FOR 4/2004
                                        HEAT  COOL        
     MEAN                               DEG   DEG       WIND SPEED       DOM MEAN  MEAN
DAY  TEMP  HIGH   TIME     LOW   TIME   DAYS  DAYS RAIN AVG  HI  TIME    DIR BAROM HUM
---------------------------------------------------------------------------------------
1    49.7  60.0   3:59pm  40.1   5:44am   15    0  0.00   4  27   4:24pm  NW1011.7   60
2    51.1  60.4   2:08pm  41.6   6:42am   14    0  0.00   4  28   4:28pm NNW1012.1   62
3    57.5  71.7   3:00pm  45.5   6:01am   10    1  0.00   2  25   8:00pm NNE1012.0   57
4    58.4  71.7   3:00pm  45.5   6:01am   16    2  0.00   1  19   7:00pm NNE1011.7   56
5    57.4  70.6   5:54pm  41.6   7:32am    8    0  0.00   1  29  12:00pm NNW1012.2   36
6    58.9  74.2   5:38pm  41.7   7:55am    8    2  0.00   0  14   9:17am NNW1018.5   38
7    63.7  80.0   4:36pm  45.5   7:25am    7    5  0.00   0   5   8:42am  SW1012.3   52
8    65.0  75.1   6:03pm  55.3   5:46am    3    3  0.00   0   7   8:25am  SW1007.1   63
9    64.3  80.5   4:55pm  53.1   7:34am    3    3  0.00   0   7   8:51am NNE1008.3   70
10   66.3  79.5   6:30pm  44.7   7:22am    3    4  0.00   0   6   3:21am   N1011.8   51
11   62.8  77.9   4:30pm  45.3   7:30am    5    3  0.01   0   9   6:43am NNW1012.6   58
12   55.6  66.6  12:00am  50.0  11:55pm    9    0  0.26   3  17   6:01am ENE1008.8   93
13   51.8  61.4  11:54am  40.0  11:55pm   13    0  0.40   3  24   3:44pm WSW1006.4   89
14   46.5  60.9  12:30pm  38.0   1:29am   19    0  0.05   4  29   3:49pm NNE1008.9   83
15   54.7  73.5   4:01pm  38.2   2:00am   13    2  0.01   3  29  12:00am  NW1017.1   61
16   62.9  79.4   4:32pm  43.9   6:41am    7    5  0.02   0   5   7:32am NNW1025.3   58
17   66.7  81.0   4:00pm  50.6   7:17am    4    6  0.00   0   1   4:10am WSW1028.1   57
18   69.8  84.7   5:57pm  51.9   7:22am    3    8  0.00   0   2   7:21am   W1029.3   59
19   70.8  83.9   5:42pm  56.2   7:13am    2    7  0.00   0   2   5:20am NNW1026.9   56
20   72.8  84.0   3:38pm  62.0   7:59am    0    8  0.00   0   0  12:00am   N1021.0   52
21   71.8  83.1   3:30pm  60.8   7:12am    0    7  0.00   0   4   8:15am  NW1019.8   54
22   69.3  82.4   4:23pm  56.2   6:14am    2    6  0.00   0   2   7:52am NNW1019.4   64
23   71.7  84.5   4:57pm  58.3   7:30am    1    8  0.00   0   4   5:22am NNW1020.2   66
24   74.3  87.2   5:45pm  58.9   6:56am    1   10  0.00   0   0  12:00am   N1020.3   63
25   74.0  84.7   4:13pm  64.7   7:09am    0    9  0.00   0   0  12:00am   N1020.3   68
26   64.4  70.6  12:00am  56.8  11:56pm    2    1  0.34   0  12  10:46pm  NE1016.8   93
27   60.5  74.7   2:09pm  48.7   6:52am    5    1  0.01   2  27   4:58pm WNW1016.4   60
28   60.9  76.3   4:39pm  43.5   7:12am    6    2  0.00   1  12  11:08am ENE1023.1   42
29   66.0  80.3   3:05pm  53.1   6:44am    4    5  0.00   1  12   1:50pm ENE1026.5   63
30   67.4  74.6   3:13pm  63.2   5:09am    0    3  0.11   1   8   3:59pm ENE1022.7   82
---------------------------------------------------------------------------------------
TOT  66.8  87.2  4/24/04  38.2  4/15/04  182  111  1.21   1  29  4/14/04 ENE1021.6   63

HEAT BASE: 65.0
COOL BASE: 65.0