NOAA-Style Climate Reports


Report for 2004 March
                  MONTHLY CLIMATOLOGICAL SUMMARY FOR 3/2004
                                        HEAT  COOL        
     MEAN                               DEG   DEG       WIND SPEED       DOM MEAN  MEAN
DAY  TEMP  HIGH   TIME     LOW   TIME   DAYS  DAYS RAIN AVG  HI  TIME    DIR BAROM HUM
---------------------------------------------------------------------------------------
1    58.8  72.0   3:43pm  47.2   6:42am    8    1  0.00   0   9  11:53pm   E1024.8   68
2    65.1  77.4   3:55pm  57.2   5:16am    3    3  0.00   1  10  12:22am   S1024.1   77
3    65.6  77.9   3:03pm  58.1   7:07am    2    3  0.00   0   5   3:55am   N1025.2   84
4    66.9  76.7   1:06pm  58.4   7:30am    2    4  0.00   0   5   4:00am   N1023.3   79
5    68.1  75.2   3:10pm  61.2   7:11am    1    4  0.00   0   0  12:00am   N1019.7   82
6    65.9  72.5   4:03pm  58.0  10:23am    1    2  0.15   1  16   8:40am WSW1016.3   75
7    60.3  70.6   3:30pm  50.6   5:26am    6    1  0.00   2  46   7:57pm   W1017.5   57
8    64.1  70.1   3:30pm  45.4  11:59pm    2    1  0.00   3  46   8:00pm NNE1016.7   40
9    50.0  59.2   1:49pm  37.3   4:17am   15    0  0.02   3  34   9:30am NNW1016.2   50
10   46.6  57.1   3:19pm  34.9   7:16am   18    0  0.00   1  13  10:10am   N1022.3   66
11   50.2  65.7   4:46pm  32.6   6:32am   15    0  0.00   0   5   9:34am   N1023.6   56
12   56.3  65.3   5:00pm  45.3   6:55am    9    0  0.00   0  15   5:53pm NNE1020.7   40
13   56.0  67.0   4:50pm  41.0   6:47am    9    0  0.00   0  15  12:00am NNW1022.9   38
14   58.6  70.6   4:00pm  45.5   6:34am    7    1  0.00   0   9   8:16am   E1026.6   58
15   65.3  75.9   2:19pm  57.7   7:38am    2    3  0.00   0   9   7:31am ESE1020.4   69
16
17   63.0  72.2   4:00pm  48.7  11:58pm    3    1  0.01   1  17   7:30pm NNE1011.6   72
18   57.3  70.5   1:03pm  41.7   7:05am    9    1  0.01   1  17   9:30am   W1016.5   65
19   63.1  80.4   3:54pm  46.6   6:50am    6    4  0.00   0   3   4:52am   E1024.1   59
20   62.0  75.2   4:50pm  51.6   5:09am    5    2  0.19   1  14  11:22pm   S1026.3   62
21   56.5  62.2   2:12pm  40.4  11:54pm    9    0  0.05   4  28   5:07pm  NE1019.3   57
22   55.7  61.7   2:30pm  39.3  11:54pm    7    0  0.00   5  28   5:30pm   N1019.5   46
23   45.9  59.2   4:20pm  32.6   6:46am   19    0  0.00   2  19  12:00am ENE1029.0   42
24   53.2  70.1   4:07pm  36.0   6:33am   12    1  0.00   0   5  11:27pm  NW1032.7   47
25   60.9  75.6   4:33pm  44.8   7:07am    7    2  0.00   0   4  12:05am SSE1033.3   61
26   69.2  78.5   4:03pm  58.9  12:00am    0    2  0.00   0   2  12:00am   N1032.1   51
27   65.2  79.0   4:00pm  51.8   7:00am    4    4  0.00   0   5   7:30am  SW1029.1   68
28   68.9  83.0   4:48pm  53.1   6:12am    3    7  0.00   0   3   3:42am  SW1022.5   64
29   65.3  74.0   4:08pm  57.7   8:33am    2    2  0.00   0  13   6:39am   E1023.4   62
30   61.5  61.8  11:00pm  61.0  12:00am    0    0  0.00   0   2  12:00am   N1020.1   60
31   59.3  70.4   4:30pm  43.4  11:54pm    7    1  0.12   1  24   1:15pm  NW1017.0   72
---------------------------------------------------------------------------------------
TOT  59.4  70.4  3/31/04  43.4  3/31/04  193   51  0.54   1  24  3/31/04  NW1017.2   71

HEAT BASE: 65.0
COOL BASE: 65.0