NOAA-Style Climate Reports


Report for 2004 February
                  MONTHLY CLIMATOLOGICAL SUMMARY FOR 2/2004
                                        HEAT  COOL        
     MEAN                               DEG   DEG       WIND SPEED       DOM MEAN  MEAN
DAY  TEMP  HIGH   TIME     LOW   TIME   DAYS  DAYS RAIN AVG  HI  TIME    DIR BAROM HUM
---------------------------------------------------------------------------------------
1    41.1  53.1   2:47pm  32.4   4:28am   47    0  0.00   3  18  11:39am ENE1024.7   30
2    38.8  53.1   2:47pm  32.4   4:28am   52    0  0.01   3  19   5:30am  NE1025.1   40
3    42.7  53.9   3:17pm  35.2  11:58pm   22    0  0.00   2  22   2:35pm ENE1021.8   71
4    41.5  55.9   2:10pm  30.9   5:43am   24    0  0.00   2  13  10:29am ENE1027.0   66
5    40.3  41.8  12:03am  39.2   3:08am   25    0  0.00   5  18   6:26am  NE1027.4   82
6    46.4  55.4   7:44pm  38.5  12:35am   19    0  0.01   2  28  11:18pm ESE1014.9   84
7    36.8  44.2  12:00am  31.9   9:12pm   38    0  0.00   6  26  12:16am  SE1021.3   63
8    37.6  49.6   2:25pm  28.4   5:53am   55    0  0.00   4  26  12:16am ESE1026.7   49
9    41.0  51.3   4:03pm  33.7   2:38am   24    0  0.00   1   8  11:24am ESE1031.0   59
10   45.4  55.1   1:30pm  34.4   2:38am   20    0  0.00   1  18  10:50am ESE1024.0   78
11   48.2  53.9   2:56pm  42.8   7:19am   17    0  0.00   1   8   7:58am ESE1022.6   61
12   44.8  51.3   9:39am  44.1  10:18am    1    0  0.00   0   3  10:59am   N1026.9    0
13   50.8  55.0   2:22pm  44.1  10:18am    8    0  0.00   1   8   7:07pm  SW1021.3   68
14   46.4  48.9  12:05am  44.0   7:57am   19    0  0.51   2  10   7:34pm ENE1017.7   98
15   45.8  52.5  12:54pm  37.9  10:30pm   19    0  0.29   4  19   8:54pm   E1013.1   93
16   38.9  44.0   3:38pm  33.4   6:50am   26    0  0.00   3  18  10:01am   E1027.5   83
17   38.6  45.7   3:06pm  33.3   8:00am   26    0  0.00   4  16  12:17am NNW1029.6   64
18   46.2  60.1   5:17pm  34.3   6:36am   19    0  0.00   1  15   8:53pm  NW1026.5   59
19   51.5  66.2   2:55pm  36.2   7:49am   13    0  0.00   1  15   9:53am NNW1020.7   45
20   52.8  61.2   4:45pm  41.3   7:13am   12    0  0.00   3  16  11:44pm  SW1014.0   73
21   55.6  61.9   3:51pm  47.6  11:55pm    9    0  0.02   3  21   9:43am NNW1013.8   60
22   49.3  63.6   3:45pm  36.4   7:10am   16    0  0.01   1  13   1:35am NNW1020.1   58
23   46.9  54.3   2:26pm  37.6   5:30am   18    0  0.00   2  13   8:12pm   E1020.6   75
24   49.7  54.6   4:36pm  44.1   9:25am   16    0  0.15   1  11  10:11am   N1014.3   83
25   45.9  51.8  12:01am  39.1  11:55pm   19    0  0.23   5  24   8:00am   E1016.0   77
26   34.1  39.5  12:01am  32.2   7:04am   31    0  0.24   4  31   2:52am  NE1018.5   94
27   39.7  46.9   3:41pm  33.6   1:02am   26    0  0.26   1  12  11:09am   N1023.6   91
28   45.4  61.7   4:35pm  30.1   7:00am   19    0  0.01   1  12   9:49am   E1029.1   63
29   47.5  64.2   3:43pm  30.9   7:12am   18    0  0.00   0   5   8:13am  NW1028.9   58
---------------------------------------------------------------------------------------
TOT  43.8  66.2  2/19/04  28.4   2/8/04  655    0  1.74   2  31  2/26/04  NW1022.8   67

HEAT BASE: 65.0
COOL BASE: 65.0