NOAA-Style Climate Reports


Report for 2004 January
                  MONTHLY CLIMATOLOGICAL SUMMARY FOR 1/2004
                                        HEAT  COOL        
     MEAN                               DEG   DEG       WIND SPEED       DOM MEAN  MEAN
DAY  TEMP  HIGH   TIME     LOW   TIME   DAYS  DAYS RAIN AVG  HI  TIME    DIR BAROM HUM
---------------------------------------------------------------------------------------
1    50.6  72.1   2:32pm  34.3   2:11am   17    1  0.00   0   8   3:12pm WSW1029.1   52
2    54.3  66.9  12:42pm  42.9   6:58am   11    0  0.00   1  11  11:59am  SW1025.4   66
3    61.2  69.6   1:59pm  49.9   6:58am    4    1  0.00   1  14  11:46am  SW1022.6   83
4    64.0  71.5   2:47pm  57.3   2:45am    2    1  0.00   2  19   1:53pm  SW1019.2   78
5    60.2  70.8  12:08pm  39.3  11:59pm    6    1  0.48   5  35   1:19pm  SW1016.2   84
6    38.3  46.7   1:33pm  28.1  11:52pm   26    0  0.00   6  21   7:46pm   N1028.4   60
7    26.4  41.5   3:11pm   0.0   4:00am   51    0  0.00   1  14  12:00am NNW1034.6   31
8    35.0  46.2  12:01pm  24.5   7:40am   30    0  0.00   1  12   3:35pm  SW1029.1   44
9    37.7  41.1   3:08pm  34.4   3:41am   27    0  0.01   1  10   4:39pm NNW1021.4   84
10   36.8  39.5  12:22pm  30.0  11:53pm   28    0  0.00   1   6  12:00am  NW1026.9   77
11   36.6  50.4   3:49pm  30.0  12:00am   28    0  0.00   1  13   3:54pm SSW1031.2   68
12   45.0  60.2   3:46pm  32.8   5:17am   20    0  0.01   3  25   1:17pm WNW1027.6   52
13   51.6  63.4   3:37pm  43.6   2:42am   13    0  0.00   2  16   7:49am  NW1024.0   50
14   51.3  62.7   3:39pm  39.2   4:34am   14    0  0.00   2  22   2:57pm   W1018.2   60
15   50.9  59.2   2:59pm  38.9  11:55pm   14    0  0.00   5  21   8:38am NNW1014.6   52
16   43.8  58.9   4:10pm  33.8   3:36am   21    0  0.00   1   8  11:26am  SW1021.2   46
17   42.9  52.2  12:37pm  34.4   2:45am   22    0  0.07   1   7   2:41pm ENE1019.4   68
18   50.8  62.1   1:22pm  44.8  12:00am   15    0  0.00   4  25  11:25am  NW1006.1   79
19   42.1  49.8   2:39pm  30.0  11:49pm   23    0  0.00   3  14   2:31pm NNW1012.1   37
20   35.2  48.0   3:17pm  28.8   1:58am   30    0  0.00   1  10   1:09am NNW1021.5   53
21   38.5  50.1   4:33pm  30.4   9:05am   26    0  0.00   1  13   9:39pm  NW1023.4   54
22   44.4  55.1   2:38pm  37.0   3:20am   21    0  0.00   3  22   2:49pm  NW1020.2   43
23   40.6  51.7   2:59pm  31.8   8:50am   24    0  0.00   3  18   9:46am  NW1021.1   32
24   49.4  64.8   3:12pm  36.6   5:03am   16    0  0.00   3  24   2:08pm WSW1016.3   52
25   32.1  51.6   4:06am   0.0  12:30pm   32    0  0.00   1  14   7:58am   E1017.1   60
26   33.2  36.3   9:20pm  31.0   1:34am   31    0  0.80   2  13   8:42pm NNE1017.4   86
27   36.7  45.7   2:20pm  30.4  10:41pm   28    0  0.12   2  38   2:16pm NNE1015.3   75
28   34.9  45.1   3:08pm  26.0   7:49am   30    0  0.00   0   0  12:00am   N1023.6   45
29   40.0  51.9   2:24pm  27.2   5:56am   25    0  0.00   1  16   2:12pm   N1021.3   37
30   45.1  54.5   1:06pm  37.6  11:56pm   20    0  0.00   4  24   9:57am ENE1013.7   42
31   39.1  50.2   3:49pm  31.9   9:27am   26    0  0.00   2  14  12:48am ENE1019.0   44
---------------------------------------------------------------------------------------
TOT  39.4  64.8  1/24/04   0.0  1/25/04  683    4  1.49   2  38  1/27/04 ENE1018.6   51

HEAT BASE: 65.0
COOL BASE: 65.0