NOAA-Style Climate Reports


Report for 2003 December
                  MONTHLY CLIMATOLOGICAL SUMMARY FOR 12/2003
                                        HEAT  COOL        
     MEAN                               DEG   DEG       WIND SPEED       DOM MEAN  MEAN
DAY  TEMP  HIGH   TIME     LOW   TIME   DAYS  DAYS RAIN AVG  HI  TIME    DIR BAROM HUM
---------------------------------------------------------------------------------------
1    52.6  70.4   3:13pm  40.6   2:05am   13    0  0.00   4  21   4:35pm  NW1025.3   38
2    47.4  64.2   3:08pm  35.6   5:25am   18    0  0.00   1  17   1:36am NNW1029.5   38
3    42.0  46.7  11:56am  36.9   2:34am   23    0  0.00   1  17  11:15am ENE1030.8   46
4    37.8  42.1  12:00am  34.4   6:55am   27    0  0.01   2  14  11:43am  NE1025.4   79
5    40.6  42.8  12:36pm  37.8  12:07am   24    0  0.00   1   7  12:52am   W1016.9   86
6    42.8  64.5   7:38am  43.5   7:56am   22    0  0.00   1   7  11:28am   W1015.0   86
7    42.8  58.3   9:32am  42.8  12:00am   22    0  0.55   1  12   9:12am   W1015.0   86
8    42.8  44.8   7:52am  42.8  12:00am   22    0  0.00   1   1  12:00am   W1015.0   86
9
10   49.3  60.1  10:51am  41.8   7:18pm    9    0  0.88   5  32  11:17am NNW1004.8   82
11   40.7  48.6   3:17pm  35.5  11:55pm   24    0  0.00   4  20  10:50am NNW1014.2   69
12   41.1  55.4   2:27pm  32.2   4:32am   24    0  0.00   1  10  12:00am NNW1021.3   65
13   39.7  45.4  12:01pm  35.0   2:23am   25    0  0.11   3  20  11:06am ESE1022.5   71
14   39.4  44.2   4:16pm  36.3   5:28am   26    0  0.00   2  17   5:00pm ESE1015.4   86
15   43.0  59.2   2:49pm  34.0   4:42am   22    0  0.00   1  10   2:38am  NW1021.5   72
16   45.9  57.8   2:32pm  33.4   5:08am   17    0  0.00   0  12   1:47pm SSW1020.3   63
17   42.2  54.8  12:46am  35.3  11:58pm   23    0  0.12   5  30  11:28am  NW1015.1   60
18   41.7  54.4   2:33pm  32.2   6:01am   22    0  0.00   5  28  10:25pm WSW1016.1   58
19   40.1  49.2   3:13pm  33.5  11:56pm   25    0  0.00   6  32  10:10pm WNW1018.0   55
20   34.9  44.2   3:33pm  28.8  11:46pm   30    0  0.00   3  18  12:00am  NW1026.2   45
21   35.8  51.4   3:05pm  26.3   8:51am   29    0  0.00   1  10   1:26pm  SW1032.8   48
22   41.5  58.9   2:32pm  30.0   8:51am   23    0  0.00   1  12   3:19pm  SW1028.5   60
23   48.7  64.3   4:08pm  34.1  12:19am   16    0  0.23   1  14  10:08pm  SW1018.6   76
24   45.7  54.7  12:00am  32.5  11:59pm   26    0  0.00   3  21  11:03am  NW1015.1   70
25   36.9  46.6   4:00pm  31.1   1:30am   28    0  0.00   1  17  10:30am  NW1023.3   36
26   33.6  57.5   3:22pm   0.0   4:30am   53    0  0.00   0   6  11:38am ENE1027.9   38
27   43.5  65.2   3:26pm  31.5   1:40am   22    0  0.00   0   6  11:50am  SW1026.7   60
28   45.8  65.5   1:50pm  33.5   3:21am   19    0  0.00   0   7  12:26pm WNW1026.8   55
29   50.3  62.1   9:17pm  37.8   4:19am   15    0  0.00   1  14   9:16pm ENE1022.3   64
30   49.2  59.3  12:00am  35.0  11:58pm   16    0  0.00   3  31   2:15am NNW1023.4   60
31   32.6  35.5  12:00am  32.1   2:51am   12    0  0.00   0   3   2:22am   N1029.5   82
---------------------------------------------------------------------------------------
TOT  42.8  65.5 12/28/03   0.0 12/26/03  678    0  1.90   1  31 12/30/03 NNW1024.8   55

HEAT BASE: 65.0
COOL BASE: 65.0