NOAA-Style Climate Reports


Report for 2003 November
                  MONTHLY CLIMATOLOGICAL SUMMARY FOR 11/2003
                                        HEAT  COOL        
     MEAN                               DEG   DEG       WIND SPEED       DOM MEAN  MEAN
DAY  TEMP  HIGH   TIME     LOW   TIME   DAYS  DAYS RAIN AVG  HI  TIME    DIR BAROM HUM
---------------------------------------------------------------------------------------
1    65.8  82.8   3:34pm  49.8   7:04am    6    7  0.00   0   7  10:57am  NE1025.3   68
2    64.5  83.0   3:07pm  51.1   6:00am   10    9  0.00   0   7   1:21pm  NE1023.7   70
3    64.5  82.8   3:34pm  49.8   7:04am   10    9  0.01   1  16  12:22pm ENE1023.5   70
4    69.8  77.0   3:08pm  63.5   7:09am    0    5  0.00   0   6  12:00am ENE1019.5   80
5    73.8  80.7   4:08pm  70.8   6:32am    0    9  0.71   1  13   9:52am  SW1019.1   81
6    73.6  82.0   2:33pm  69.1  11:18pm    0    9  0.00   2  14  11:23am  SW1018.0   80
7    70.5  80.9   2:38pm  62.7  11:54pm    0    6  0.00   1  16  10:17am NNW1019.3   76
8    59.6  62.9   6:31am  56.0   6:54pm    5    0  0.01   2  17   8:44am ENE1025.2   80
9    55.0  60.4   2:25pm  45.7  11:53pm   10    0  0.00   2  17   9:29am ENE1031.9   68
10   49.4  61.3   3:43pm  40.3   7:06am   16    0  0.00   1  13   9:53am NNE1031.1   57
11   56.2  73.0   4:01pm  42.8   4:53am   10    1  0.00   1  12   1:05pm  SW1025.6   69
12   66.8  79.6   3:21pm  53.6   4:53am    3    5  0.00   2  20   1:54pm  SW1019.1   70
13   55.8  68.6   1:30am  41.5  11:52pm   10    0  0.00   8  36  10:21am  NW1021.6   36
14   47.0  61.0   3:26pm  35.2   6:06am   18    0  0.00   1  13   1:56am  SW1025.3   39
15   52.8  69.1   3:26pm  40.3   4:55am   13    0  0.00   1  11  11:05am  SW1022.7   50
16   57.1  72.3   2:47pm  43.3   4:31am    9    1  0.00   0  10   1:33pm  SW1022.8   76
17   65.4  74.4   2:30pm  59.5  12:00am    2    2  0.00   0   6  10:34am  NE1022.0   84
18   67.3  76.5   3:03pm  59.6   3:44am    2    4  0.78   1  21   1:31pm SSW1015.8   80
19   60.8  69.9   2:38am  51.0  11:55pm    3    0  0.00   6  26   3:49am  NW1008.2   69
20   56.2  71.4   4:30pm  47.4   4:35am    9    1  0.00   1  14  11:26am   W1017.4   56
21   55.9  74.9   2:48pm  42.1   7:38am   11    2  0.00   0  10  12:41pm  SW1020.6   65
22   56.5  73.7   2:40pm  42.8   7:33am   10    2  0.00   0  12   3:10pm  SW1020.9   71
23   57.8  72.1   3:02pm  43.5   7:13am    8    1  0.00   0  14  12:27pm  SW1020.2   74
24   53.3  62.6  10:30am  36.6   3:09am   12    0  0.18   3  26   2:29pm  NW1015.8   75
25   42.6  56.7   2:37pm  30.4   7:27am   22    0  0.00   2  13  12:00am  NW1020.2   56
26   47.7  63.1   3:24pm  35.8  12:00am   17    0  0.00   0   8  12:51pm NNW1021.9   67
27   56.6  60.4  12:00am  55.1   6:30pm    3    0  0.01   0  14   6:00pm  NW1019.0   87
28   53.8  65.3   9:00am  37.9  12:00am   11    0  0.00   5  33   3:30pm  NW1013.9   70
29   37.7  43.4   3:30pm  29.7   7:30am   27    0  0.00   2  24   2:30pm  NW1025.8   38
30   44.7  61.1   3:30pm  31.7   4:00am   20    0  0.00   2  17  11:30am WSW1025.8   34
---------------------------------------------------------------------------------------
TOT  46.6  65.3 11/28/03  29.7 11/29/03  277   72  1.70   3  33 11/28/03  NW1021.5   52

HEAT BASE: 65.0
COOL BASE: 65.0