NOAA-Style Climate Reports


Report for 2003 October
                  MONTHLY CLIMATOLOGICAL SUMMARY FOR 10/2003
                                        HEAT  COOL        
     MEAN                               DEG   DEG       WIND SPEED       DOM MEAN  MEAN
DAY  TEMP  HIGH   TIME     LOW   TIME   DAYS  DAYS RAIN AVG  HI  TIME    DIR BAROM HUM
---------------------------------------------------------------------------------------
1    61.6  75.8   4:22pm  50.8   4:45am    6    2  0.00   1  16   8:14pm  NW1021.8   69
2    58.4  70.9   3:02pm  48.2   5:27am    7    1  0.00   1  13   9:41am NNW1020.3   69
3    56.0  68.4   4:30pm  45.2   7:51am    9    0  0.00   1  13  10:09am ENE1021.6   60
4    62.6  78.1   4:01pm  48.8   7:41am    6    3  0.00   1  16   1:51pm WSW1016.9   68
5    66.1  80.1   3:26pm  54.4   7:30am    3    4  0.00   0   8   1:08pm WSW1017.3   69
6    67.0  74.4   4:58pm  61.5   7:33am    1    3  0.00   0   7  11:58pm NNW1017.8   78
7    66.7  70.6  12:58pm  64.7  11:22pm    0    2  0.05   0  10   3:03pm ENE1019.4   89
8    66.2  73.0   3:08pm  64.2   3:40am    0    1  0.00   1  12   4:42pm  NE1020.5   88
9    68.0  72.8  12:06pm  65.5   5:00am    0    3  0.00   1  12  12:27pm  NE1018.5   85
10   67.3  75.4   1:50pm  63.9   8:46pm    0    2  0.00   2  13   5:18pm ENE1016.3   81
11   64.3  65.6   6:05pm  62.7   5:03am    1    0  0.00   1  12   1:18pm   E1017.1   89
12   68.8  80.1   4:06pm  63.4  12:00am    0    4  0.00   0   8  12:36pm NNW1016.5   78
13   69.1  81.8   3:03pm  58.1  12:02am    2    6  0.00   0  10   2:50pm  SW1014.9   75
14   69.4  79.0   4:09pm  56.9  11:57pm    1    5  0.00   3  30   8:08pm  SW1008.6   79
15   59.2  72.7   3:21pm  48.0   7:34am    7    1  0.00   3  18  12:25am  NW1016.4   55
16   57.4  74.9   4:30pm  43.3   7:16am    9    2  0.00   0  11   1:40pm  SW1022.4   65
17   56.5  71.3   1:35pm  46.4   6:26am    9    1  0.00   0  12   4:14pm  NW1019.9   83
18   58.6  72.0   3:34pm  47.4   7:36am    7    1  0.01   1  10  10:25am NNW1018.3   75
19   61.2  77.2   5:24pm  48.0   8:01am    6    3  0.01   0  11   3:35pm  SW1018.9   71
20   63.6  80.1   4:29pm  51.3   6:35am    5    4  0.00   1  11   3:40pm ENE1021.0   71
21   68.0  82.8   4:01pm  53.8   6:35am    4    7  0.00   2  21   3:18pm WSW1014.3   67
22   71.5  79.2   3:54pm  58.0   8:03am    0    3  0.00   4  20   2:20pm  NW1006.9   39
23   62.2  75.8   4:18pm  51.0   6:41am    5    2  0.00   2  17   3:32pm  NW1010.0   54
24   59.5  72.5   2:58pm  48.0   8:04am    7    1  0.00   1  13  10:39am ENE1019.3   65
25   61.4  74.6   4:09pm  52.0   5:15am    5    2  0.00   2  10   8:55am ENE1026.5   70
26   64.1  68.9   2:22pm  59.8   3:03am    2    1  0.00   1  11  11:01pm ENE1020.4   86
27   61.8  67.9   9:44am  51.0  11:55pm    3    0  0.00   2  17   1:06pm   W1011.4   83
28   52.9  56.7   1:30pm  48.5   2:37am   12    0  0.00   0   6  12:10pm ENE1010.0   85
29   58.5  71.8   3:29pm  49.8   7:02am    8    1  0.00   1  17   1:05pm  NW1013.4   68
30   60.8  79.0   2:40pm  45.8   6:40am    7    3  0.00   0  10   3:27pm   E1023.2   69
31   62.3  79.0   3:20pm  49.4   6:43am    6    3  0.00   0   7  12:00pm  NW1026.7   72
---------------------------------------------------------------------------------------
TOT  60.9  79.2 10/22/03  45.8 10/30/03  138   70  0.07   1  20 10/22/03  NW1017.4   71

HEAT BASE: 65.0
COOL BASE: 65.0