NOAA-Style Climate Reports


Report for 2003 September
                  MONTHLY CLIMATOLOGICAL SUMMARY FOR 9/2003
                                        HEAT  COOL        
     MEAN                               DEG   DEG       WIND SPEED       DOM MEAN  MEAN
DAY  TEMP  HIGH   TIME     LOW   TIME   DAYS  DAYS RAIN AVG  HI  TIME    DIR BAROM HUM
---------------------------------------------------------------------------------------
1    79.5  90.5   3:31pm  73.2   6:35am    0   15  0.00   0  10   2:14pm   E1021.9   77
2    77.5  87.0   3:45pm  72.7   4:50am    0   12  0.00   0  10   4:11pm   E1019.8   85
3    79.0  89.3   5:09pm  74.0   4:00am    0   14  0.00   1  11   4:13pm  SW1017.0   60
4    79.8  88.4   5:11pm  75.1   3:26am    0   15  0.00   1  14   2:35pm  SW1012.6   80
5    77.0  85.3   2:38pm  72.1   4:34am    0   11  0.00   2  16  11:42am  SE1013.6   78
6    72.3  79.8   2:26pm  65.8  11:53pm    0    7  0.00   2  18  11:20am ENE1016.8   76
7    71.2  84.0   4:19pm  63.5   4:17am    0    6  0.00   1  17  11:04am ENE1016.4   68
8    71.9  83.0   4:16pm  62.9   4:17am    0    7  0.00   1  11  11:08am NNW1016.5   73
9    72.4  83.4   3:00pm  63.7   6:47am    0    7  0.00   1  12   2:41pm ENE1019.2   74
10   71.8  82.0   4:11pm  65.2   5:46am    0    7  0.00   2  12   8:59am   E1021.4   72
11   69.3  81.6   4:23pm  60.2   6:45am    1    5  0.00   1  13  11:37am  SE1020.7   70
12   71.6  84.0   3:27pm  61.3   7:30am    0    7  0.00   1  16   9:23am ENE1017.9   62
13   72.5  85.9   4:03pm  60.7   7:07am    1    8  0.00   0  12   3:14pm  SW1018.6   72
14   75.3  87.0   1:56pm  64.8   7:19am    0   10  0.00   1  12   1:20pm  SW1019.3   75
15   76.6  86.7   3:27pm  69.6   7:11am    0   11  0.00   1  12   2:14pm  NW1017.0   73
16   73.6  84.1   3:11pm  66.6   2:34am    0    9  0.00   3  21  11:37am ENE1018.3   65
17   71.3  83.2   3:47pm  61.8   7:28am    0    7  0.00   2  19   4:00pm  NE1019.8   57
18   71.5  85.1   4:10pm  58.1   5:21am    1    8  0.00   3  19   6:01pm NNW1014.3   60
19   73.0  86.7   3:41pm  61.8   7:43am    0    8  0.00   3  18  11:32am   N1014.7   64
20   74.5  89.3   3:47pm  62.4   7:43am    0   10  0.00   0   8   1:42pm ENE1019.7   67
21   73.9  87.4   1:12pm  62.4   7:09am    0    9  0.00   1  13  12:43pm   E1021.0   70
22   74.4  78.8   2:18pm  69.3  11:57pm    0    9  1.10   1  17   7:21pm  SW1015.4   87
23   70.9  82.8   3:53pm  61.5  12:33am    0    6  0.02   2  18   2:23pm NNW1015.4   70
24   68.6  82.2   2:59pm  57.8   6:09am    2    5  0.00   0  12  10:12am   E1018.5   75
25   70.8  83.0   3:11pm  60.7   7:14am    1    6  0.00   1  10  12:30pm  NW 996.9   75
26   72.0  84.9   3:09pm  61.0   7:31am    1    8  0.00   0  10   2:33pm   E1014.5   72
27   72.8  84.7   2:28pm  65.5   7:39am    0    8  0.27   1  18   8:07pm  SW1011.7   78
28   66.8  75.4   2:40pm  58.0  11:44pm    1    3  0.00   4  24   3:44pm  NW1012.4   63
29   58.7  70.1   5:02pm  47.1   7:28am    7    1  0.00   1  19  12:00am NNW1020.8   58
30   59.3  73.2   3:22pm  46.8   7:49am    7    1  0.00   1  12  10:52am ENE1025.2   64
---------------------------------------------------------------------------------------
TOT  72.3  90.5   9/1/03  46.8  9/30/03   24  243  1.39   1  21  9/16/03 NNW1016.9   71

HEAT BASE: 65.0
COOL BASE: 65.0