NOAA-Style Climate Reports


Report for 2003 August
                  MONTHLY CLIMATOLOGICAL SUMMARY FOR 8/2003
                                        HEAT  COOL        
     MEAN                               DEG   DEG       WIND SPEED       DOM MEAN  MEAN
DAY  TEMP  HIGH   TIME     LOW   TIME   DAYS  DAYS RAIN AVG  HI  TIME    DIR BAROM HUM
---------------------------------------------------------------------------------------
1    76.9  87.0   3:30pm  71.6   1:44am    0   12  0.01   1  12   4:57pm WSW1017.5   81
2    76.2  85.7   4:35pm  72.0   3:51am    0   11  0.00   1  11   3:25pm  SW1017.3   86
3    75.6  83.4  12:09pm  70.9   1:35pm    0   11  0.54   1  25   1:23pm  SW1016.7   87
4    76.1  84.5   4:26pm  68.6   4:36am    0   11  0.00   1  21  11:28pm  SW1015.5   85
5    77.7  87.8   4:37pm  68.6  12:34am    0   13  0.02   2  18  12:00am WSW1012.6   82
6    76.1  86.1   3:00pm  72.7   5:10pm    0   11  0.00   2  30   4:35pm   W1011.5   88
7    75.9  85.9   4:22pm  69.4   6:42am    0   11  0.48   2  16   1:09pm  SW1010.4   84
8    75.2  85.1   5:06pm  70.1  12:57am    0   10  0.00   1  11   3:27pm  SW1010.8   83
9    76.4  88.6   4:29pm  69.9   5:28am    0   11  0.00   1  17   7:03pm NNW1012.2   81
10   76.1  87.8   3:52pm  69.9   5:28am    0   11  0.01   1  28   4:44pm ENE1013.3   81
11   74.0  87.2   3:53pm   0.0  11:54am    1   10  0.04   0  13  11:10pm  SW 992.7   81
12   74.4  83.8   3:38pm  68.9   4:58am    0    9  0.00   0  12   5:49pm ENE1017.4   86
13   77.5  87.4   3:57pm  72.0   5:46am    0   12  0.00   1  10   2:05pm ENE1023.8   85
14   81.7  92.1   4:04pm  73.7   6:31am    0   17  0.00   1  12   1:37pm  NW1025.8   76
15   81.6  91.2   3:27pm  74.2   6:29am    0   17  0.00   1  12   2:33am  SE1022.9   76
16   76.5  87.8  12:32pm  70.8  11:24pm    0   11  0.21   1  20   4:32pm  SW1016.5   86
17   79.1  89.5   3:59pm  70.9  12:00am    0   14  0.01   1  12   1:40pm  SW1014.0   80
18   80.2  91.4   2:46pm  72.1   5:44am    0   15  0.00   1  11   3:43pm   N1015.6   79
19   80.6  89.3   1:25pm  74.0   7:05am    0   15  0.00   1  10   1:00pm ENE1018.5   82
20   79.9  90.1   3:34pm  75.3   5:07am    0   14  0.00   1  12   4:22pm  SE1020.1   82
21   81.0  90.1   4:02pm  75.1   5:00am    0   15  0.00   0  10   4:27pm   E1019.0   77
22   79.8  89.5   4:45pm  72.7   6:35am    0   15  0.00   0  12   2:41pm  SW1016.8   79
23   81.1  92.3   4:04pm  73.7   5:31am    0   16  0.00   1  11  10:21am  SW1015.1   78
24   78.5  84.7   3:50pm  74.4   6:53am    0   13  0.00   1  12   9:56am ENE1017.3   84
25   79.7  88.8   3:46pm  75.3   7:20am    0   14  0.00   1   7   1:31pm ENE1019.2   80
26   81.2  92.5   2:52pm  72.5   6:52am    0   16  0.00   1  11   2:17pm  SW1017.7   77
27   82.2  93.8   3:48pm  73.7   6:26am    0   17  0.00   1  13   2:19pm  SW1016.9   74
28   81.5  95.6   4:39pm  74.4   7:14am    0   16  0.00   1  18   7:39pm  SW1018.6   74
29   80.4  92.3   5:02pm  73.2   7:14am    0   15  0.00   1  13   5:22pm  SW1020.1   76
30   79.4  88.6   2:33pm  72.8   7:16am    0   14  0.19   1  10   8:03pm  SW1021.6   80
31   80.7  91.6   3:35pm  74.0   6:45am    0   15  0.00   1  13   2:50pm  SW1021.9   79
---------------------------------------------------------------------------------------
TOT  78.5  95.6  8/28/03   0.0  8/11/03    1  415  1.51   1  28   8/6/03 ENE1016.4   81

HEAT BASE: 65.0
COOL BASE: 65.0