NOAA-Style Climate Reports


Report for 2003 July
                  MONTHLY CLIMATOLOGICAL SUMMARY FOR 7/2003
                                        HEAT  COOL        
     MEAN                               DEG   DEG       WIND SPEED       DOM MEAN  MEAN
DAY  TEMP  HIGH   TIME     LOW   TIME   DAYS  DAYS RAIN AVG  HI  TIME    DIR BAROM HUM
---------------------------------------------------------------------------------------
1    70.3  72.7   7:30pm  68.8   6:27am    0    5  0.00   2  18   2:00pm  SW1016.8   92
2    74.6  81.1   6:07pm  69.6   2:00am    0    8  0.03   4  20   2:50pm  SW1011.0   80
3    78.2  90.3   5:28pm  67.6   1:34am    0   13  0.00   1  10   1:21pm WSW1013.2   72
4    77.8  88.0  12:25pm  71.3   6:26am    0   13  0.00   0  19   2:49pm  SW1017.0   81
5    76.3  86.1   4:41pm  72.3  11:08pm    0   11  0.35   2  16   3:33pm  SW1019.9   85
6    77.6  88.2   3:46pm  71.8   6:00am    0   13  0.02   1  14  12:34pm   W1019.4   82
7    78.7  87.6   3:15pm  71.8   6:20am    0   14  0.00   1  13   2:12pm  SW1020.2   82
8    81.7  91.0   3:08pm  73.9   6:30am    0   17  0.00   2  14   2:45pm  NW1020.9   76
9    82.5  90.7   4:41pm  74.9   6:16am    0   18  0.00   3  19   4:56pm WSW1018.4   72
10   78.0  87.2  11:39am  71.6  11:57pm    0   12  0.00   2  25  11:46am  SW1015.9   84
11   77.1  85.7   5:15pm  70.6   6:20am    0   12  0.05   3  18  12:30pm  SW1015.9   82
12   79.7  89.5   5:28pm  70.8   5:55am    0   15  0.00   1  12   2:28pm  SW1017.6   73
13   77.3  88.8   3:35pm  69.9   9:09pm    0   12  0.48   1  14   5:58pm  SW1018.0   76
14   74.5  85.7   4:01pm  68.6   4:02am    0    9  0.00   0   8   4:11pm   E1019.6   84
15   78.6  87.8   4:29pm  72.1   5:23am    0   14  0.00   1  12   3:35pm  SW1019.4   81
16   79.9  90.1   3:31pm  73.7   6:11am    0   15  0.00   2  16  10:46am  NW1018.9   78
17   80.4  91.0   4:32pm  72.5   6:25am    0   15  0.00   1  10   3:58pm  NW1018.6   78
18   78.6  90.1   4:04pm  72.5   6:50am    0   14  0.00   1  13   5:10pm  SW1018.0   81
19   79.5  91.2   3:44pm  71.8   4:25am    0   15  0.00   2  14   1:18pm  SW1015.7   78
20   79.6  91.0   4:14pm  72.8   6:11am    0   15  0.00   1  14  11:54pm  SW1015.9   81
21   78.3  90.3   2:11pm  71.8   6:22am    0   13  0.00   1  19   7:20pm  SW1013.9   79
22   73.3  83.8   1:48pm  70.4   3:09pm    0    8  0.27   2  25   2:26pm  SW1012.9   88
23   72.7  81.8   3:33pm  69.1  11:35pm    0    8  0.00   2  13  10:51am  SW1013.6   87
24   75.0  86.1   5:35pm  64.7   7:23am    0   10  0.00   1  12   1:10pm  NW1017.7   69
25   76.3  87.6   3:59pm  65.2   6:35am    0   11  0.00   1  12   3:33pm ENE1022.0   75
26
27   79.5  89.9   3:41pm  73.0   6:13am    0   14  0.00   1  11   1:08pm NNW1021.2   78
28   81.6  91.2   4:32pm  73.2   6:41am    0   16  0.00   2  14   3:33pm  SW1015.8   72
29   81.6  91.2   5:39pm  74.2   6:40am    0   17  0.00   2  16   1:23pm WSW1012.8   73
30   77.5  83.0   5:18pm  72.8   6:21am    0   13  0.00   0   8   7:21am ENE1016.2   83
31   76.8  88.4   4:31pm  71.1   7:05pm    0   12  0.00   1  24   6:01pm   W1018.0   84
---------------------------------------------------------------------------------------
TOT  77.8  91.2  7/19/03  64.7  7/24/03    0  380  1.20   1  25  7/10/03   E1017.4   80

HEAT BASE: 65.0
COOL BASE: 65.0