NOAA-Style Climate Reports


Report for 2003 June
                  MONTHLY CLIMATOLOGICAL SUMMARY FOR 6/2003
                                        HEAT  COOL        
     MEAN                               DEG   DEG       WIND SPEED       DOM MEAN  MEAN
DAY  TEMP  HIGH   TIME     LOW   TIME   DAYS  DAYS RAIN AVG  HI  TIME    DIR BAROM HUM
---------------------------------------------------------------------------------------
1    70.2  81.1   5:23pm  60.4  12:00am    1    6  0.00   3  14   4:29pm  NW1011.1   56
2    68.4  82.2   4:57pm  55.1   5:41am    2    6  0.00   1  12   9:26am   E1015.0   62
3    71.4  78.8   5:25pm  66.4   6:42am    0    6  0.00   1  18  10:16am  SW1011.8   87
4    75.5  83.8   3:18pm  68.1  11:57pm    0   11  0.08   3  17   1:20pm WSW1010.1   75
5    71.0  83.6   4:43pm  59.3   6:46am    1    7  0.02   2  14  12:01am  NW1014.6   60
6     0.0  82.4  12:04pm  82.4  12:04pm    0    0  0.00   0   7  12:04pm ---   0.0    0
7
8
9    80.9  85.5   4:01pm  66.6   6:22am    0    8  0.00   3  17  11:54am  NW1015.1   55
10   76.4  88.6   5:01pm  62.6   6:25am    0   12  0.00   1  12  12:48pm WSW1017.2   66
11    0.0  75.1   4:05pm  75.1   4:05pm    0    0  0.00   0   6   4:05pm ---   0.0    0
12   75.8  85.7   3:01pm  69.8   6:33am    0    3  0.00   1  14   2:24pm  SW1014.0   89
13   73.1  84.5   4:38pm  68.9   7:15pm    0    8  0.00   1  30   5:14pm  SW1015.6   88
14   72.5  81.8   3:12pm  69.1   6:22am    0    7  0.00   1  12   3:37pm  SW1016.9   91
15   76.7  87.0   5:29pm  68.8   6:00am    0   12  0.00   2  13   4:00pm WSW1016.3   82
16   77.9  88.8  12:29pm  70.3   2:41pm    0   12  0.48   1  14   2:31pm WSW1016.8   83
17   76.2  84.3   4:15pm  72.5   6:32am    0   11  0.00   1  10  12:14pm   E1017.5   85
18   75.3  80.1   5:54pm  72.5   1:51pm    0   10  0.00   1  12   1:13pm  SW1014.3   88
19    0.0  81.2  11:13am  81.2  11:13am    0    0  0.00   0   3  11:13am ---   0.0    0
20   81.9  87.4   4:31pm  70.1   6:22am    0    9  0.00   3  16   4:51pm  NW1011.6   54
21   72.3  84.1   5:26pm  61.3   6:30am    1    8  0.00   1  13   2:04pm  NW1014.3   59
22   72.8  84.3   5:14pm  62.0   6:30am    0    8  0.00   1  11  10:25am ENE1015.0   61
23   75.6  88.2   3:29pm  62.6   6:03am    0   11  0.00   0  11   2:20pm  SW1016.1   67
24   77.9  90.1   3:43pm  67.1   6:31am    0   13  0.00   0   8   2:23pm NNW1018.8   68
25   79.4  91.0   3:52pm  68.4   6:20am    0   14  0.00   0   7   2:33pm   N1020.2   68
26   78.7  88.6   4:57pm  68.4   6:19am    0   14  0.00   1  11   4:14pm  SW1018.1   70
27   77.5  88.4   3:37pm  69.4   4:41am    0   13  0.00   1  11  10:53pm  SW1015.6   73
28   73.1  80.1   4:41pm  68.6   7:43am    0    8  0.00   1  12   5:31am WSW1017.9   85
29   75.3  84.9   4:05pm  69.4   4:59am    0   10  0.00   1  11   9:44pm  SW1021.8   84
30   75.7  86.3   2:24pm  69.9   3:44am    0   11  0.08   1  19   7:21pm  SW1023.3   84
---------------------------------------------------------------------------------------
TOT  75.1  91.0  6/25/03  55.1   6/2/03    5  237  0.66   1  27  6/13/03  SW1016.0   74

HEAT BASE: 65.0
COOL BASE: 65.0